{"id":14856,"date":"2026-05-05T18:36:52","date_gmt":"2026-05-05T16:36:52","guid":{"rendered":"https:\/\/www.edesia.al\/?post_type=product&#038;p=14856"},"modified":"2026-05-05T18:36:52","modified_gmt":"2026-05-05T16:36:52","slug":"caj-jeshil-kinez-bio","status":"publish","type":"product","link":"https:\/\/www.edesia.al\/?product=caj-jeshil-kinez-bio","title":{"rendered":"Caj Jeshil Kinez Bio me Bustina \u2013 Green Tea Organik"},"content":{"rendered":"<p>\u00c7aj Jeshil Kinez Bio (Bustina)<\/p>\n<p data-start=\"545\" data-end=\"792\"><strong data-start=\"545\" data-end=\"792\">Caj jeshil kinez bio \u00ebsht\u00eb nj\u00eb \u00e7aj klasik dhe i rafinuar, i p\u00ebrgatitur nga gjethet m\u00eb cil\u00ebsore t\u00eb \u00e7ajit jeshil nga Kina. Ky caj jeshil kinez bio ofron nj\u00eb shije t\u00eb fresk\u00ebt, pak barishtore dhe nj\u00eb eksperienc\u00eb autentike p\u00ebr dashamir\u00ebsit e \u00e7ajit.<\/strong><\/p>\n<p data-start=\"794\" data-end=\"1042\">Procesi tradicional i p\u00ebrpunimit, p\u00ebrmes pjekjes ose avullimit n\u00eb tigan, i jep k\u00ebtij \u00e7aji karakterin e tij t\u00eb ve\u00e7ant\u00eb dhe arom\u00ebn natyrale. Ai \u00ebsht\u00eb i pasur me antioksidant\u00eb q\u00eb ndihmojn\u00eb n\u00eb mbrojtjen e organizmit dhe rritjen e energjis\u00eb gjat\u00eb dit\u00ebs.<\/p>\n<p data-start=\"1044\" data-end=\"1153\">Ky <strong data-start=\"1047\" data-end=\"1071\">caj jeshil kinez bio<\/strong> \u00ebsht\u00eb ideal p\u00ebr konsum t\u00eb p\u00ebrditsh\u00ebm dhe nj\u00eb alternativ\u00eb e shk\u00eblqyer ndaj kafes\u00eb.<\/p>\n<hr data-start=\"1155\" data-end=\"1158\" \/>\n<h4 data-section-id=\"1vjen6y\" data-start=\"1160\" data-end=\"1199\">\ud83c\udf3f P\u00ebrfitimet e caj jeshil kinez bio<\/h4>\n<ul data-start=\"1201\" data-end=\"1374\">\n<li data-section-id=\"typzqn\" data-start=\"1201\" data-end=\"1232\">\u2714\ufe0f I pasur me antioksidant\u00eb<\/li>\n<li data-section-id=\"11k2efc\" data-start=\"1233\" data-end=\"1270\">\u2714\ufe0f Ndihmon n\u00eb rritjen e energjis\u00eb<\/li>\n<li data-section-id=\"16yiloz\" data-start=\"1271\" data-end=\"1301\">\u2714\ufe0f P\u00ebrmir\u00ebson p\u00ebrqendrimin<\/li>\n<li data-section-id=\"16dccj0\" data-start=\"1302\" data-end=\"1330\">\u2714\ufe0f Mb\u00ebshtet metabolizmin<\/li>\n<li data-section-id=\"m8uvc7\" data-start=\"1331\" data-end=\"1374\">\u2714\ufe0f Ndihmon n\u00eb mir\u00ebqenie t\u00eb p\u00ebrgjithshme<\/li>\n<\/ul>\n<hr data-start=\"1376\" data-end=\"1379\" \/>\n<h4 data-section-id=\"ntqv0x\" data-start=\"1381\" data-end=\"1396\">\ud83c\udf75 P\u00ebrdorimi<\/h4>\n<ul data-start=\"1398\" data-end=\"1520\">\n<li data-section-id=\"z29l0w\" data-start=\"1398\" data-end=\"1467\">Vendosni 1 bustin\u00eb n\u00eb nj\u00eb filxhan me uj\u00eb t\u00eb nxeht\u00eb (jo t\u00eb valuar)<\/li>\n<li data-section-id=\"1p1eu93\" data-start=\"1468\" data-end=\"1489\">L\u00ebreni 2\u20133 minuta<\/li>\n<li data-section-id=\"70p9mp\" data-start=\"1490\" data-end=\"1520\">Konsumojeni sipas d\u00ebshir\u00ebs<\/li>\n<\/ul>\n<p data-start=\"1522\" data-end=\"1558\">\ud83d\udc49 Mund t\u00eb pihet gjat\u00eb gjith\u00eb dit\u00ebs.<\/p>\n<hr data-start=\"1560\" data-end=\"1563\" \/>\n<h4 data-section-id=\"1qpt6jj\" data-start=\"1565\" data-end=\"1581\">\ud83c\udf31 P\u00ebrb\u00ebr\u00ebsit<\/h4>\n<ul data-start=\"1583\" data-end=\"1615\">\n<li data-section-id=\"1bcdfwa\" data-start=\"1583\" data-end=\"1615\">\u00c7aj jeshil kinez*<br data-start=\"1602\" data-end=\"1605\" \/>(*organik)<\/li>\n<\/ul>\n<hr data-start=\"1617\" data-end=\"1620\" \/>\n<h4 data-section-id=\"1qro2to\" data-start=\"1622\" data-end=\"1638\">\ud83d\udce6 P\u00ebrmbajtja<\/h4>\n<ul data-start=\"1640\" data-end=\"1661\">\n<li data-section-id=\"1kei2oy\" data-start=\"1640\" data-end=\"1661\">18 bustina x 1.5g<\/li>\n<\/ul>\n<hr data-start=\"1663\" data-end=\"1666\" \/>\n<h4 data-section-id=\"1423pgd\" data-start=\"1668\" data-end=\"1697\">\ud83d\udc9a \u00c7far\u00eb e b\u00ebn t\u00eb ve\u00e7ant\u00eb?<\/h4>\n<ul data-start=\"1699\" data-end=\"1823\">\n<li data-section-id=\"1xx76kd\" data-start=\"1699\" data-end=\"1726\">\u2714\ufe0f 100% bio dhe organik<\/li>\n<li data-section-id=\"t9v5kz\" data-start=\"1727\" data-end=\"1751\">\u2714\ufe0f Origjin\u00eb nga Kina<\/li>\n<li data-section-id=\"lwh262\" data-start=\"1752\" data-end=\"1782\">\u2714\ufe0f Pa aditiv\u00eb dhe kimikate<\/li>\n<li data-section-id=\"xyx8w9\" data-start=\"1783\" data-end=\"1798\">\u2714\ufe0f Pa krip\u00eb<\/li>\n<li data-section-id=\"1nh50i9\" data-start=\"1799\" data-end=\"1823\">\u2714\ufe0f Paketim ekologjik<\/li>\n<\/ul>\n<hr data-start=\"1825\" data-end=\"1828\" \/>\n<h4 data-section-id=\"sv4i2s\" data-start=\"1830\" data-end=\"1841\">\ud83d\udc45 Shija<\/h4>\n<p data-start=\"1843\" data-end=\"1876\">Floral, barishtore dhe e fresk\u00ebt.<\/p>\n<hr data-start=\"1878\" data-end=\"1881\" \/>\n<h4 data-section-id=\"1uolwgc\" data-start=\"1883\" data-end=\"1895\">\u26a0\ufe0f Kujdes<\/h4>\n<ul data-start=\"1897\" data-end=\"2015\">\n<li data-section-id=\"qsnkwa\" data-start=\"1897\" data-end=\"1955\">Mos p\u00ebrdorni uj\u00eb shum\u00eb t\u00eb valuar p\u00ebr t\u00eb ruajtur shijen<\/li>\n<li data-section-id=\"16s4et5\" data-start=\"1956\" data-end=\"2015\">Konsumojeni me mas\u00eb n\u00ebse jeni t\u00eb ndjesh\u00ebm ndaj kafein\u00ebs<\/li>\n<\/ul>\n<hr data-start=\"2017\" data-end=\"2020\" \/>\n<p data-start=\"2022\" data-end=\"2100\">\ud83d\udc49 <strong data-start=\"2025\" data-end=\"2100\">Porosite tani tek Edesia.al dhe shijo nj\u00eb \u00e7aj klasik me cil\u00ebsi premium.<\/strong><\/p>\n","protected":false},"excerpt":{"rendered":"<p>Caj jeshil kinez bio per energji dhe freski natyrale.<\/p>\n","protected":false},"featured_media":14857,"comment_status":"open","ping_status":"closed","template":"","meta":{"_acf_changed":false,"inline_featured_image":false},"kategori-sipas-dietave":[],"kategori-sipas-problemeve-shende":[],"produkte-me-ulje":[],"product_brand":[35],"product_cat":[81,43],"product_tag":[168],"class_list":{"0":"post-14856","1":"product","2":"type-product","3":"status-publish","4":"has-post-thumbnail","6":"product_brand-sonnentor-sh-p-k","7":"product_cat-caj-bime-mjekesore","8":"product_cat-cajra","9":"product_tag-caj","11":"first","12":"instock","13":"taxable","14":"shipping-taxable","15":"purchasable","16":"product-type-simple"},"acf":[],"yoast_head":"<!-- This site is optimized with the Yoast SEO plugin v27.5 - https:\/\/yoast.com\/product\/yoast-seo-wordpress\/ -->\n<title>Caj Jeshil Kinez Bio me Bustina \u2013 Green Tea Organik - Edesia<\/title>\n<meta name=\"description\" content=\"Caj jeshil kinez bio me bustina. I pasur me antioksidante, freskues dhe ideal per energji natyrale cdo dite.\" \/>\n<meta name=\"robots\" content=\"index, follow, max-snippet:-1, max-image-preview:large, max-video-preview:-1\" \/>\n<link rel=\"canonical\" href=\"https:\/\/www.edesia.al\/?product=caj-jeshil-kinez-bio\" \/>\n<meta property=\"og:locale\" content=\"en_US\" \/>\n<meta property=\"og:type\" content=\"article\" \/>\n<meta property=\"og:title\" content=\"Caj Jeshil Kinez Bio me Bustina \u2013 Green Tea Organik - Edesia\" \/>\n<meta property=\"og:description\" content=\"Caj jeshil kinez bio me bustina. I pasur me antioksidante, freskues dhe ideal per energji natyrale cdo dite.\" \/>\n<meta property=\"og:url\" content=\"https:\/\/www.edesia.al\/?product=caj-jeshil-kinez-bio\" \/>\n<meta property=\"og:site_name\" content=\"Edesia\" \/>\n<meta property=\"og:image\" content=\"https:\/\/www.edesia.al\/wp-content\/uploads\/2026\/05\/02222_Chinesischer_Gruentee-media-df42eb16-query.b6ee6074.jpg\" \/>\n\t<meta property=\"og:image:width\" content=\"250\" \/>\n\t<meta property=\"og:image:height\" content=\"250\" \/>\n\t<meta property=\"og:image:type\" content=\"image\/jpeg\" \/>\n<meta name=\"twitter:card\" content=\"summary_large_image\" \/>\n<meta name=\"twitter:label1\" content=\"Est. reading time\" \/>\n\t<meta name=\"twitter:data1\" content=\"2 minutes\" \/>\n<script type=\"application\/ld+json\" class=\"yoast-schema-graph\">{\"@context\":\"https:\\\/\\\/schema.org\",\"@graph\":[{\"@type\":\"WebPage\",\"@id\":\"https:\\\/\\\/www.edesia.al\\\/?product=caj-jeshil-kinez-bio\",\"url\":\"https:\\\/\\\/www.edesia.al\\\/?product=caj-jeshil-kinez-bio\",\"name\":\"Caj Jeshil Kinez Bio me Bustina \u2013 Green Tea Organik - Edesia\",\"isPartOf\":{\"@id\":\"https:\\\/\\\/www.edesia.al\\\/#website\"},\"primaryImageOfPage\":{\"@id\":\"https:\\\/\\\/www.edesia.al\\\/?product=caj-jeshil-kinez-bio#primaryimage\"},\"image\":{\"@id\":\"https:\\\/\\\/www.edesia.al\\\/?product=caj-jeshil-kinez-bio#primaryimage\"},\"thumbnailUrl\":\"https:\\\/\\\/www.edesia.al\\\/wp-content\\\/uploads\\\/2026\\\/05\\\/02222_Chinesischer_Gruentee-media-df42eb16-query.b6ee6074.jpg\",\"datePublished\":\"2026-05-05T16:36:52+00:00\",\"description\":\"Caj jeshil kinez bio me bustina. I pasur me antioksidante, freskues dhe ideal per energji natyrale cdo dite.\",\"breadcrumb\":{\"@id\":\"https:\\\/\\\/www.edesia.al\\\/?product=caj-jeshil-kinez-bio#breadcrumb\"},\"inLanguage\":\"en-US\",\"potentialAction\":[{\"@type\":\"ReadAction\",\"target\":[\"https:\\\/\\\/www.edesia.al\\\/?product=caj-jeshil-kinez-bio\"]}]},{\"@type\":\"ImageObject\",\"inLanguage\":\"en-US\",\"@id\":\"https:\\\/\\\/www.edesia.al\\\/?product=caj-jeshil-kinez-bio#primaryimage\",\"url\":\"https:\\\/\\\/www.edesia.al\\\/wp-content\\\/uploads\\\/2026\\\/05\\\/02222_Chinesischer_Gruentee-media-df42eb16-query.b6ee6074.jpg\",\"contentUrl\":\"https:\\\/\\\/www.edesia.al\\\/wp-content\\\/uploads\\\/2026\\\/05\\\/02222_Chinesischer_Gruentee-media-df42eb16-query.b6ee6074.jpg\",\"width\":250,\"height\":250,\"caption\":\"Caj jeshil organik\"},{\"@type\":\"BreadcrumbList\",\"@id\":\"https:\\\/\\\/www.edesia.al\\\/?product=caj-jeshil-kinez-bio#breadcrumb\",\"itemListElement\":[{\"@type\":\"ListItem\",\"position\":1,\"name\":\"Home\",\"item\":\"https:\\\/\\\/www.edesia.al\\\/\"},{\"@type\":\"ListItem\",\"position\":2,\"name\":\"Dyqani\",\"item\":\"https:\\\/\\\/www.edesia.al\\\/?page_id=17\"},{\"@type\":\"ListItem\",\"position\":3,\"name\":\"Caj Jeshil Kinez Bio me Bustina \u2013 Green Tea Organik\"}]},{\"@type\":\"WebSite\",\"@id\":\"https:\\\/\\\/www.edesia.al\\\/#website\",\"url\":\"https:\\\/\\\/www.edesia.al\\\/\",\"name\":\"Edesia\",\"description\":\"\",\"publisher\":{\"@id\":\"https:\\\/\\\/www.edesia.al\\\/#organization\"},\"potentialAction\":[{\"@type\":\"SearchAction\",\"target\":{\"@type\":\"EntryPoint\",\"urlTemplate\":\"https:\\\/\\\/www.edesia.al\\\/?s={search_term_string}\"},\"query-input\":{\"@type\":\"PropertyValueSpecification\",\"valueRequired\":true,\"valueName\":\"search_term_string\"}}],\"inLanguage\":\"en-US\"},{\"@type\":\"Organization\",\"@id\":\"https:\\\/\\\/www.edesia.al\\\/#organization\",\"name\":\"Edesia\",\"url\":\"https:\\\/\\\/www.edesia.al\\\/\",\"logo\":{\"@type\":\"ImageObject\",\"inLanguage\":\"en-US\",\"@id\":\"https:\\\/\\\/www.edesia.al\\\/#\\\/schema\\\/logo\\\/image\\\/\",\"url\":\"https:\\\/\\\/www.edesia.al\\\/wp-content\\\/uploads\\\/2026\\\/02\\\/Logo-Edesia-no-background.png\",\"contentUrl\":\"https:\\\/\\\/www.edesia.al\\\/wp-content\\\/uploads\\\/2026\\\/02\\\/Logo-Edesia-no-background.png\",\"width\":293,\"height\":158,\"caption\":\"Edesia\"},\"image\":{\"@id\":\"https:\\\/\\\/www.edesia.al\\\/#\\\/schema\\\/logo\\\/image\\\/\"}}]}<\/script>\n<!-- \/ Yoast SEO plugin. -->","yoast_head_json":{"title":"Caj Jeshil Kinez Bio me Bustina \u2013 Green Tea Organik - Edesia","description":"Caj jeshil kinez bio me bustina. I pasur me antioksidante, freskues dhe ideal per energji natyrale cdo dite.","robots":{"index":"index","follow":"follow","max-snippet":"max-snippet:-1","max-image-preview":"max-image-preview:large","max-video-preview":"max-video-preview:-1"},"canonical":"https:\/\/www.edesia.al\/?product=caj-jeshil-kinez-bio","og_locale":"en_US","og_type":"article","og_title":"Caj Jeshil Kinez Bio me Bustina \u2013 Green Tea Organik - Edesia","og_description":"Caj jeshil kinez bio me bustina. I pasur me antioksidante, freskues dhe ideal per energji natyrale cdo dite.","og_url":"https:\/\/www.edesia.al\/?product=caj-jeshil-kinez-bio","og_site_name":"Edesia","og_image":[{"width":250,"height":250,"url":"https:\/\/www.edesia.al\/wp-content\/uploads\/2026\/05\/02222_Chinesischer_Gruentee-media-df42eb16-query.b6ee6074.jpg","type":"image\/jpeg"}],"twitter_card":"summary_large_image","twitter_misc":{"Est. reading time":"2 minutes"},"schema":{"@context":"https:\/\/schema.org","@graph":[{"@type":"WebPage","@id":"https:\/\/www.edesia.al\/?product=caj-jeshil-kinez-bio","url":"https:\/\/www.edesia.al\/?product=caj-jeshil-kinez-bio","name":"Caj Jeshil Kinez Bio me Bustina \u2013 Green Tea Organik - Edesia","isPartOf":{"@id":"https:\/\/www.edesia.al\/#website"},"primaryImageOfPage":{"@id":"https:\/\/www.edesia.al\/?product=caj-jeshil-kinez-bio#primaryimage"},"image":{"@id":"https:\/\/www.edesia.al\/?product=caj-jeshil-kinez-bio#primaryimage"},"thumbnailUrl":"https:\/\/www.edesia.al\/wp-content\/uploads\/2026\/05\/02222_Chinesischer_Gruentee-media-df42eb16-query.b6ee6074.jpg","datePublished":"2026-05-05T16:36:52+00:00","description":"Caj jeshil kinez bio me bustina. I pasur me antioksidante, freskues dhe ideal per energji natyrale cdo dite.","breadcrumb":{"@id":"https:\/\/www.edesia.al\/?product=caj-jeshil-kinez-bio#breadcrumb"},"inLanguage":"en-US","potentialAction":[{"@type":"ReadAction","target":["https:\/\/www.edesia.al\/?product=caj-jeshil-kinez-bio"]}]},{"@type":"ImageObject","inLanguage":"en-US","@id":"https:\/\/www.edesia.al\/?product=caj-jeshil-kinez-bio#primaryimage","url":"https:\/\/www.edesia.al\/wp-content\/uploads\/2026\/05\/02222_Chinesischer_Gruentee-media-df42eb16-query.b6ee6074.jpg","contentUrl":"https:\/\/www.edesia.al\/wp-content\/uploads\/2026\/05\/02222_Chinesischer_Gruentee-media-df42eb16-query.b6ee6074.jpg","width":250,"height":250,"caption":"Caj jeshil organik"},{"@type":"BreadcrumbList","@id":"https:\/\/www.edesia.al\/?product=caj-jeshil-kinez-bio#breadcrumb","itemListElement":[{"@type":"ListItem","position":1,"name":"Home","item":"https:\/\/www.edesia.al\/"},{"@type":"ListItem","position":2,"name":"Dyqani","item":"https:\/\/www.edesia.al\/?page_id=17"},{"@type":"ListItem","position":3,"name":"Caj Jeshil Kinez Bio me Bustina \u2013 Green Tea Organik"}]},{"@type":"WebSite","@id":"https:\/\/www.edesia.al\/#website","url":"https:\/\/www.edesia.al\/","name":"Edesia","description":"","publisher":{"@id":"https:\/\/www.edesia.al\/#organization"},"potentialAction":[{"@type":"SearchAction","target":{"@type":"EntryPoint","urlTemplate":"https:\/\/www.edesia.al\/?s={search_term_string}"},"query-input":{"@type":"PropertyValueSpecification","valueRequired":true,"valueName":"search_term_string"}}],"inLanguage":"en-US"},{"@type":"Organization","@id":"https:\/\/www.edesia.al\/#organization","name":"Edesia","url":"https:\/\/www.edesia.al\/","logo":{"@type":"ImageObject","inLanguage":"en-US","@id":"https:\/\/www.edesia.al\/#\/schema\/logo\/image\/","url":"https:\/\/www.edesia.al\/wp-content\/uploads\/2026\/02\/Logo-Edesia-no-background.png","contentUrl":"https:\/\/www.edesia.al\/wp-content\/uploads\/2026\/02\/Logo-Edesia-no-background.png","width":293,"height":158,"caption":"Edesia"},"image":{"@id":"https:\/\/www.edesia.al\/#\/schema\/logo\/image\/"}}]}},"_links":{"self":[{"href":"https:\/\/www.edesia.al\/index.php?rest_route=\/wp\/v2\/product\/14856","targetHints":{"allow":["GET"]}}],"collection":[{"href":"https:\/\/www.edesia.al\/index.php?rest_route=\/wp\/v2\/product"}],"about":[{"href":"https:\/\/www.edesia.al\/index.php?rest_route=\/wp\/v2\/types\/product"}],"replies":[{"embeddable":true,"href":"https:\/\/www.edesia.al\/index.php?rest_route=%2Fwp%2Fv2%2Fcomments&post=14856"}],"wp:featuredmedia":[{"embeddable":true,"href":"https:\/\/www.edesia.al\/index.php?rest_route=\/wp\/v2\/media\/14857"}],"wp:attachment":[{"href":"https:\/\/www.edesia.al\/index.php?rest_route=%2Fwp%2Fv2%2Fmedia&parent=14856"}],"wp:term":[{"taxonomy":"kategori-sipas-dietave","embeddable":true,"href":"https:\/\/www.edesia.al\/index.php?rest_route=%2Fwp%2Fv2%2Fkategori-sipas-dietave&post=14856"},{"taxonomy":"kategori-sipas-problemeve-shende","embeddable":true,"href":"https:\/\/www.edesia.al\/index.php?rest_route=%2Fwp%2Fv2%2Fkategori-sipas-problemeve-shende&post=14856"},{"taxonomy":"produkte-me-ulje","embeddable":true,"href":"https:\/\/www.edesia.al\/index.php?rest_route=%2Fwp%2Fv2%2Fprodukte-me-ulje&post=14856"},{"taxonomy":"product_brand","embeddable":true,"href":"https:\/\/www.edesia.al\/index.php?rest_route=%2Fwp%2Fv2%2Fproduct_brand&post=14856"},{"taxonomy":"product_cat","embeddable":true,"href":"https:\/\/www.edesia.al\/index.php?rest_route=%2Fwp%2Fv2%2Fproduct_cat&post=14856"},{"taxonomy":"product_tag","embeddable":true,"href":"https:\/\/www.edesia.al\/index.php?rest_route=%2Fwp%2Fv2%2Fproduct_tag&post=14856"}],"curies":[{"name":"wp","href":"https:\/\/api.w.org\/{rel}","templated":true}]}}