{"id":14908,"date":"2026-05-11T17:14:41","date_gmt":"2026-05-11T15:14:41","guid":{"rendered":"https:\/\/www.edesia.al\/?post_type=product&#038;p=14908"},"modified":"2026-05-11T17:17:42","modified_gmt":"2026-05-11T15:17:42","slug":"caj-chai-i-zi-bio","status":"publish","type":"product","link":"https:\/\/www.edesia.al\/?product=caj-chai-i-zi-bio","title":{"rendered":"Caj Chai i Zi Bio 18 Bustina \u2013 Chai Organik"},"content":{"rendered":"<p>\u00c7aj Chai i Zi Bio<\/p>\n<p data-start=\"420\" data-end=\"716\"><strong data-start=\"420\" data-end=\"716\">Caj chai i zi bio \u00ebsht\u00eb nj\u00eb p\u00ebrzierje organike me \u00e7aj t\u00eb zi Assam dhe er\u00ebza aromatike orientale q\u00eb krijojn\u00eb nj\u00eb eksperienc\u00eb t\u00eb ngroht\u00eb dhe ekzotike n\u00eb \u00e7do filxhan. Ky caj chai i zi bio kombinon kardamomin, xhinxherin, kanell\u00ebn, karafilin dhe anasonin yll p\u00ebr nj\u00eb shije t\u00eb pasur dhe aromatike.<\/strong><\/p>\n<p data-start=\"718\" data-end=\"953\">I frym\u00ebzuar nga receta tradicionale chai, ky \u00e7aj \u00ebsht\u00eb perfekt p\u00ebr momentet kur k\u00ebrkoni ngroht\u00ebsi, energji dhe arom\u00eb intensive. Kombinimi i \u00e7ajit t\u00eb zi me er\u00ebza krijon nj\u00eb profil unik me nota pikante, t\u00eb \u00ebmbla dhe leht\u00ebsisht \u00e7okollate.<\/p>\n<p data-start=\"955\" data-end=\"1057\">P\u00ebr eksperienc\u00ebn klasike chai, rekomandohet t\u00eb konsumohet me qum\u00ebsht ose qum\u00ebsht bimor dhe pak mjalt\u00eb.<\/p>\n<hr data-start=\"1059\" data-end=\"1062\" \/>\n<h4 data-section-id=\"1fbhqxg\" data-start=\"1064\" data-end=\"1103\">\ud83c\udf3f P\u00ebrfitimet e cajit chai te zi bio<\/h4>\n<ul data-start=\"1105\" data-end=\"1297\">\n<li data-section-id=\"eq2z0q\" data-start=\"1105\" data-end=\"1149\">\u2714\ufe0f Me \u00e7aj t\u00eb zi Assam dhe er\u00ebza organike<\/li>\n<li data-section-id=\"eb6co9\" data-start=\"1150\" data-end=\"1184\">\u2714\ufe0f Arom\u00eb ekzotike dhe ngroh\u00ebse<\/li>\n<li data-section-id=\"1ufcuaz\" data-start=\"1185\" data-end=\"1221\">\u2714\ufe0f Ideal p\u00ebr m\u00ebngjes ose pasdite<\/li>\n<li data-section-id=\"3nnomk\" data-start=\"1222\" data-end=\"1264\">\u2714\ufe0f Kombinohet perfekt me qum\u00ebsht bimor<\/li>\n<li data-section-id=\"1tl87hk\" data-start=\"1265\" data-end=\"1297\">\u2714\ufe0f P\u00ebrvoj\u00eb tradicionale chai<\/li>\n<\/ul>\n<hr data-start=\"1299\" data-end=\"1302\" \/>\n<h4 data-section-id=\"1qqgzxb\" data-start=\"1304\" data-end=\"1341\">\u2615 Caj oriental me ereza aromatike<\/h4>\n<p data-start=\"1343\" data-end=\"1458\">Kardamomi, xhinxheri, kanella dhe karafili krijojn\u00eb nj\u00eb p\u00ebrzierje t\u00eb pasur me arom\u00eb intensive dhe shije relaksuese.<\/p>\n<hr data-start=\"1460\" data-end=\"1463\" \/>\n<h4 data-section-id=\"1qpt6jj\" data-start=\"1465\" data-end=\"1481\">\ud83c\udf31 P\u00ebrb\u00ebr\u00ebsit<\/h4>\n<ul data-start=\"1483\" data-end=\"1638\">\n<li data-section-id=\"trofha\" data-start=\"1483\" data-end=\"1506\">\u00c7aj i zi Assam* 31%<\/li>\n<li data-section-id=\"1jooomq\" data-start=\"1507\" data-end=\"1520\">Xhinxher*<\/li>\n<li data-section-id=\"zb9q02\" data-start=\"1521\" data-end=\"1540\">Kanell\u00eb Cassia*<\/li>\n<li data-section-id=\"g9skp3\" data-start=\"1541\" data-end=\"1553\">Rooibos*<\/li>\n<li data-section-id=\"1u7nnn9\" data-start=\"1554\" data-end=\"1569\">Fara kopre*<\/li>\n<li data-section-id=\"1x46vjh\" data-start=\"1570\" data-end=\"1586\">Kardamom* 8%<\/li>\n<li data-section-id=\"6u7lu3\" data-start=\"1587\" data-end=\"1606\">L\u00ebvore kakaoje*<\/li>\n<li data-section-id=\"101wa22\" data-start=\"1607\" data-end=\"1622\">Karafil* 7%<\/li>\n<li data-section-id=\"4zu5lz\" data-start=\"1623\" data-end=\"1638\">Anason yll*<\/li>\n<\/ul>\n<p data-start=\"1640\" data-end=\"1651\">(*organike)<\/p>\n<hr data-start=\"1653\" data-end=\"1656\" \/>\n<h4 data-section-id=\"t020x9\" data-start=\"1658\" data-end=\"1672\">\u2615 P\u00ebrdorimi<\/h4>\n<ul data-start=\"1674\" data-end=\"1783\">\n<li data-section-id=\"3a0dvx\" data-start=\"1674\" data-end=\"1713\">Vendosni 1 bustin\u00eb n\u00eb uj\u00eb t\u00eb nxeht\u00eb<\/li>\n<li data-section-id=\"15qwh7f\" data-start=\"1714\" data-end=\"1740\">L\u00ebreni p\u00ebr 5\u201310 minuta<\/li>\n<li data-section-id=\"7tm4a0\" data-start=\"1741\" data-end=\"1783\">Konsumojeni vet\u00ebm ose me qum\u00ebsht bimor<\/li>\n<\/ul>\n<h4 data-start=\"1785\" data-end=\"1832\">\ud83d\udc49 Mund t\u00eb \u00ebmb\u00eblsohet me mjalt\u00eb sipas d\u00ebshir\u00ebs.<\/h4>\n<hr data-start=\"1834\" data-end=\"1837\" \/>\n<h4 data-section-id=\"1423pgd\" data-start=\"1839\" data-end=\"1868\">\ud83d\udc9a \u00c7far\u00eb e b\u00ebn t\u00eb ve\u00e7ant\u00eb?<\/h4>\n<ul data-start=\"1870\" data-end=\"2039\">\n<li data-section-id=\"1xx76kd\" data-start=\"1870\" data-end=\"1897\">\n<h4>\u2714\ufe0f 100% bio dhe organik<\/h4>\n<\/li>\n<li data-section-id=\"knex7f\" data-start=\"1898\" data-end=\"1926\">\u2714\ufe0f Vegan dhe vegjetarian<\/li>\n<li data-section-id=\"1u15com\" data-start=\"1927\" data-end=\"1960\">\u2714\ufe0f Me er\u00ebza tradicionale chai<\/li>\n<li data-section-id=\"1ypsfww\" data-start=\"1961\" data-end=\"1988\">\u2714\ufe0f Ambalazh compostable<\/li>\n<li data-section-id=\"iz3hjl\" data-start=\"1989\" data-end=\"2039\">\u2714\ufe0f Bustina praktike p\u00ebr p\u00ebrdorim t\u00eb p\u00ebrditsh\u00ebm<\/li>\n<\/ul>\n<hr data-start=\"2041\" data-end=\"2044\" \/>\n<h4 data-section-id=\"sv4i2s\" data-start=\"2046\" data-end=\"2057\">\ud83d\udc45 Shija<\/h4>\n<p data-start=\"2059\" data-end=\"2098\">Pikante, e \u00ebmb\u00ebl dhe me nota \u00e7okollate.<\/p>\n<hr data-start=\"2100\" data-end=\"2103\" \/>\n<h4 data-section-id=\"1uolwgc\" data-start=\"2105\" data-end=\"2117\">\u26a0\ufe0f Kujdes<\/h4>\n<ul data-start=\"2119\" data-end=\"2204\">\n<li data-section-id=\"uhk3on\" data-start=\"2119\" data-end=\"2162\">Ruajeni n\u00eb vend t\u00eb fresk\u00ebt dhe t\u00eb that\u00eb<\/li>\n<li data-section-id=\"lxk9jo\" data-start=\"2163\" data-end=\"2204\">P\u00ebrmban \u00e7aj t\u00eb zi me kafein\u00eb natyrale<\/li>\n<\/ul>\n<hr data-start=\"2206\" data-end=\"2209\" \/>\n<p data-start=\"2211\" data-end=\"2288\">\ud83d\udc49 <strong data-start=\"2214\" data-end=\"2288\">Porosite tani tek Edesia.al dhe shijo arom\u00ebn ekzotike t\u00eb chai organik.<\/strong><\/p>\n","protected":false},"excerpt":{"rendered":"<p>\ud83d\udc49 <strong data-start=\"2322\" data-end=\"2392\">Caj chai i zi bio me ereza aromatike dhe shije ekzotike orientale.<\/strong><\/p>\n","protected":false},"featured_media":14909,"comment_status":"open","ping_status":"closed","template":"","meta":{"_acf_changed":false,"inline_featured_image":false},"kategori-sipas-dietave":[],"kategori-sipas-problemeve-shende":[],"produkte-me-ulje":[],"product_brand":[35],"product_cat":[81,43],"product_tag":[168],"class_list":{"0":"post-14908","1":"product","2":"type-product","3":"status-publish","4":"has-post-thumbnail","6":"product_brand-sonnentor-sh-p-k","7":"product_cat-caj-bime-mjekesore","8":"product_cat-cajra","9":"product_tag-caj","11":"first","12":"instock","13":"taxable","14":"shipping-taxable","15":"purchasable","16":"product-type-simple"},"acf":[],"yoast_head":"<!-- This site is optimized with the Yoast SEO plugin v27.5 - https:\/\/yoast.com\/product\/yoast-seo-wordpress\/ -->\n<title>Caj Chai i Zi Bio 18 Bustina \u2013 Chai Organik - Edesia<\/title>\n<meta name=\"description\" content=\"Caj chai i zi bio me ereza aromatike si kanelle, xhinxher dhe kardamom. Caj organik me shije ekzotike dhe te ngrohte.\" \/>\n<meta name=\"robots\" content=\"index, follow, max-snippet:-1, max-image-preview:large, max-video-preview:-1\" \/>\n<link rel=\"canonical\" href=\"https:\/\/www.edesia.al\/?product=caj-chai-i-zi-bio\" \/>\n<meta property=\"og:locale\" content=\"en_US\" \/>\n<meta property=\"og:type\" content=\"article\" \/>\n<meta property=\"og:title\" content=\"Caj Chai i Zi Bio 18 Bustina \u2013 Chai Organik - Edesia\" \/>\n<meta property=\"og:description\" content=\"Caj chai i zi bio me ereza aromatike si kanelle, xhinxher dhe kardamom. Caj organik me shije ekzotike dhe te ngrohte.\" \/>\n<meta property=\"og:url\" content=\"https:\/\/www.edesia.al\/?product=caj-chai-i-zi-bio\" \/>\n<meta property=\"og:site_name\" content=\"Edesia\" \/>\n<meta property=\"article:modified_time\" content=\"2026-05-11T15:17:42+00:00\" \/>\n<meta property=\"og:image\" content=\"https:\/\/www.edesia.al\/wp-content\/uploads\/2026\/05\/02341_Chai_Schwarztee.a053dbc2.jpg\" \/>\n\t<meta property=\"og:image:width\" content=\"593\" \/>\n\t<meta property=\"og:image:height\" content=\"593\" \/>\n\t<meta property=\"og:image:type\" content=\"image\/jpeg\" \/>\n<meta name=\"twitter:card\" content=\"summary_large_image\" \/>\n<meta name=\"twitter:label1\" content=\"Est. reading time\" \/>\n\t<meta name=\"twitter:data1\" content=\"2 minutes\" \/>\n<script type=\"application\/ld+json\" class=\"yoast-schema-graph\">{\"@context\":\"https:\\\/\\\/schema.org\",\"@graph\":[{\"@type\":\"WebPage\",\"@id\":\"https:\\\/\\\/www.edesia.al\\\/?product=caj-chai-i-zi-bio\",\"url\":\"https:\\\/\\\/www.edesia.al\\\/?product=caj-chai-i-zi-bio\",\"name\":\"Caj Chai i Zi Bio 18 Bustina \u2013 Chai Organik - Edesia\",\"isPartOf\":{\"@id\":\"https:\\\/\\\/www.edesia.al\\\/#website\"},\"primaryImageOfPage\":{\"@id\":\"https:\\\/\\\/www.edesia.al\\\/?product=caj-chai-i-zi-bio#primaryimage\"},\"image\":{\"@id\":\"https:\\\/\\\/www.edesia.al\\\/?product=caj-chai-i-zi-bio#primaryimage\"},\"thumbnailUrl\":\"https:\\\/\\\/www.edesia.al\\\/wp-content\\\/uploads\\\/2026\\\/05\\\/02341_Chai_Schwarztee.a053dbc2.jpg\",\"datePublished\":\"2026-05-11T15:14:41+00:00\",\"dateModified\":\"2026-05-11T15:17:42+00:00\",\"description\":\"Caj chai i zi bio me ereza aromatike si kanelle, xhinxher dhe kardamom. Caj organik me shije ekzotike dhe te ngrohte.\",\"breadcrumb\":{\"@id\":\"https:\\\/\\\/www.edesia.al\\\/?product=caj-chai-i-zi-bio#breadcrumb\"},\"inLanguage\":\"en-US\",\"potentialAction\":[{\"@type\":\"ReadAction\",\"target\":[\"https:\\\/\\\/www.edesia.al\\\/?product=caj-chai-i-zi-bio\"]}]},{\"@type\":\"ImageObject\",\"inLanguage\":\"en-US\",\"@id\":\"https:\\\/\\\/www.edesia.al\\\/?product=caj-chai-i-zi-bio#primaryimage\",\"url\":\"https:\\\/\\\/www.edesia.al\\\/wp-content\\\/uploads\\\/2026\\\/05\\\/02341_Chai_Schwarztee.a053dbc2.jpg\",\"contentUrl\":\"https:\\\/\\\/www.edesia.al\\\/wp-content\\\/uploads\\\/2026\\\/05\\\/02341_Chai_Schwarztee.a053dbc2.jpg\",\"width\":593,\"height\":593,\"caption\":\"Caj oriental me ereza\"},{\"@type\":\"BreadcrumbList\",\"@id\":\"https:\\\/\\\/www.edesia.al\\\/?product=caj-chai-i-zi-bio#breadcrumb\",\"itemListElement\":[{\"@type\":\"ListItem\",\"position\":1,\"name\":\"Home\",\"item\":\"https:\\\/\\\/www.edesia.al\\\/\"},{\"@type\":\"ListItem\",\"position\":2,\"name\":\"Dyqani\",\"item\":\"https:\\\/\\\/www.edesia.al\\\/?page_id=17\"},{\"@type\":\"ListItem\",\"position\":3,\"name\":\"Caj Chai i Zi Bio 18 Bustina \u2013 Chai Organik\"}]},{\"@type\":\"WebSite\",\"@id\":\"https:\\\/\\\/www.edesia.al\\\/#website\",\"url\":\"https:\\\/\\\/www.edesia.al\\\/\",\"name\":\"Edesia\",\"description\":\"\",\"publisher\":{\"@id\":\"https:\\\/\\\/www.edesia.al\\\/#organization\"},\"potentialAction\":[{\"@type\":\"SearchAction\",\"target\":{\"@type\":\"EntryPoint\",\"urlTemplate\":\"https:\\\/\\\/www.edesia.al\\\/?s={search_term_string}\"},\"query-input\":{\"@type\":\"PropertyValueSpecification\",\"valueRequired\":true,\"valueName\":\"search_term_string\"}}],\"inLanguage\":\"en-US\"},{\"@type\":\"Organization\",\"@id\":\"https:\\\/\\\/www.edesia.al\\\/#organization\",\"name\":\"Edesia\",\"url\":\"https:\\\/\\\/www.edesia.al\\\/\",\"logo\":{\"@type\":\"ImageObject\",\"inLanguage\":\"en-US\",\"@id\":\"https:\\\/\\\/www.edesia.al\\\/#\\\/schema\\\/logo\\\/image\\\/\",\"url\":\"https:\\\/\\\/www.edesia.al\\\/wp-content\\\/uploads\\\/2026\\\/02\\\/Logo-Edesia-no-background.png\",\"contentUrl\":\"https:\\\/\\\/www.edesia.al\\\/wp-content\\\/uploads\\\/2026\\\/02\\\/Logo-Edesia-no-background.png\",\"width\":293,\"height\":158,\"caption\":\"Edesia\"},\"image\":{\"@id\":\"https:\\\/\\\/www.edesia.al\\\/#\\\/schema\\\/logo\\\/image\\\/\"}}]}<\/script>\n<!-- \/ Yoast SEO plugin. -->","yoast_head_json":{"title":"Caj Chai i Zi Bio 18 Bustina \u2013 Chai Organik - Edesia","description":"Caj chai i zi bio me ereza aromatike si kanelle, xhinxher dhe kardamom. Caj organik me shije ekzotike dhe te ngrohte.","robots":{"index":"index","follow":"follow","max-snippet":"max-snippet:-1","max-image-preview":"max-image-preview:large","max-video-preview":"max-video-preview:-1"},"canonical":"https:\/\/www.edesia.al\/?product=caj-chai-i-zi-bio","og_locale":"en_US","og_type":"article","og_title":"Caj Chai i Zi Bio 18 Bustina \u2013 Chai Organik - Edesia","og_description":"Caj chai i zi bio me ereza aromatike si kanelle, xhinxher dhe kardamom. Caj organik me shije ekzotike dhe te ngrohte.","og_url":"https:\/\/www.edesia.al\/?product=caj-chai-i-zi-bio","og_site_name":"Edesia","article_modified_time":"2026-05-11T15:17:42+00:00","og_image":[{"width":593,"height":593,"url":"https:\/\/www.edesia.al\/wp-content\/uploads\/2026\/05\/02341_Chai_Schwarztee.a053dbc2.jpg","type":"image\/jpeg"}],"twitter_card":"summary_large_image","twitter_misc":{"Est. reading time":"2 minutes"},"schema":{"@context":"https:\/\/schema.org","@graph":[{"@type":"WebPage","@id":"https:\/\/www.edesia.al\/?product=caj-chai-i-zi-bio","url":"https:\/\/www.edesia.al\/?product=caj-chai-i-zi-bio","name":"Caj Chai i Zi Bio 18 Bustina \u2013 Chai Organik - Edesia","isPartOf":{"@id":"https:\/\/www.edesia.al\/#website"},"primaryImageOfPage":{"@id":"https:\/\/www.edesia.al\/?product=caj-chai-i-zi-bio#primaryimage"},"image":{"@id":"https:\/\/www.edesia.al\/?product=caj-chai-i-zi-bio#primaryimage"},"thumbnailUrl":"https:\/\/www.edesia.al\/wp-content\/uploads\/2026\/05\/02341_Chai_Schwarztee.a053dbc2.jpg","datePublished":"2026-05-11T15:14:41+00:00","dateModified":"2026-05-11T15:17:42+00:00","description":"Caj chai i zi bio me ereza aromatike si kanelle, xhinxher dhe kardamom. Caj organik me shije ekzotike dhe te ngrohte.","breadcrumb":{"@id":"https:\/\/www.edesia.al\/?product=caj-chai-i-zi-bio#breadcrumb"},"inLanguage":"en-US","potentialAction":[{"@type":"ReadAction","target":["https:\/\/www.edesia.al\/?product=caj-chai-i-zi-bio"]}]},{"@type":"ImageObject","inLanguage":"en-US","@id":"https:\/\/www.edesia.al\/?product=caj-chai-i-zi-bio#primaryimage","url":"https:\/\/www.edesia.al\/wp-content\/uploads\/2026\/05\/02341_Chai_Schwarztee.a053dbc2.jpg","contentUrl":"https:\/\/www.edesia.al\/wp-content\/uploads\/2026\/05\/02341_Chai_Schwarztee.a053dbc2.jpg","width":593,"height":593,"caption":"Caj oriental me ereza"},{"@type":"BreadcrumbList","@id":"https:\/\/www.edesia.al\/?product=caj-chai-i-zi-bio#breadcrumb","itemListElement":[{"@type":"ListItem","position":1,"name":"Home","item":"https:\/\/www.edesia.al\/"},{"@type":"ListItem","position":2,"name":"Dyqani","item":"https:\/\/www.edesia.al\/?page_id=17"},{"@type":"ListItem","position":3,"name":"Caj Chai i Zi Bio 18 Bustina \u2013 Chai Organik"}]},{"@type":"WebSite","@id":"https:\/\/www.edesia.al\/#website","url":"https:\/\/www.edesia.al\/","name":"Edesia","description":"","publisher":{"@id":"https:\/\/www.edesia.al\/#organization"},"potentialAction":[{"@type":"SearchAction","target":{"@type":"EntryPoint","urlTemplate":"https:\/\/www.edesia.al\/?s={search_term_string}"},"query-input":{"@type":"PropertyValueSpecification","valueRequired":true,"valueName":"search_term_string"}}],"inLanguage":"en-US"},{"@type":"Organization","@id":"https:\/\/www.edesia.al\/#organization","name":"Edesia","url":"https:\/\/www.edesia.al\/","logo":{"@type":"ImageObject","inLanguage":"en-US","@id":"https:\/\/www.edesia.al\/#\/schema\/logo\/image\/","url":"https:\/\/www.edesia.al\/wp-content\/uploads\/2026\/02\/Logo-Edesia-no-background.png","contentUrl":"https:\/\/www.edesia.al\/wp-content\/uploads\/2026\/02\/Logo-Edesia-no-background.png","width":293,"height":158,"caption":"Edesia"},"image":{"@id":"https:\/\/www.edesia.al\/#\/schema\/logo\/image\/"}}]}},"_links":{"self":[{"href":"https:\/\/www.edesia.al\/index.php?rest_route=\/wp\/v2\/product\/14908","targetHints":{"allow":["GET"]}}],"collection":[{"href":"https:\/\/www.edesia.al\/index.php?rest_route=\/wp\/v2\/product"}],"about":[{"href":"https:\/\/www.edesia.al\/index.php?rest_route=\/wp\/v2\/types\/product"}],"replies":[{"embeddable":true,"href":"https:\/\/www.edesia.al\/index.php?rest_route=%2Fwp%2Fv2%2Fcomments&post=14908"}],"wp:featuredmedia":[{"embeddable":true,"href":"https:\/\/www.edesia.al\/index.php?rest_route=\/wp\/v2\/media\/14909"}],"wp:attachment":[{"href":"https:\/\/www.edesia.al\/index.php?rest_route=%2Fwp%2Fv2%2Fmedia&parent=14908"}],"wp:term":[{"taxonomy":"kategori-sipas-dietave","embeddable":true,"href":"https:\/\/www.edesia.al\/index.php?rest_route=%2Fwp%2Fv2%2Fkategori-sipas-dietave&post=14908"},{"taxonomy":"kategori-sipas-problemeve-shende","embeddable":true,"href":"https:\/\/www.edesia.al\/index.php?rest_route=%2Fwp%2Fv2%2Fkategori-sipas-problemeve-shende&post=14908"},{"taxonomy":"produkte-me-ulje","embeddable":true,"href":"https:\/\/www.edesia.al\/index.php?rest_route=%2Fwp%2Fv2%2Fprodukte-me-ulje&post=14908"},{"taxonomy":"product_brand","embeddable":true,"href":"https:\/\/www.edesia.al\/index.php?rest_route=%2Fwp%2Fv2%2Fproduct_brand&post=14908"},{"taxonomy":"product_cat","embeddable":true,"href":"https:\/\/www.edesia.al\/index.php?rest_route=%2Fwp%2Fv2%2Fproduct_cat&post=14908"},{"taxonomy":"product_tag","embeddable":true,"href":"https:\/\/www.edesia.al\/index.php?rest_route=%2Fwp%2Fv2%2Fproduct_tag&post=14908"}],"curies":[{"name":"wp","href":"https:\/\/api.w.org\/{rel}","templated":true}]}}