{"id":15022,"date":"2026-05-16T18:03:27","date_gmt":"2026-05-16T16:03:27","guid":{"rendered":"https:\/\/www.edesia.al\/?post_type=product&#038;p=15022"},"modified":"2026-05-16T18:03:28","modified_gmt":"2026-05-16T16:03:28","slug":"shampo-aloe-vera-bio-floke-normal","status":"publish","type":"product","link":"https:\/\/www.edesia.al\/?product=shampo-aloe-vera-bio-floke-normal","title":{"rendered":"Shampo Aloe Vera Bio per Floke Normal"},"content":{"rendered":"<p data-start=\"357\" data-end=\"410\"><strong data-start=\"357\" data-end=\"410\">Aloe Vera Revitalizing Shampoo 250 ml \u2013 P\u00ebr Flok\u00eb Normal<\/strong><\/p>\n<p data-start=\"453\" data-end=\"770\"><strong data-start=\"453\" data-end=\"770\">Shampo aloe vera bio nga Urtekram \u00ebsht\u00eb nj\u00eb shampo hidratuese dhe revitalizuese p\u00ebr flok\u00eb normal, e krijuar p\u00ebr t\u00eb pastruar but\u00ebsisht flok\u00ebt duke ruajtur hidratimin dhe but\u00ebsin\u00eb natyrale. Kjo shampo aloe vera bio kombinon aloe vera organike dhe glycerin p\u00ebr kujdes t\u00eb p\u00ebrditsh\u00ebm dhe flok\u00eb me pamje t\u00eb sh\u00ebndetshme.<\/strong><\/p>\n<p data-start=\"772\" data-end=\"1043\">Formula e saj ndihmon n\u00eb ushqimin dhe hidratimin e flok\u00ebve pa i r\u00ebnduar, nd\u00ebrsa aloe vera dhe glycerin ndihmojn\u00eb n\u00eb ruajtjen e lag\u00ebshtis\u00eb dhe elasticitetit t\u00eb tyre. Aroma e fresk\u00ebt e portokallit t\u00eb pjekur n\u00eb diell krijon nj\u00eb ndjesi energjie dhe past\u00ebrtie pas \u00e7do larjeje.<\/p>\n<p data-start=\"1045\" data-end=\"1194\">P\u00ebr rezultate optimale rekomandohet p\u00ebrdorimi i balsamit Urtekram pas \u00e7do larjeje p\u00ebr t\u00eb ndihmuar n\u00eb mbylljen e fibr\u00ebs s\u00eb flokut dhe hidratim shtes\u00eb.<\/p>\n<hr data-start=\"1196\" data-end=\"1199\" \/>\n<h4 data-section-id=\"pr1ylr\" data-start=\"1201\" data-end=\"1240\">\ud83c\udf3f P\u00ebrfitimet e shampo aloe vera<\/h4>\n<ul data-start=\"1242\" data-end=\"1470\">\n<li data-section-id=\"hurcoh\" data-start=\"1242\" data-end=\"1285\">\u2714\ufe0f Pastron but\u00ebsisht flok\u00ebt dhe skalpin<\/li>\n<li data-section-id=\"1suuf6k\" data-start=\"1286\" data-end=\"1319\">\u2714\ufe0f Hidraton dhe ushqen flok\u00ebt<\/li>\n<li data-section-id=\"1e6osfc\" data-start=\"1320\" data-end=\"1358\">\u2714\ufe0f Jep but\u00ebsi dhe shk\u00eblqim natyral<\/li>\n<li data-section-id=\"2l25uc\" data-start=\"1359\" data-end=\"1391\">\u2714\ufe0f Me aloe vera dhe glycerin<\/li>\n<li data-section-id=\"s71gjv\" data-start=\"1392\" data-end=\"1430\">\u2714\ufe0f I p\u00ebrshtatsh\u00ebm p\u00ebr flok\u00eb normal<\/li>\n<li data-section-id=\"p6yyft\" data-start=\"1431\" data-end=\"1470\">\u2714\ufe0f Ideal p\u00ebr p\u00ebrdorim t\u00eb p\u00ebrditsh\u00ebm<\/li>\n<\/ul>\n<hr data-start=\"1472\" data-end=\"1475\" \/>\n<h4 data-section-id=\"1s9mwtk\" data-start=\"1477\" data-end=\"1524\">\ud83d\udca7 Shampo aloe vera bio per hidratim natyral<\/h4>\n<p data-start=\"1526\" data-end=\"1635\">Aloe vera dhe glycerin ndihmojn\u00eb n\u00eb mir\u00ebmbajtjen e flok\u00ebve t\u00eb but\u00eb, t\u00eb hidratuar dhe me pamje t\u00eb sh\u00ebndetshme.<\/p>\n<hr data-start=\"1637\" data-end=\"1640\" \/>\n<h4 data-section-id=\"1qjcuv3\" data-start=\"1642\" data-end=\"1667\">\ud83c\udf31 P\u00ebrb\u00ebr\u00ebsit kryesor\u00eb<\/h4>\n<ul data-start=\"1669\" data-end=\"1802\">\n<li data-section-id=\"14trad\" data-start=\"1669\" data-end=\"1683\">Aloe Vera*<\/li>\n<li data-section-id=\"1r9lidl\" data-start=\"1684\" data-end=\"1696\">Glycerin<\/li>\n<li data-section-id=\"71kyp6\" data-start=\"1697\" data-end=\"1716\">Vaj portokalli*<\/li>\n<li data-section-id=\"kao7k3\" data-start=\"1717\" data-end=\"1737\">Melissa Extract*<\/li>\n<li data-section-id=\"1ppl85v\" data-start=\"1738\" data-end=\"1761\">Peppermint Extract*<\/li>\n<li data-section-id=\"2hjazg\" data-start=\"1762\" data-end=\"1789\">Vitamin\u00eb E (Tocopherol)<\/li>\n<li data-section-id=\"1byyrj0\" data-start=\"1790\" data-end=\"1802\">Squalene<\/li>\n<\/ul>\n<p data-start=\"1804\" data-end=\"1827\">(*nga bujq\u00ebsi organike)<\/p>\n<hr data-start=\"1829\" data-end=\"1832\" \/>\n<h4 data-section-id=\"gnowgi\" data-start=\"1834\" data-end=\"1849\">\ud83e\uddf4 P\u00ebrdorimi<\/h4>\n<ul data-start=\"1851\" data-end=\"1975\">\n<li data-section-id=\"cojffw\" data-start=\"1851\" data-end=\"1899\">Aplikoni nj\u00eb sasi t\u00eb vog\u00ebl n\u00eb flok\u00eb t\u00eb lagur<\/li>\n<li data-section-id=\"mz8nti\" data-start=\"1900\" data-end=\"1948\">Masazhoni skalpin deri sa t\u00eb krijohet shkum\u00eb<\/li>\n<li data-section-id=\"11mi7d8\" data-start=\"1949\" data-end=\"1975\">Shp\u00eblajeni mir\u00eb me uj\u00eb<\/li>\n<\/ul>\n<p data-start=\"1977\" data-end=\"2013\">\ud83d\udc49 Ideal p\u00ebr p\u00ebrdorim t\u00eb p\u00ebrditsh\u00ebm.<\/p>\n<hr data-start=\"2015\" data-end=\"2018\" \/>\n<h4 data-section-id=\"1423pgd\" data-start=\"2020\" data-end=\"2049\">\ud83d\udc9a \u00c7far\u00eb e b\u00ebn t\u00eb ve\u00e7ant\u00eb?<\/h4>\n<ul data-start=\"2051\" data-end=\"2205\">\n<li data-section-id=\"nmz3sy\" data-start=\"2051\" data-end=\"2083\">\u2714\ufe0f 100% me origjin\u00eb natyrale<\/li>\n<li data-section-id=\"9fi3gl\" data-start=\"2084\" data-end=\"2115\">\u2714\ufe0f COSMOS ORGANIC Certified<\/li>\n<li data-section-id=\"1dbezdb\" data-start=\"2116\" data-end=\"2137\">\u2714\ufe0f Vegan friendly<\/li>\n<li data-section-id=\"hdv8xp\" data-start=\"2138\" data-end=\"2174\">\u2714\ufe0f Formula hidratuese dhe e but\u00eb<\/li>\n<li data-section-id=\"19ll7yb\" data-start=\"2175\" data-end=\"2205\">\u2714\ufe0f Arom\u00eb natyrale agrumesh<\/li>\n<\/ul>\n<hr data-start=\"2207\" data-end=\"2210\" \/>\n<h4 data-section-id=\"ye05kc\" data-start=\"2212\" data-end=\"2230\">\ud83c\udf0d Certifikimet<\/h4>\n<ul data-start=\"2232\" data-end=\"2304\">\n<li data-section-id=\"q6mygb\" data-start=\"2232\" data-end=\"2261\">\u2714\ufe0f Ecocert COSMOS Organic<\/li>\n<li data-section-id=\"13sw4js\" data-start=\"2262\" data-end=\"2274\">\u2714\ufe0f Vegan<\/li>\n<li data-section-id=\"1orc9ey\" data-start=\"2275\" data-end=\"2304\">\u2714\ufe0f 100% origjin\u00eb natyrale<\/li>\n<\/ul>\n<hr data-start=\"2306\" data-end=\"2309\" \/>\n<h4 data-section-id=\"t21nsd\" data-start=\"2311\" data-end=\"2322\">\ud83d\udc45 Aroma<\/h4>\n<p data-start=\"2324\" data-end=\"2372\">E fresk\u00ebt dhe agrume me nota portokalli natyral.<\/p>\n<hr data-start=\"2374\" data-end=\"2377\" \/>\n<h4 data-section-id=\"1uolwgc\" data-start=\"2379\" data-end=\"2391\">\u26a0\ufe0f Kujdes<\/h4>\n<ul data-start=\"2393\" data-end=\"2501\">\n<li data-section-id=\"15ge03t\" data-start=\"2393\" data-end=\"2426\">Vet\u00ebm p\u00ebr p\u00ebrdorim t\u00eb jasht\u00ebm<\/li>\n<li data-section-id=\"p581ez\" data-start=\"2427\" data-end=\"2457\">Shmangni kontaktin me syt\u00eb<\/li>\n<li data-section-id=\"uhk3on\" data-start=\"2458\" data-end=\"2501\">Ruajeni n\u00eb vend t\u00eb fresk\u00ebt dhe t\u00eb that\u00eb<\/li>\n<\/ul>\n<hr data-start=\"2503\" data-end=\"2506\" \/>\n<p data-start=\"2508\" data-end=\"2603\">\ud83d\udc49 <strong data-start=\"2511\" data-end=\"2603\">Porosite tani tek Edesia.al dhe kujdesu p\u00ebr flok\u00ebt me shampo aloe vera bio nga Urtekram.<\/strong><\/p>\n","protected":false},"excerpt":{"rendered":"<p>\ud83d\udc49 <strong data-start=\"2637\" data-end=\"2724\">Shampo aloe vera bio per flok\u00eb normal me hidratim dhe kujdes natyral te perditshem.<\/strong><\/p>\n","protected":false},"featured_media":15023,"comment_status":"open","ping_status":"closed","template":"","meta":{"_acf_changed":false,"inline_featured_image":false},"kategori-sipas-dietave":[],"kategori-sipas-problemeve-shende":[],"produkte-me-ulje":[],"product_brand":[25],"product_cat":[79,56],"product_tag":[],"class_list":{"0":"post-15022","1":"product","2":"type-product","3":"status-publish","4":"has-post-thumbnail","6":"product_brand-urtekram","7":"product_cat-kozmetike-kujdes-personal","8":"product_cat-shampo-bio","10":"first","11":"instock","12":"taxable","13":"shipping-taxable","14":"purchasable","15":"product-type-simple"},"acf":[],"yoast_head":"<!-- This site is optimized with the Yoast SEO plugin v27.5 - https:\/\/yoast.com\/product\/yoast-seo-wordpress\/ -->\n<title>Shampo Aloe Vera Bio per Floke Normal - Edesia<\/title>\n<meta name=\"description\" content=\"Shampo aloe vera bio per flok\u00eb normal me aloe vera dhe glycerin per hidratim, butesi dhe freski natyrale.\" \/>\n<meta name=\"robots\" content=\"index, follow, max-snippet:-1, max-image-preview:large, max-video-preview:-1\" \/>\n<link rel=\"canonical\" href=\"https:\/\/www.edesia.al\/?product=shampo-aloe-vera-bio-floke-normal\" \/>\n<meta property=\"og:locale\" content=\"en_US\" \/>\n<meta property=\"og:type\" content=\"article\" \/>\n<meta property=\"og:title\" content=\"Shampo Aloe Vera Bio per Floke Normal - Edesia\" \/>\n<meta property=\"og:description\" content=\"Shampo aloe vera bio per flok\u00eb normal me aloe vera dhe glycerin per hidratim, butesi dhe freski natyrale.\" \/>\n<meta property=\"og:url\" content=\"https:\/\/www.edesia.al\/?product=shampo-aloe-vera-bio-floke-normal\" \/>\n<meta property=\"og:site_name\" content=\"Edesia\" \/>\n<meta property=\"article:modified_time\" content=\"2026-05-16T16:03:28+00:00\" \/>\n<meta property=\"og:image\" content=\"https:\/\/www.edesia.al\/wp-content\/uploads\/2026\/05\/137791-095609-1083803_g1n1_alwaynatural_shampoo_250ml.webp\" \/>\n\t<meta property=\"og:image:width\" content=\"754\" \/>\n\t<meta property=\"og:image:height\" content=\"2673\" \/>\n\t<meta property=\"og:image:type\" content=\"image\/webp\" \/>\n<meta name=\"twitter:card\" content=\"summary_large_image\" \/>\n<meta name=\"twitter:label1\" content=\"Est. reading time\" \/>\n\t<meta name=\"twitter:data1\" content=\"2 minutes\" \/>\n<script type=\"application\/ld+json\" class=\"yoast-schema-graph\">{\"@context\":\"https:\\\/\\\/schema.org\",\"@graph\":[{\"@type\":\"WebPage\",\"@id\":\"https:\\\/\\\/www.edesia.al\\\/?product=shampo-aloe-vera-bio-floke-normal\",\"url\":\"https:\\\/\\\/www.edesia.al\\\/?product=shampo-aloe-vera-bio-floke-normal\",\"name\":\"Shampo Aloe Vera Bio per Floke Normal - Edesia\",\"isPartOf\":{\"@id\":\"https:\\\/\\\/www.edesia.al\\\/#website\"},\"primaryImageOfPage\":{\"@id\":\"https:\\\/\\\/www.edesia.al\\\/?product=shampo-aloe-vera-bio-floke-normal#primaryimage\"},\"image\":{\"@id\":\"https:\\\/\\\/www.edesia.al\\\/?product=shampo-aloe-vera-bio-floke-normal#primaryimage\"},\"thumbnailUrl\":\"https:\\\/\\\/www.edesia.al\\\/wp-content\\\/uploads\\\/2026\\\/05\\\/137791-095609-1083803_g1n1_alwaynatural_shampoo_250ml.webp\",\"datePublished\":\"2026-05-16T16:03:27+00:00\",\"dateModified\":\"2026-05-16T16:03:28+00:00\",\"description\":\"Shampo aloe vera bio per flok\u00eb normal me aloe vera dhe glycerin per hidratim, butesi dhe freski natyrale.\",\"breadcrumb\":{\"@id\":\"https:\\\/\\\/www.edesia.al\\\/?product=shampo-aloe-vera-bio-floke-normal#breadcrumb\"},\"inLanguage\":\"en-US\",\"potentialAction\":[{\"@type\":\"ReadAction\",\"target\":[\"https:\\\/\\\/www.edesia.al\\\/?product=shampo-aloe-vera-bio-floke-normal\"]}]},{\"@type\":\"ImageObject\",\"inLanguage\":\"en-US\",\"@id\":\"https:\\\/\\\/www.edesia.al\\\/?product=shampo-aloe-vera-bio-floke-normal#primaryimage\",\"url\":\"https:\\\/\\\/www.edesia.al\\\/wp-content\\\/uploads\\\/2026\\\/05\\\/137791-095609-1083803_g1n1_alwaynatural_shampoo_250ml.webp\",\"contentUrl\":\"https:\\\/\\\/www.edesia.al\\\/wp-content\\\/uploads\\\/2026\\\/05\\\/137791-095609-1083803_g1n1_alwaynatural_shampoo_250ml.webp\",\"width\":754,\"height\":2673,\"caption\":\"Shampo hidratues me aloe vera\"},{\"@type\":\"BreadcrumbList\",\"@id\":\"https:\\\/\\\/www.edesia.al\\\/?product=shampo-aloe-vera-bio-floke-normal#breadcrumb\",\"itemListElement\":[{\"@type\":\"ListItem\",\"position\":1,\"name\":\"Home\",\"item\":\"https:\\\/\\\/www.edesia.al\\\/\"},{\"@type\":\"ListItem\",\"position\":2,\"name\":\"Dyqani\",\"item\":\"https:\\\/\\\/www.edesia.al\\\/?page_id=17\"},{\"@type\":\"ListItem\",\"position\":3,\"name\":\"Shampo Aloe Vera Bio per Floke Normal\"}]},{\"@type\":\"WebSite\",\"@id\":\"https:\\\/\\\/www.edesia.al\\\/#website\",\"url\":\"https:\\\/\\\/www.edesia.al\\\/\",\"name\":\"Edesia\",\"description\":\"\",\"publisher\":{\"@id\":\"https:\\\/\\\/www.edesia.al\\\/#organization\"},\"potentialAction\":[{\"@type\":\"SearchAction\",\"target\":{\"@type\":\"EntryPoint\",\"urlTemplate\":\"https:\\\/\\\/www.edesia.al\\\/?s={search_term_string}\"},\"query-input\":{\"@type\":\"PropertyValueSpecification\",\"valueRequired\":true,\"valueName\":\"search_term_string\"}}],\"inLanguage\":\"en-US\"},{\"@type\":\"Organization\",\"@id\":\"https:\\\/\\\/www.edesia.al\\\/#organization\",\"name\":\"Edesia\",\"url\":\"https:\\\/\\\/www.edesia.al\\\/\",\"logo\":{\"@type\":\"ImageObject\",\"inLanguage\":\"en-US\",\"@id\":\"https:\\\/\\\/www.edesia.al\\\/#\\\/schema\\\/logo\\\/image\\\/\",\"url\":\"https:\\\/\\\/www.edesia.al\\\/wp-content\\\/uploads\\\/2026\\\/02\\\/Logo-Edesia-no-background.png\",\"contentUrl\":\"https:\\\/\\\/www.edesia.al\\\/wp-content\\\/uploads\\\/2026\\\/02\\\/Logo-Edesia-no-background.png\",\"width\":293,\"height\":158,\"caption\":\"Edesia\"},\"image\":{\"@id\":\"https:\\\/\\\/www.edesia.al\\\/#\\\/schema\\\/logo\\\/image\\\/\"}}]}<\/script>\n<!-- \/ Yoast SEO plugin. -->","yoast_head_json":{"title":"Shampo Aloe Vera Bio per Floke Normal - Edesia","description":"Shampo aloe vera bio per flok\u00eb normal me aloe vera dhe glycerin per hidratim, butesi dhe freski natyrale.","robots":{"index":"index","follow":"follow","max-snippet":"max-snippet:-1","max-image-preview":"max-image-preview:large","max-video-preview":"max-video-preview:-1"},"canonical":"https:\/\/www.edesia.al\/?product=shampo-aloe-vera-bio-floke-normal","og_locale":"en_US","og_type":"article","og_title":"Shampo Aloe Vera Bio per Floke Normal - Edesia","og_description":"Shampo aloe vera bio per flok\u00eb normal me aloe vera dhe glycerin per hidratim, butesi dhe freski natyrale.","og_url":"https:\/\/www.edesia.al\/?product=shampo-aloe-vera-bio-floke-normal","og_site_name":"Edesia","article_modified_time":"2026-05-16T16:03:28+00:00","og_image":[{"width":754,"height":2673,"url":"https:\/\/www.edesia.al\/wp-content\/uploads\/2026\/05\/137791-095609-1083803_g1n1_alwaynatural_shampoo_250ml.webp","type":"image\/webp"}],"twitter_card":"summary_large_image","twitter_misc":{"Est. reading time":"2 minutes"},"schema":{"@context":"https:\/\/schema.org","@graph":[{"@type":"WebPage","@id":"https:\/\/www.edesia.al\/?product=shampo-aloe-vera-bio-floke-normal","url":"https:\/\/www.edesia.al\/?product=shampo-aloe-vera-bio-floke-normal","name":"Shampo Aloe Vera Bio per Floke Normal - Edesia","isPartOf":{"@id":"https:\/\/www.edesia.al\/#website"},"primaryImageOfPage":{"@id":"https:\/\/www.edesia.al\/?product=shampo-aloe-vera-bio-floke-normal#primaryimage"},"image":{"@id":"https:\/\/www.edesia.al\/?product=shampo-aloe-vera-bio-floke-normal#primaryimage"},"thumbnailUrl":"https:\/\/www.edesia.al\/wp-content\/uploads\/2026\/05\/137791-095609-1083803_g1n1_alwaynatural_shampoo_250ml.webp","datePublished":"2026-05-16T16:03:27+00:00","dateModified":"2026-05-16T16:03:28+00:00","description":"Shampo aloe vera bio per flok\u00eb normal me aloe vera dhe glycerin per hidratim, butesi dhe freski natyrale.","breadcrumb":{"@id":"https:\/\/www.edesia.al\/?product=shampo-aloe-vera-bio-floke-normal#breadcrumb"},"inLanguage":"en-US","potentialAction":[{"@type":"ReadAction","target":["https:\/\/www.edesia.al\/?product=shampo-aloe-vera-bio-floke-normal"]}]},{"@type":"ImageObject","inLanguage":"en-US","@id":"https:\/\/www.edesia.al\/?product=shampo-aloe-vera-bio-floke-normal#primaryimage","url":"https:\/\/www.edesia.al\/wp-content\/uploads\/2026\/05\/137791-095609-1083803_g1n1_alwaynatural_shampoo_250ml.webp","contentUrl":"https:\/\/www.edesia.al\/wp-content\/uploads\/2026\/05\/137791-095609-1083803_g1n1_alwaynatural_shampoo_250ml.webp","width":754,"height":2673,"caption":"Shampo hidratues me aloe vera"},{"@type":"BreadcrumbList","@id":"https:\/\/www.edesia.al\/?product=shampo-aloe-vera-bio-floke-normal#breadcrumb","itemListElement":[{"@type":"ListItem","position":1,"name":"Home","item":"https:\/\/www.edesia.al\/"},{"@type":"ListItem","position":2,"name":"Dyqani","item":"https:\/\/www.edesia.al\/?page_id=17"},{"@type":"ListItem","position":3,"name":"Shampo Aloe Vera Bio per Floke Normal"}]},{"@type":"WebSite","@id":"https:\/\/www.edesia.al\/#website","url":"https:\/\/www.edesia.al\/","name":"Edesia","description":"","publisher":{"@id":"https:\/\/www.edesia.al\/#organization"},"potentialAction":[{"@type":"SearchAction","target":{"@type":"EntryPoint","urlTemplate":"https:\/\/www.edesia.al\/?s={search_term_string}"},"query-input":{"@type":"PropertyValueSpecification","valueRequired":true,"valueName":"search_term_string"}}],"inLanguage":"en-US"},{"@type":"Organization","@id":"https:\/\/www.edesia.al\/#organization","name":"Edesia","url":"https:\/\/www.edesia.al\/","logo":{"@type":"ImageObject","inLanguage":"en-US","@id":"https:\/\/www.edesia.al\/#\/schema\/logo\/image\/","url":"https:\/\/www.edesia.al\/wp-content\/uploads\/2026\/02\/Logo-Edesia-no-background.png","contentUrl":"https:\/\/www.edesia.al\/wp-content\/uploads\/2026\/02\/Logo-Edesia-no-background.png","width":293,"height":158,"caption":"Edesia"},"image":{"@id":"https:\/\/www.edesia.al\/#\/schema\/logo\/image\/"}}]}},"_links":{"self":[{"href":"https:\/\/www.edesia.al\/index.php?rest_route=\/wp\/v2\/product\/15022","targetHints":{"allow":["GET"]}}],"collection":[{"href":"https:\/\/www.edesia.al\/index.php?rest_route=\/wp\/v2\/product"}],"about":[{"href":"https:\/\/www.edesia.al\/index.php?rest_route=\/wp\/v2\/types\/product"}],"replies":[{"embeddable":true,"href":"https:\/\/www.edesia.al\/index.php?rest_route=%2Fwp%2Fv2%2Fcomments&post=15022"}],"wp:featuredmedia":[{"embeddable":true,"href":"https:\/\/www.edesia.al\/index.php?rest_route=\/wp\/v2\/media\/15023"}],"wp:attachment":[{"href":"https:\/\/www.edesia.al\/index.php?rest_route=%2Fwp%2Fv2%2Fmedia&parent=15022"}],"wp:term":[{"taxonomy":"kategori-sipas-dietave","embeddable":true,"href":"https:\/\/www.edesia.al\/index.php?rest_route=%2Fwp%2Fv2%2Fkategori-sipas-dietave&post=15022"},{"taxonomy":"kategori-sipas-problemeve-shende","embeddable":true,"href":"https:\/\/www.edesia.al\/index.php?rest_route=%2Fwp%2Fv2%2Fkategori-sipas-problemeve-shende&post=15022"},{"taxonomy":"produkte-me-ulje","embeddable":true,"href":"https:\/\/www.edesia.al\/index.php?rest_route=%2Fwp%2Fv2%2Fprodukte-me-ulje&post=15022"},{"taxonomy":"product_brand","embeddable":true,"href":"https:\/\/www.edesia.al\/index.php?rest_route=%2Fwp%2Fv2%2Fproduct_brand&post=15022"},{"taxonomy":"product_cat","embeddable":true,"href":"https:\/\/www.edesia.al\/index.php?rest_route=%2Fwp%2Fv2%2Fproduct_cat&post=15022"},{"taxonomy":"product_tag","embeddable":true,"href":"https:\/\/www.edesia.al\/index.php?rest_route=%2Fwp%2Fv2%2Fproduct_tag&post=15022"}],"curies":[{"name":"wp","href":"https:\/\/api.w.org\/{rel}","templated":true}]}}