{"id":6117,"date":"2026-02-16T21:05:23","date_gmt":"2026-02-16T21:05:23","guid":{"rendered":"https:\/\/www.edesia.al\/?post_type=product&#038;p=6117"},"modified":"2026-02-25T18:06:19","modified_gmt":"2026-02-25T18:06:19","slug":"sheqer-hurma-arabie","status":"publish","type":"product","link":"https:\/\/www.edesia.al\/?product=sheqer-hurma-arabie","title":{"rendered":"Sheqer &#8220;Hurma Arabie&#8221;"},"content":{"rendered":"<h3>Sheqer &#8220;Hurma Arabie&#8221; 200gr<\/h3>\n<p>T\u00eb gjith\u00eb i kemi perdorur Hurmat e arabie n\u00eb recetat tona si embelsues. Sheqeri i tyre nuk \u00ebsht\u00eb asgj\u00eb tjet\u00ebr vecse hurma e thar\u00eb e b\u00ebr\u00eb pluhur. Ky p\u00ebrpunim tradicional dhe aspak kimik e b\u00ebn nj\u00eb shtes\u00eb embelsuese tep\u00ebr t\u00eb sh\u00ebndetshme.<\/p>\n<p>Por ku ndryshon sheqeri i hurmave t\u00eb arabies nga sheqeri normal? \u00cbsht\u00eb e thjesht\u00eb, mjafton t\u00eb dim\u00eb diferencen mes sucroses, glucoses dhe fructozes. Dy t\u00eb fundit gjenden n\u00eb frutat si hurmat e arabis\u00eb t\u00eb cilat nuk rrisin indeksin glicemik n\u00eb gjak, treten leht\u00eb dhe furnizon muskujt me energji.<\/p>\n<p>&nbsp;<\/p>\n<h4>Benefitet shendetsore te sheqerit te hurmave te arabies:<\/h4>\n<p>Nj\u00eblloj si hurma ka nj\u00ebe % te lart\u00eb mineralesh si potasium, magnez, hekur dhe kalcium q\u00eb ndihmojn\u00eb me presionin e lart\u00eb t\u00eb gjakut, sh\u00ebndetin nervore, dhe balanc\u00ebn elektrolite t\u00eb trupit.<\/p>\n<p>Ky sheqer sh\u00ebnderrohet shum\u00eb shpejt\u00eb n\u00eb energji duke ndihmuar muskujt te rekuperohen me shpejte<\/p>\n<p>Ka indeks t\u00eb ulet glicemik i cili nuk rrit nivelin e sheqerit\u00a0 ne gjak<\/p>\n<p>Shum\u00eb i pasur n\u00eb tanina te cilat ndihmojn\u00eb tretjen dhe luftojn\u00eb infeksionet<\/p>\n<p>Ndryshe nga shurupi i panjes apo agave, sheqeri i hurmave t\u00eb arabis\u00eb p\u00ebrmban beta-caroten dhe luteine antioksidante shum\u00eb t\u00eb fuqishem q\u00eb lufton tumoret dhe mbrojne nga plakje<\/p>\n<p><strong>P\u00ebrdorimi:<\/strong><\/p>\n<p>P\u00ebrdoret kudo si z\u00ebv\u00ebndesues i sheqerit normal<\/p>\n<p>&nbsp;<\/p>\n<p>&nbsp;<\/p>\n<p>&nbsp;<\/p>\n","protected":false},"excerpt":{"rendered":"<p>Sheqer &#8220;Hurma Arabie&#8221; 200gr T\u00eb gjith\u00eb i kemi perdorur Hurmat e arabie n\u00eb recetat tona si embelsues. Sheqeri i tyre nuk \u00ebsht\u00eb asgj\u00eb tjet\u00ebr vecse hurma e thar\u00eb e b\u00ebr\u00eb pluhur. Ky p\u00ebrpunim tradicional dhe aspak kimik e b\u00ebn nj\u00eb shtes\u00eb embelsuese tep\u00ebr t\u00eb sh\u00ebndetshme. Por ku ndryshon sheqeri i hurmave t\u00eb arabies nga sheqeri[&#8230;]<\/p>\n","protected":false},"featured_media":7187,"comment_status":"open","ping_status":"closed","template":"","meta":{"_acf_changed":false,"inline_featured_image":false},"kategori-sipas-dietave":[],"kategori-sipas-problemeve-shende":[],"product_brand":[32],"product_cat":[46,26],"product_tag":[159],"class_list":{"0":"post-6117","1":"product","2":"type-product","3":"status-publish","4":"has-post-thumbnail","6":"product_brand-bioagros","7":"product_cat-sheqer-bio","8":"product_cat-ushqime-bio","9":"product_tag-sheqer-organic","11":"first","12":"instock","13":"taxable","14":"shipping-taxable","15":"purchasable","16":"product-type-simple"},"acf":[],"yoast_head":"<!-- This site is optimized with the Yoast SEO plugin v27.4 - https:\/\/yoast.com\/product\/yoast-seo-wordpress\/ -->\n<title>Sheqer &quot;Hurma Arabie&quot; - Edesia<\/title>\n<meta name=\"robots\" content=\"index, follow, max-snippet:-1, max-image-preview:large, max-video-preview:-1\" \/>\n<link rel=\"canonical\" href=\"https:\/\/www.edesia.al\/?product=sheqer-hurma-arabie\" \/>\n<meta property=\"og:locale\" content=\"en_US\" \/>\n<meta property=\"og:type\" content=\"article\" \/>\n<meta property=\"og:title\" content=\"Sheqer &quot;Hurma Arabie&quot; - Edesia\" \/>\n<meta property=\"og:description\" content=\"Sheqer &#8220;Hurma Arabie&#8221; 200gr T\u00eb gjith\u00eb i kemi perdorur Hurmat e arabie n\u00eb recetat tona si embelsues. Sheqeri i tyre nuk \u00ebsht\u00eb asgj\u00eb tjet\u00ebr vecse hurma e thar\u00eb e b\u00ebr\u00eb pluhur. Ky p\u00ebrpunim tradicional dhe aspak kimik e b\u00ebn nj\u00eb shtes\u00eb embelsuese tep\u00ebr t\u00eb sh\u00ebndetshme. Por ku ndryshon sheqeri i hurmave t\u00eb arabies nga sheqeri[...]\" \/>\n<meta property=\"og:url\" content=\"https:\/\/www.edesia.al\/?product=sheqer-hurma-arabie\" \/>\n<meta property=\"og:site_name\" content=\"Edesia\" \/>\n<meta property=\"article:modified_time\" content=\"2026-02-25T18:06:19+00:00\" \/>\n<meta property=\"og:image\" content=\"https:\/\/www.edesia.al\/wp-content\/uploads\/2026\/02\/121041521-1.png\" \/>\n\t<meta property=\"og:image:width\" content=\"535\" \/>\n\t<meta property=\"og:image:height\" content=\"535\" \/>\n\t<meta property=\"og:image:type\" content=\"image\/png\" \/>\n<meta name=\"twitter:card\" content=\"summary_large_image\" \/>\n<meta name=\"twitter:label1\" content=\"Est. reading time\" \/>\n\t<meta name=\"twitter:data1\" content=\"1 minute\" \/>\n<script type=\"application\/ld+json\" class=\"yoast-schema-graph\">{\"@context\":\"https:\\\/\\\/schema.org\",\"@graph\":[{\"@type\":\"WebPage\",\"@id\":\"https:\\\/\\\/www.edesia.al\\\/?product=sheqer-hurma-arabie\",\"url\":\"https:\\\/\\\/www.edesia.al\\\/?product=sheqer-hurma-arabie\",\"name\":\"Sheqer \\\"Hurma Arabie\\\" - Edesia\",\"isPartOf\":{\"@id\":\"https:\\\/\\\/www.edesia.al\\\/#website\"},\"primaryImageOfPage\":{\"@id\":\"https:\\\/\\\/www.edesia.al\\\/?product=sheqer-hurma-arabie#primaryimage\"},\"image\":{\"@id\":\"https:\\\/\\\/www.edesia.al\\\/?product=sheqer-hurma-arabie#primaryimage\"},\"thumbnailUrl\":\"https:\\\/\\\/www.edesia.al\\\/wp-content\\\/uploads\\\/2026\\\/02\\\/121041521-1.png\",\"datePublished\":\"2026-02-16T21:05:23+00:00\",\"dateModified\":\"2026-02-25T18:06:19+00:00\",\"breadcrumb\":{\"@id\":\"https:\\\/\\\/www.edesia.al\\\/?product=sheqer-hurma-arabie#breadcrumb\"},\"inLanguage\":\"en-US\",\"potentialAction\":[{\"@type\":\"ReadAction\",\"target\":[\"https:\\\/\\\/www.edesia.al\\\/?product=sheqer-hurma-arabie\"]}]},{\"@type\":\"ImageObject\",\"inLanguage\":\"en-US\",\"@id\":\"https:\\\/\\\/www.edesia.al\\\/?product=sheqer-hurma-arabie#primaryimage\",\"url\":\"https:\\\/\\\/www.edesia.al\\\/wp-content\\\/uploads\\\/2026\\\/02\\\/121041521-1.png\",\"contentUrl\":\"https:\\\/\\\/www.edesia.al\\\/wp-content\\\/uploads\\\/2026\\\/02\\\/121041521-1.png\",\"width\":535,\"height\":535},{\"@type\":\"BreadcrumbList\",\"@id\":\"https:\\\/\\\/www.edesia.al\\\/?product=sheqer-hurma-arabie#breadcrumb\",\"itemListElement\":[{\"@type\":\"ListItem\",\"position\":1,\"name\":\"Home\",\"item\":\"https:\\\/\\\/www.edesia.al\\\/\"},{\"@type\":\"ListItem\",\"position\":2,\"name\":\"Dyqani\",\"item\":\"https:\\\/\\\/www.edesia.al\\\/?page_id=17\"},{\"@type\":\"ListItem\",\"position\":3,\"name\":\"Sheqer &#8220;Hurma Arabie&#8221;\"}]},{\"@type\":\"WebSite\",\"@id\":\"https:\\\/\\\/www.edesia.al\\\/#website\",\"url\":\"https:\\\/\\\/www.edesia.al\\\/\",\"name\":\"Edesia\",\"description\":\"\",\"publisher\":{\"@id\":\"https:\\\/\\\/www.edesia.al\\\/#organization\"},\"potentialAction\":[{\"@type\":\"SearchAction\",\"target\":{\"@type\":\"EntryPoint\",\"urlTemplate\":\"https:\\\/\\\/www.edesia.al\\\/?s={search_term_string}\"},\"query-input\":{\"@type\":\"PropertyValueSpecification\",\"valueRequired\":true,\"valueName\":\"search_term_string\"}}],\"inLanguage\":\"en-US\"},{\"@type\":\"Organization\",\"@id\":\"https:\\\/\\\/www.edesia.al\\\/#organization\",\"name\":\"Edesia\",\"url\":\"https:\\\/\\\/www.edesia.al\\\/\",\"logo\":{\"@type\":\"ImageObject\",\"inLanguage\":\"en-US\",\"@id\":\"https:\\\/\\\/www.edesia.al\\\/#\\\/schema\\\/logo\\\/image\\\/\",\"url\":\"https:\\\/\\\/www.edesia.al\\\/wp-content\\\/uploads\\\/2026\\\/02\\\/Logo-Edesia-no-background.png\",\"contentUrl\":\"https:\\\/\\\/www.edesia.al\\\/wp-content\\\/uploads\\\/2026\\\/02\\\/Logo-Edesia-no-background.png\",\"width\":293,\"height\":158,\"caption\":\"Edesia\"},\"image\":{\"@id\":\"https:\\\/\\\/www.edesia.al\\\/#\\\/schema\\\/logo\\\/image\\\/\"}}]}<\/script>\n<!-- \/ Yoast SEO plugin. -->","yoast_head_json":{"title":"Sheqer \"Hurma Arabie\" - Edesia","robots":{"index":"index","follow":"follow","max-snippet":"max-snippet:-1","max-image-preview":"max-image-preview:large","max-video-preview":"max-video-preview:-1"},"canonical":"https:\/\/www.edesia.al\/?product=sheqer-hurma-arabie","og_locale":"en_US","og_type":"article","og_title":"Sheqer \"Hurma Arabie\" - Edesia","og_description":"Sheqer &#8220;Hurma Arabie&#8221; 200gr T\u00eb gjith\u00eb i kemi perdorur Hurmat e arabie n\u00eb recetat tona si embelsues. Sheqeri i tyre nuk \u00ebsht\u00eb asgj\u00eb tjet\u00ebr vecse hurma e thar\u00eb e b\u00ebr\u00eb pluhur. Ky p\u00ebrpunim tradicional dhe aspak kimik e b\u00ebn nj\u00eb shtes\u00eb embelsuese tep\u00ebr t\u00eb sh\u00ebndetshme. Por ku ndryshon sheqeri i hurmave t\u00eb arabies nga sheqeri[...]","og_url":"https:\/\/www.edesia.al\/?product=sheqer-hurma-arabie","og_site_name":"Edesia","article_modified_time":"2026-02-25T18:06:19+00:00","og_image":[{"width":535,"height":535,"url":"https:\/\/www.edesia.al\/wp-content\/uploads\/2026\/02\/121041521-1.png","type":"image\/png"}],"twitter_card":"summary_large_image","twitter_misc":{"Est. reading time":"1 minute"},"schema":{"@context":"https:\/\/schema.org","@graph":[{"@type":"WebPage","@id":"https:\/\/www.edesia.al\/?product=sheqer-hurma-arabie","url":"https:\/\/www.edesia.al\/?product=sheqer-hurma-arabie","name":"Sheqer \"Hurma Arabie\" - Edesia","isPartOf":{"@id":"https:\/\/www.edesia.al\/#website"},"primaryImageOfPage":{"@id":"https:\/\/www.edesia.al\/?product=sheqer-hurma-arabie#primaryimage"},"image":{"@id":"https:\/\/www.edesia.al\/?product=sheqer-hurma-arabie#primaryimage"},"thumbnailUrl":"https:\/\/www.edesia.al\/wp-content\/uploads\/2026\/02\/121041521-1.png","datePublished":"2026-02-16T21:05:23+00:00","dateModified":"2026-02-25T18:06:19+00:00","breadcrumb":{"@id":"https:\/\/www.edesia.al\/?product=sheqer-hurma-arabie#breadcrumb"},"inLanguage":"en-US","potentialAction":[{"@type":"ReadAction","target":["https:\/\/www.edesia.al\/?product=sheqer-hurma-arabie"]}]},{"@type":"ImageObject","inLanguage":"en-US","@id":"https:\/\/www.edesia.al\/?product=sheqer-hurma-arabie#primaryimage","url":"https:\/\/www.edesia.al\/wp-content\/uploads\/2026\/02\/121041521-1.png","contentUrl":"https:\/\/www.edesia.al\/wp-content\/uploads\/2026\/02\/121041521-1.png","width":535,"height":535},{"@type":"BreadcrumbList","@id":"https:\/\/www.edesia.al\/?product=sheqer-hurma-arabie#breadcrumb","itemListElement":[{"@type":"ListItem","position":1,"name":"Home","item":"https:\/\/www.edesia.al\/"},{"@type":"ListItem","position":2,"name":"Dyqani","item":"https:\/\/www.edesia.al\/?page_id=17"},{"@type":"ListItem","position":3,"name":"Sheqer &#8220;Hurma Arabie&#8221;"}]},{"@type":"WebSite","@id":"https:\/\/www.edesia.al\/#website","url":"https:\/\/www.edesia.al\/","name":"Edesia","description":"","publisher":{"@id":"https:\/\/www.edesia.al\/#organization"},"potentialAction":[{"@type":"SearchAction","target":{"@type":"EntryPoint","urlTemplate":"https:\/\/www.edesia.al\/?s={search_term_string}"},"query-input":{"@type":"PropertyValueSpecification","valueRequired":true,"valueName":"search_term_string"}}],"inLanguage":"en-US"},{"@type":"Organization","@id":"https:\/\/www.edesia.al\/#organization","name":"Edesia","url":"https:\/\/www.edesia.al\/","logo":{"@type":"ImageObject","inLanguage":"en-US","@id":"https:\/\/www.edesia.al\/#\/schema\/logo\/image\/","url":"https:\/\/www.edesia.al\/wp-content\/uploads\/2026\/02\/Logo-Edesia-no-background.png","contentUrl":"https:\/\/www.edesia.al\/wp-content\/uploads\/2026\/02\/Logo-Edesia-no-background.png","width":293,"height":158,"caption":"Edesia"},"image":{"@id":"https:\/\/www.edesia.al\/#\/schema\/logo\/image\/"}}]}},"_links":{"self":[{"href":"https:\/\/www.edesia.al\/index.php?rest_route=\/wp\/v2\/product\/6117","targetHints":{"allow":["GET"]}}],"collection":[{"href":"https:\/\/www.edesia.al\/index.php?rest_route=\/wp\/v2\/product"}],"about":[{"href":"https:\/\/www.edesia.al\/index.php?rest_route=\/wp\/v2\/types\/product"}],"replies":[{"embeddable":true,"href":"https:\/\/www.edesia.al\/index.php?rest_route=%2Fwp%2Fv2%2Fcomments&post=6117"}],"wp:featuredmedia":[{"embeddable":true,"href":"https:\/\/www.edesia.al\/index.php?rest_route=\/wp\/v2\/media\/7187"}],"wp:attachment":[{"href":"https:\/\/www.edesia.al\/index.php?rest_route=%2Fwp%2Fv2%2Fmedia&parent=6117"}],"wp:term":[{"taxonomy":"kategori-sipas-dietave","embeddable":true,"href":"https:\/\/www.edesia.al\/index.php?rest_route=%2Fwp%2Fv2%2Fkategori-sipas-dietave&post=6117"},{"taxonomy":"kategori-sipas-problemeve-shende","embeddable":true,"href":"https:\/\/www.edesia.al\/index.php?rest_route=%2Fwp%2Fv2%2Fkategori-sipas-problemeve-shende&post=6117"},{"taxonomy":"product_brand","embeddable":true,"href":"https:\/\/www.edesia.al\/index.php?rest_route=%2Fwp%2Fv2%2Fproduct_brand&post=6117"},{"taxonomy":"product_cat","embeddable":true,"href":"https:\/\/www.edesia.al\/index.php?rest_route=%2Fwp%2Fv2%2Fproduct_cat&post=6117"},{"taxonomy":"product_tag","embeddable":true,"href":"https:\/\/www.edesia.al\/index.php?rest_route=%2Fwp%2Fv2%2Fproduct_tag&post=6117"}],"curies":[{"name":"wp","href":"https:\/\/api.w.org\/{rel}","templated":true}]}}