{"id":6118,"date":"2026-02-16T21:05:23","date_gmt":"2026-02-16T21:05:23","guid":{"rendered":"https:\/\/www.edesia.al\/?post_type=product&#038;p=6118"},"modified":"2026-02-24T18:41:20","modified_gmt":"2026-02-24T18:41:20","slug":"shurup-melasa","status":"publish","type":"product","link":"https:\/\/www.edesia.al\/?product=shurup-melasa","title":{"rendered":"Shurup Melasa"},"content":{"rendered":"<p>Shurup Melasa (550gr)<\/p>\n<p>Melasa \u00ebsht\u00eb nj\u00eb produkt i b\u00ebr\u00eb nga l\u00ebngu i kambeve t\u00eb drurit t\u00eb sheqerit gjat\u00eb procesit t\u00eb prodhimit t\u00eb sheqerit. Ky l\u00ebng \u00ebsht\u00eb m\u00eb i trash\u00eb dhe m\u00eb i \u00ebmb\u00ebl se sa sheqeri i rafinuar, dhe p\u00ebr k\u00ebt\u00eb arsye, melasa shpesh p\u00ebrdoret si z\u00ebvend\u00ebsues i sheqerit n\u00eb disa receta ushqimore dhe pije.<\/p>\n<h4>P\u00ebrfitimet sh\u00ebndet\u00ebsore t\u00eb Shurupit Melasa:<\/h4>\n<ul>\n<li>Shurupi i melas\u00ebs ndihmon n\u00eb <strong data-start=\"29\" data-end=\"67\">normalizimin e niveleve t\u00eb hekurit<\/strong> fal\u00eb p\u00ebrmbajtjes s\u00eb lart\u00eb dhe t\u00eb leht\u00ebsisht p\u00ebrthithshme t\u00eb hekurit, si dhe p\u00ebrb\u00ebr\u00ebsve t\u00eb tjer\u00eb q\u00eb <strong data-start=\"167\" data-end=\"193\">mb\u00ebshtesin p\u00ebrthithjen<\/strong> dhe <strong data-start=\"198\" data-end=\"214\">shfryt\u00ebzimin<\/strong> e tij n\u00eb trup. Keshtu rrit nivelet e hekurit n\u00eb m\u00ebnyr\u00eb natyrale, ve\u00e7an\u00ebrisht p\u00ebr <strong data-start=\"755\" data-end=\"771\">vegjetarian\u00eb<\/strong>, <strong data-start=\"773\" data-end=\"792\">grat\u00eb shtatz\u00ebna<\/strong> apo personat me <strong data-start=\"804\" data-end=\"813\">anemi<\/strong>.<\/li>\n<li>Burim i pasur i antioksidant\u00ebve : Melasa \u00ebsht\u00eb nj\u00eb burim i mir\u00eb i antioksidant\u00ebve, t\u00eb cil\u00ebt ndihmojn\u00eb n\u00eb luftimin e d\u00ebmtimeve t\u00eb qelizave nga radikaltet e lira dhe mund t\u00eb ndihmojn\u00eb n\u00eb uljen e rrezikut t\u00eb s\u00ebmundjeve t\u00eb ndryshme.<\/li>\n<li>Burim i vitaminave dhe mineraleve: Melasa \u00ebsht\u00eb nj\u00eb burim i pasur i vitaminave dhe mineraleve, si\u00e7 jan\u00eb kalciumi, magnezi, hekuria, kaliumi dhe fosfori. K\u00ebto substanca jan\u00eb t\u00eb r\u00ebnd\u00ebsishme p\u00ebr sh\u00ebndetin e mir\u00eb t\u00eb kockave, zemr\u00ebs, muskujve dhe trurit.<\/li>\n<li>Ndihmon n\u00eb rregullimin e nivelit t\u00eb sheqerit n\u00eb gjak : Edhe pse melasa \u00ebsht\u00eb e pasur me sheqer, ajo gjithashtu p\u00ebrmban disa substanca q\u00eb mund t\u00eb ndihmojn\u00eb n\u00eb rregullimin e nivelit t\u00eb sheqerit n\u00eb gjak. Kjo \u00ebsht\u00eb e r\u00ebnd\u00ebsishme p\u00ebr njer\u00ebzit q\u00eb kan\u00eb diabet ose jan\u00eb n\u00eb rrezik t\u00eb zhvillimit t\u00eb k\u00ebsaj s\u00ebmundjeje.<\/li>\n<li>Ndihmon n\u00eb leht\u00ebsimin e stresit dhe ankthit :\u00a0 Melasa p\u00ebrmban vitamin\u00eb B5 dhe shum\u00eb t\u00eb tjera q\u00eb mund t\u00eb ndihmojn\u00eb n\u00eb leht\u00ebsimin e stresit dhe ankthit. Kjo \u00ebsht\u00eb e r\u00ebnd\u00ebsishme p\u00ebr sh\u00ebndetin mendor dhe emocional t\u00eb njer\u00ebzve.<\/li>\n<li>Ndihmon n\u00eb ruajtjen e pesh\u00ebs : N\u00eb krahasim me sheqerin e rafinuar, melasa ka m\u00eb pak kalori dhe mund t\u00eb ndihmoj\u00eb n\u00eb ruajtjen e pesh\u00ebs s\u00eb duhur. Kjo \u00ebsht\u00eb e r\u00ebnd\u00ebsishme p\u00ebr njer\u00ebzit q\u00eb duan t\u00eb shohin sh\u00ebndetin e tyre dhe t\u00eb mbajn\u00eb nj\u00eb diet\u00eb t\u00eb sh\u00ebndetshme.<\/li>\n<\/ul>\n<h4>P\u00ebrdorimi:<\/h4>\n<ul>\n<li>1 lug\u00eb gjelle n\u00eb m\u00ebngjes, n\u00eb stomak bosh ose e p\u00ebrzier me uj\u00eb t\u00eb ngroht\u00eb.<\/li>\n<\/ul>\n<p>&nbsp;<\/p>\n","protected":false},"excerpt":{"rendered":"<p>Shurup Melasa (550gr) Melasa \u00ebsht\u00eb nj\u00eb produkt i b\u00ebr\u00eb nga l\u00ebngu i kambeve t\u00eb drurit t\u00eb sheqerit gjat\u00eb procesit t\u00eb prodhimit t\u00eb sheqerit. Ky l\u00ebng \u00ebsht\u00eb m\u00eb i trash\u00eb dhe m\u00eb i \u00ebmb\u00ebl se sa sheqeri i rafinuar, dhe p\u00ebr k\u00ebt\u00eb arsye, melasa shpesh p\u00ebrdoret si z\u00ebvend\u00ebsues i sheqerit n\u00eb disa receta ushqimore dhe pije.[&#8230;]<\/p>\n","protected":false},"featured_media":6803,"comment_status":"open","ping_status":"closed","template":"","meta":{"_acf_changed":false,"inline_featured_image":false},"kategori-sipas-dietave":[95],"kategori-sipas-problemeve-shende":[85],"product_brand":[32],"product_cat":[30,26],"product_tag":[155],"class_list":{"0":"post-6118","1":"product","2":"type-product","3":"status-publish","4":"has-post-thumbnail","6":"kategori-sipas-dietave-pa-gluten","7":"kategori-sipas-problemeve-shende-imuniteti","8":"product_brand-bioagros","9":"product_cat-embelsues-natyral","10":"product_cat-ushqime-bio","11":"product_tag-ebmbelsues-organic","13":"first","14":"instock","15":"taxable","16":"shipping-taxable","17":"purchasable","18":"product-type-simple"},"acf":[],"yoast_head":"<!-- This site is optimized with the Yoast SEO plugin v27.4 - https:\/\/yoast.com\/product\/yoast-seo-wordpress\/ -->\n<title>Shurup Melasa - Edesia<\/title>\n<meta name=\"robots\" content=\"index, follow, max-snippet:-1, max-image-preview:large, max-video-preview:-1\" \/>\n<link rel=\"canonical\" href=\"https:\/\/www.edesia.al\/?product=shurup-melasa\" \/>\n<meta property=\"og:locale\" content=\"en_US\" \/>\n<meta property=\"og:type\" content=\"article\" \/>\n<meta property=\"og:title\" content=\"Shurup Melasa - Edesia\" \/>\n<meta property=\"og:description\" content=\"Shurup Melasa (550gr) Melasa \u00ebsht\u00eb nj\u00eb produkt i b\u00ebr\u00eb nga l\u00ebngu i kambeve t\u00eb drurit t\u00eb sheqerit gjat\u00eb procesit t\u00eb prodhimit t\u00eb sheqerit. Ky l\u00ebng \u00ebsht\u00eb m\u00eb i trash\u00eb dhe m\u00eb i \u00ebmb\u00ebl se sa sheqeri i rafinuar, dhe p\u00ebr k\u00ebt\u00eb arsye, melasa shpesh p\u00ebrdoret si z\u00ebvend\u00ebsues i sheqerit n\u00eb disa receta ushqimore dhe pije.[...]\" \/>\n<meta property=\"og:url\" content=\"https:\/\/www.edesia.al\/?product=shurup-melasa\" \/>\n<meta property=\"og:site_name\" content=\"Edesia\" \/>\n<meta property=\"article:modified_time\" content=\"2026-02-24T18:41:20+00:00\" \/>\n<meta property=\"og:image\" content=\"https:\/\/www.edesia.al\/wp-content\/uploads\/2026\/02\/Shurup-Melasa-1.png\" \/>\n\t<meta property=\"og:image:width\" content=\"593\" \/>\n\t<meta property=\"og:image:height\" content=\"593\" \/>\n\t<meta property=\"og:image:type\" content=\"image\/png\" \/>\n<meta name=\"twitter:card\" content=\"summary_large_image\" \/>\n<meta name=\"twitter:label1\" content=\"Est. reading time\" \/>\n\t<meta name=\"twitter:data1\" content=\"2 minutes\" \/>\n<script type=\"application\/ld+json\" class=\"yoast-schema-graph\">{\"@context\":\"https:\\\/\\\/schema.org\",\"@graph\":[{\"@type\":\"WebPage\",\"@id\":\"https:\\\/\\\/www.edesia.al\\\/?product=shurup-melasa\",\"url\":\"https:\\\/\\\/www.edesia.al\\\/?product=shurup-melasa\",\"name\":\"Shurup Melasa - Edesia\",\"isPartOf\":{\"@id\":\"https:\\\/\\\/www.edesia.al\\\/#website\"},\"primaryImageOfPage\":{\"@id\":\"https:\\\/\\\/www.edesia.al\\\/?product=shurup-melasa#primaryimage\"},\"image\":{\"@id\":\"https:\\\/\\\/www.edesia.al\\\/?product=shurup-melasa#primaryimage\"},\"thumbnailUrl\":\"https:\\\/\\\/www.edesia.al\\\/wp-content\\\/uploads\\\/2026\\\/02\\\/Shurup-Melasa-1.png\",\"datePublished\":\"2026-02-16T21:05:23+00:00\",\"dateModified\":\"2026-02-24T18:41:20+00:00\",\"breadcrumb\":{\"@id\":\"https:\\\/\\\/www.edesia.al\\\/?product=shurup-melasa#breadcrumb\"},\"inLanguage\":\"en-US\",\"potentialAction\":[{\"@type\":\"ReadAction\",\"target\":[\"https:\\\/\\\/www.edesia.al\\\/?product=shurup-melasa\"]}]},{\"@type\":\"ImageObject\",\"inLanguage\":\"en-US\",\"@id\":\"https:\\\/\\\/www.edesia.al\\\/?product=shurup-melasa#primaryimage\",\"url\":\"https:\\\/\\\/www.edesia.al\\\/wp-content\\\/uploads\\\/2026\\\/02\\\/Shurup-Melasa-1.png\",\"contentUrl\":\"https:\\\/\\\/www.edesia.al\\\/wp-content\\\/uploads\\\/2026\\\/02\\\/Shurup-Melasa-1.png\",\"width\":593,\"height\":593},{\"@type\":\"BreadcrumbList\",\"@id\":\"https:\\\/\\\/www.edesia.al\\\/?product=shurup-melasa#breadcrumb\",\"itemListElement\":[{\"@type\":\"ListItem\",\"position\":1,\"name\":\"Home\",\"item\":\"https:\\\/\\\/www.edesia.al\\\/\"},{\"@type\":\"ListItem\",\"position\":2,\"name\":\"Dyqani\",\"item\":\"https:\\\/\\\/www.edesia.al\\\/?page_id=17\"},{\"@type\":\"ListItem\",\"position\":3,\"name\":\"Shurup Melasa\"}]},{\"@type\":\"WebSite\",\"@id\":\"https:\\\/\\\/www.edesia.al\\\/#website\",\"url\":\"https:\\\/\\\/www.edesia.al\\\/\",\"name\":\"Edesia\",\"description\":\"\",\"publisher\":{\"@id\":\"https:\\\/\\\/www.edesia.al\\\/#organization\"},\"potentialAction\":[{\"@type\":\"SearchAction\",\"target\":{\"@type\":\"EntryPoint\",\"urlTemplate\":\"https:\\\/\\\/www.edesia.al\\\/?s={search_term_string}\"},\"query-input\":{\"@type\":\"PropertyValueSpecification\",\"valueRequired\":true,\"valueName\":\"search_term_string\"}}],\"inLanguage\":\"en-US\"},{\"@type\":\"Organization\",\"@id\":\"https:\\\/\\\/www.edesia.al\\\/#organization\",\"name\":\"Edesia\",\"url\":\"https:\\\/\\\/www.edesia.al\\\/\",\"logo\":{\"@type\":\"ImageObject\",\"inLanguage\":\"en-US\",\"@id\":\"https:\\\/\\\/www.edesia.al\\\/#\\\/schema\\\/logo\\\/image\\\/\",\"url\":\"https:\\\/\\\/www.edesia.al\\\/wp-content\\\/uploads\\\/2026\\\/02\\\/Logo-Edesia-no-background.png\",\"contentUrl\":\"https:\\\/\\\/www.edesia.al\\\/wp-content\\\/uploads\\\/2026\\\/02\\\/Logo-Edesia-no-background.png\",\"width\":293,\"height\":158,\"caption\":\"Edesia\"},\"image\":{\"@id\":\"https:\\\/\\\/www.edesia.al\\\/#\\\/schema\\\/logo\\\/image\\\/\"}}]}<\/script>\n<!-- \/ Yoast SEO plugin. -->","yoast_head_json":{"title":"Shurup Melasa - Edesia","robots":{"index":"index","follow":"follow","max-snippet":"max-snippet:-1","max-image-preview":"max-image-preview:large","max-video-preview":"max-video-preview:-1"},"canonical":"https:\/\/www.edesia.al\/?product=shurup-melasa","og_locale":"en_US","og_type":"article","og_title":"Shurup Melasa - Edesia","og_description":"Shurup Melasa (550gr) Melasa \u00ebsht\u00eb nj\u00eb produkt i b\u00ebr\u00eb nga l\u00ebngu i kambeve t\u00eb drurit t\u00eb sheqerit gjat\u00eb procesit t\u00eb prodhimit t\u00eb sheqerit. Ky l\u00ebng \u00ebsht\u00eb m\u00eb i trash\u00eb dhe m\u00eb i \u00ebmb\u00ebl se sa sheqeri i rafinuar, dhe p\u00ebr k\u00ebt\u00eb arsye, melasa shpesh p\u00ebrdoret si z\u00ebvend\u00ebsues i sheqerit n\u00eb disa receta ushqimore dhe pije.[...]","og_url":"https:\/\/www.edesia.al\/?product=shurup-melasa","og_site_name":"Edesia","article_modified_time":"2026-02-24T18:41:20+00:00","og_image":[{"width":593,"height":593,"url":"https:\/\/www.edesia.al\/wp-content\/uploads\/2026\/02\/Shurup-Melasa-1.png","type":"image\/png"}],"twitter_card":"summary_large_image","twitter_misc":{"Est. reading time":"2 minutes"},"schema":{"@context":"https:\/\/schema.org","@graph":[{"@type":"WebPage","@id":"https:\/\/www.edesia.al\/?product=shurup-melasa","url":"https:\/\/www.edesia.al\/?product=shurup-melasa","name":"Shurup Melasa - Edesia","isPartOf":{"@id":"https:\/\/www.edesia.al\/#website"},"primaryImageOfPage":{"@id":"https:\/\/www.edesia.al\/?product=shurup-melasa#primaryimage"},"image":{"@id":"https:\/\/www.edesia.al\/?product=shurup-melasa#primaryimage"},"thumbnailUrl":"https:\/\/www.edesia.al\/wp-content\/uploads\/2026\/02\/Shurup-Melasa-1.png","datePublished":"2026-02-16T21:05:23+00:00","dateModified":"2026-02-24T18:41:20+00:00","breadcrumb":{"@id":"https:\/\/www.edesia.al\/?product=shurup-melasa#breadcrumb"},"inLanguage":"en-US","potentialAction":[{"@type":"ReadAction","target":["https:\/\/www.edesia.al\/?product=shurup-melasa"]}]},{"@type":"ImageObject","inLanguage":"en-US","@id":"https:\/\/www.edesia.al\/?product=shurup-melasa#primaryimage","url":"https:\/\/www.edesia.al\/wp-content\/uploads\/2026\/02\/Shurup-Melasa-1.png","contentUrl":"https:\/\/www.edesia.al\/wp-content\/uploads\/2026\/02\/Shurup-Melasa-1.png","width":593,"height":593},{"@type":"BreadcrumbList","@id":"https:\/\/www.edesia.al\/?product=shurup-melasa#breadcrumb","itemListElement":[{"@type":"ListItem","position":1,"name":"Home","item":"https:\/\/www.edesia.al\/"},{"@type":"ListItem","position":2,"name":"Dyqani","item":"https:\/\/www.edesia.al\/?page_id=17"},{"@type":"ListItem","position":3,"name":"Shurup Melasa"}]},{"@type":"WebSite","@id":"https:\/\/www.edesia.al\/#website","url":"https:\/\/www.edesia.al\/","name":"Edesia","description":"","publisher":{"@id":"https:\/\/www.edesia.al\/#organization"},"potentialAction":[{"@type":"SearchAction","target":{"@type":"EntryPoint","urlTemplate":"https:\/\/www.edesia.al\/?s={search_term_string}"},"query-input":{"@type":"PropertyValueSpecification","valueRequired":true,"valueName":"search_term_string"}}],"inLanguage":"en-US"},{"@type":"Organization","@id":"https:\/\/www.edesia.al\/#organization","name":"Edesia","url":"https:\/\/www.edesia.al\/","logo":{"@type":"ImageObject","inLanguage":"en-US","@id":"https:\/\/www.edesia.al\/#\/schema\/logo\/image\/","url":"https:\/\/www.edesia.al\/wp-content\/uploads\/2026\/02\/Logo-Edesia-no-background.png","contentUrl":"https:\/\/www.edesia.al\/wp-content\/uploads\/2026\/02\/Logo-Edesia-no-background.png","width":293,"height":158,"caption":"Edesia"},"image":{"@id":"https:\/\/www.edesia.al\/#\/schema\/logo\/image\/"}}]}},"_links":{"self":[{"href":"https:\/\/www.edesia.al\/index.php?rest_route=\/wp\/v2\/product\/6118","targetHints":{"allow":["GET"]}}],"collection":[{"href":"https:\/\/www.edesia.al\/index.php?rest_route=\/wp\/v2\/product"}],"about":[{"href":"https:\/\/www.edesia.al\/index.php?rest_route=\/wp\/v2\/types\/product"}],"replies":[{"embeddable":true,"href":"https:\/\/www.edesia.al\/index.php?rest_route=%2Fwp%2Fv2%2Fcomments&post=6118"}],"wp:featuredmedia":[{"embeddable":true,"href":"https:\/\/www.edesia.al\/index.php?rest_route=\/wp\/v2\/media\/6803"}],"wp:attachment":[{"href":"https:\/\/www.edesia.al\/index.php?rest_route=%2Fwp%2Fv2%2Fmedia&parent=6118"}],"wp:term":[{"taxonomy":"kategori-sipas-dietave","embeddable":true,"href":"https:\/\/www.edesia.al\/index.php?rest_route=%2Fwp%2Fv2%2Fkategori-sipas-dietave&post=6118"},{"taxonomy":"kategori-sipas-problemeve-shende","embeddable":true,"href":"https:\/\/www.edesia.al\/index.php?rest_route=%2Fwp%2Fv2%2Fkategori-sipas-problemeve-shende&post=6118"},{"taxonomy":"product_brand","embeddable":true,"href":"https:\/\/www.edesia.al\/index.php?rest_route=%2Fwp%2Fv2%2Fproduct_brand&post=6118"},{"taxonomy":"product_cat","embeddable":true,"href":"https:\/\/www.edesia.al\/index.php?rest_route=%2Fwp%2Fv2%2Fproduct_cat&post=6118"},{"taxonomy":"product_tag","embeddable":true,"href":"https:\/\/www.edesia.al\/index.php?rest_route=%2Fwp%2Fv2%2Fproduct_tag&post=6118"}],"curies":[{"name":"wp","href":"https:\/\/api.w.org\/{rel}","templated":true}]}}