{"id":6168,"date":"2026-02-16T21:05:45","date_gmt":"2026-02-16T21:05:45","guid":{"rendered":"https:\/\/www.edesia.al\/?post_type=product&#038;p=6168"},"modified":"2026-02-20T21:07:25","modified_gmt":"2026-02-20T21:07:25","slug":"vaj-i-farave-te-kungullit","status":"publish","type":"product","link":"https:\/\/www.edesia.al\/?product=vaj-i-farave-te-kungullit","title":{"rendered":"Vaj I Farave Te Kungullit"},"content":{"rendered":"<h3>Vaj I Farave T\u00eb Kungullit &#8211; 100% Bio-Organik, I Presuar n\u00eb t\u00eb Ftoht\u00eb<\/h3>\n<p>Vaji i farave t\u00eb kungullit \u00ebsht\u00eb nj\u00eb vaj q\u00eb p\u00ebrftohet\u00a0 nga farat e kungullit dh\u00eb p\u00ebrban t\u00eb koncentruara t\u00eb gjitha benefitet sh\u00ebndetsore q\u00eb fara e kungullit ka.<\/p>\n<h4>Por vecan\u00ebrisht \u00ebsht\u00eb i njohur p\u00ebr:<\/h4>\n<p><em>Trajtimin e prostat\u00ebs s\u00eb zmadhuar.<\/em><\/p>\n<p>Sh\u00ebndeti i prostates Vaji i farave t\u00eb kungullit p\u00ebrdoret p\u00ebr sh\u00ebrimin e prostat\u00ebs s\u00eb rritur. Vaji p\u00ebrmban fitokemikalie dhe antioksidues, t\u00eb cilat reduktojn\u00eb nivelin e radikaleve t\u00eb lira n\u00eb organiz\u00ebm dhe parandalojn\u00eb krijimin e qelizave kancerogjene.<\/p>\n<p><em>Zbusin simptomat e menopauz\u00ebs<\/em><\/p>\n<p>N\u00ebse jeni n\u00eb k\u00ebrkim t\u00eb nj\u00eb m\u00ebnyre natyrore p\u00ebr p\u00ebrmir\u00ebsim t\u00eb humorit ose p\u00ebr zbutje t\u00eb simptomave t\u00eb menopauz\u00ebs, farat e kungullit jan\u00eb nj\u00eb zgjedhje e shk\u00eblqyeshme. Farat rregullojn\u00eb sulmet e ngroht\u00ebsis\u00eb, dhimbjet e kok\u00ebs, zvog\u00eblojn\u00eb dhimbjet n\u00eb nyja dhe zvog\u00eblojn\u00eb shpesht\u00ebsin\u00eb e ndryshimeve t\u00eb papritura t\u00eb humorit.<\/p>\n<h4>Benefitet e tjera sh\u00ebndetsore:<\/h4>\n<ul>\n<li>Vaji i kungullit p\u00ebrmban omega-6 acid yndyror (p\u00ebrm<span class=\"text_exposed_show\">bajtje 40% -50%), sidomos acid linoleik.<\/span><\/li>\n<li><span class=\"text_exposed_show\">Ai \u00ebsht\u00eb i pasur me metale t\u00eb r\u00ebnda, hekur, magnez dhe zink.<\/span><\/li>\n<li>Ai gjithashtu p\u00ebrmban vitamina A, B1, B2, B6, C, D, E dhe K, si dhe phytosterols (phytoestrogens) t\u00eb cilat mbrojn\u00eb trupin nga s\u00ebmundjet kardiovaskulare, osteoporoza dhe kancerin e prostat\u00ebs, gjirit dhe zorr\u00ebs s\u00eb trash\u00eb.<\/li>\n<li>P\u00ebrve\u00e7 k\u00ebsaj, ai p\u00ebrmban vitamin\u00eb E, aktiv si nj\u00eb antioxidant kund\u00ebr plakjes s\u00eb trupit dhe ushqen l\u00ebkur\u00ebn.<\/li>\n<li>Gjithashtu vaji \u00ebsht\u00eb i shk\u00eblqyer n\u00eb parandalimin dhe trajtimin e problemeve te fshik\u00ebzes dhe parazit\u00ebt e zorr\u00ebve.<\/li>\n<li>Gjate perdorimit \u00ebsht\u00eb v\u00ebn\u00eb re se heq dhimbjen n\u00eb muskujt e lodhur, trajton artritit dhe redukton kolesterolin.<\/li>\n<\/ul>\n<h4>P\u00ebrdorimi:<\/h4>\n<p>K\u00ebshillohet q\u00eb burrat q\u00eb kan\u00eb probleme me prostat\u00ebn t\u00eb marrin nj\u00eb lug\u00eb caji n\u00eb dit\u00eb es\u00ebll n\u00eb m\u00ebngjes dhe do t\u00eb shohin p\u00ebrmir\u00ebsim t\u00eb gjendjes sh\u00ebndet\u00ebsore brenda nj\u00eb muaji.<br \/>\nGjithashtu grat\u00eb n\u00eb periudhen e menopauzes e fillojne me nj\u00eb lug\u00eb kafe dhe gradialisht rritet doza deri n\u00eb nj\u00eb lug\u00eb caji n\u00eb dit\u00eb.<br \/>\nGjithashtu mund ta b\u00ebni pjese t\u00eb dietes tuaj ditore duke e p\u00ebrdorur n\u00eb sallatra dhe sup\u00ebra t\u00eb ndryshme.<\/p>\n","protected":false},"excerpt":{"rendered":"<p>Vaji i farave t\u00eb kungullit \u00ebsht\u00eb i famsh\u00ebm p\u00ebr p\u00ebrmir\u00ebsimin e qarkullimit t\u00eb gjakut, sh\u00ebndetit t\u00eb kockave, parandalimin e depresionit. nj\u00eb nd\u00ebr vetit\u00eb k\u00ebtij vaji \u00ebsht\u00eb p\u00ebr trajtimin e zmadhimit t\u00eb prostat\u00ebs. Ky vaj \u00ebsht\u00eb i pasur me acide yndyrore Omega-3, hekur, magnez dhe zink, vitamina A, B1, B2, B6, C, D, E dhe K, si dhe aminoacide, si triptofani.<\/p>\n","protected":false},"featured_media":6201,"comment_status":"open","ping_status":"closed","template":"","meta":{"_acf_changed":false,"inline_featured_image":false},"kategori-sipas-dietave":[92],"kategori-sipas-problemeve-shende":[84],"product_brand":[32],"product_cat":[26,41],"product_tag":[],"class_list":{"0":"post-6168","1":"product","2":"type-product","3":"status-publish","4":"has-post-thumbnail","6":"kategori-sipas-dietave-keto","7":"kategori-sipas-problemeve-shende-suport-hormonal","8":"product_brand-bioagros","9":"product_cat-ushqime-bio","10":"product_cat-vajra-te-presuar-ne-te-ftohte","12":"first","13":"instock","14":"taxable","15":"shipping-taxable","16":"purchasable","17":"product-type-simple"},"acf":[],"yoast_head":"<!-- This site is optimized with the Yoast SEO plugin v27.4 - https:\/\/yoast.com\/product\/yoast-seo-wordpress\/ -->\n<title>Vaj I Farave Te Kungullit - Edesia<\/title>\n<meta name=\"robots\" content=\"index, follow, max-snippet:-1, max-image-preview:large, max-video-preview:-1\" \/>\n<link rel=\"canonical\" href=\"https:\/\/www.edesia.al\/?product=vaj-i-farave-te-kungullit\" \/>\n<meta property=\"og:locale\" content=\"en_US\" \/>\n<meta property=\"og:type\" content=\"article\" \/>\n<meta property=\"og:title\" content=\"Vaj I Farave Te Kungullit - Edesia\" \/>\n<meta property=\"og:description\" content=\"Vaji i farave t\u00eb kungullit \u00ebsht\u00eb i famsh\u00ebm p\u00ebr p\u00ebrmir\u00ebsimin e qarkullimit t\u00eb gjakut, sh\u00ebndetit t\u00eb kockave, parandalimin e depresionit. nj\u00eb nd\u00ebr vetit\u00eb k\u00ebtij vaji \u00ebsht\u00eb p\u00ebr trajtimin e zmadhimit t\u00eb prostat\u00ebs. Ky vaj \u00ebsht\u00eb i pasur me acide yndyrore Omega-3, hekur, magnez dhe zink, vitamina A, B1, B2, B6, C, D, E dhe K, si dhe aminoacide, si triptofani.\" \/>\n<meta property=\"og:url\" content=\"https:\/\/www.edesia.al\/?product=vaj-i-farave-te-kungullit\" \/>\n<meta property=\"og:site_name\" content=\"Edesia\" \/>\n<meta property=\"article:modified_time\" content=\"2026-02-20T21:07:25+00:00\" \/>\n<meta property=\"og:image\" content=\"https:\/\/www.edesia.al\/wp-content\/uploads\/2026\/02\/vaj-fara-kungulli-1.png\" \/>\n\t<meta property=\"og:image:width\" content=\"535\" \/>\n\t<meta property=\"og:image:height\" content=\"535\" \/>\n\t<meta property=\"og:image:type\" content=\"image\/png\" \/>\n<meta name=\"twitter:card\" content=\"summary_large_image\" \/>\n<meta name=\"twitter:label1\" content=\"Est. reading time\" \/>\n\t<meta name=\"twitter:data1\" content=\"2 minutes\" \/>\n<script type=\"application\/ld+json\" class=\"yoast-schema-graph\">{\"@context\":\"https:\\\/\\\/schema.org\",\"@graph\":[{\"@type\":\"WebPage\",\"@id\":\"https:\\\/\\\/www.edesia.al\\\/?product=vaj-i-farave-te-kungullit\",\"url\":\"https:\\\/\\\/www.edesia.al\\\/?product=vaj-i-farave-te-kungullit\",\"name\":\"Vaj I Farave Te Kungullit - Edesia\",\"isPartOf\":{\"@id\":\"https:\\\/\\\/www.edesia.al\\\/#website\"},\"primaryImageOfPage\":{\"@id\":\"https:\\\/\\\/www.edesia.al\\\/?product=vaj-i-farave-te-kungullit#primaryimage\"},\"image\":{\"@id\":\"https:\\\/\\\/www.edesia.al\\\/?product=vaj-i-farave-te-kungullit#primaryimage\"},\"thumbnailUrl\":\"https:\\\/\\\/www.edesia.al\\\/wp-content\\\/uploads\\\/2026\\\/02\\\/vaj-fara-kungulli-1.png\",\"datePublished\":\"2026-02-16T21:05:45+00:00\",\"dateModified\":\"2026-02-20T21:07:25+00:00\",\"breadcrumb\":{\"@id\":\"https:\\\/\\\/www.edesia.al\\\/?product=vaj-i-farave-te-kungullit#breadcrumb\"},\"inLanguage\":\"en-US\",\"potentialAction\":[{\"@type\":\"ReadAction\",\"target\":[\"https:\\\/\\\/www.edesia.al\\\/?product=vaj-i-farave-te-kungullit\"]}]},{\"@type\":\"ImageObject\",\"inLanguage\":\"en-US\",\"@id\":\"https:\\\/\\\/www.edesia.al\\\/?product=vaj-i-farave-te-kungullit#primaryimage\",\"url\":\"https:\\\/\\\/www.edesia.al\\\/wp-content\\\/uploads\\\/2026\\\/02\\\/vaj-fara-kungulli-1.png\",\"contentUrl\":\"https:\\\/\\\/www.edesia.al\\\/wp-content\\\/uploads\\\/2026\\\/02\\\/vaj-fara-kungulli-1.png\",\"width\":535,\"height\":535},{\"@type\":\"BreadcrumbList\",\"@id\":\"https:\\\/\\\/www.edesia.al\\\/?product=vaj-i-farave-te-kungullit#breadcrumb\",\"itemListElement\":[{\"@type\":\"ListItem\",\"position\":1,\"name\":\"Home\",\"item\":\"https:\\\/\\\/www.edesia.al\\\/\"},{\"@type\":\"ListItem\",\"position\":2,\"name\":\"Dyqani\",\"item\":\"https:\\\/\\\/www.edesia.al\\\/?page_id=17\"},{\"@type\":\"ListItem\",\"position\":3,\"name\":\"Vaj I Farave Te Kungullit\"}]},{\"@type\":\"WebSite\",\"@id\":\"https:\\\/\\\/www.edesia.al\\\/#website\",\"url\":\"https:\\\/\\\/www.edesia.al\\\/\",\"name\":\"Edesia\",\"description\":\"\",\"publisher\":{\"@id\":\"https:\\\/\\\/www.edesia.al\\\/#organization\"},\"potentialAction\":[{\"@type\":\"SearchAction\",\"target\":{\"@type\":\"EntryPoint\",\"urlTemplate\":\"https:\\\/\\\/www.edesia.al\\\/?s={search_term_string}\"},\"query-input\":{\"@type\":\"PropertyValueSpecification\",\"valueRequired\":true,\"valueName\":\"search_term_string\"}}],\"inLanguage\":\"en-US\"},{\"@type\":\"Organization\",\"@id\":\"https:\\\/\\\/www.edesia.al\\\/#organization\",\"name\":\"Edesia\",\"url\":\"https:\\\/\\\/www.edesia.al\\\/\",\"logo\":{\"@type\":\"ImageObject\",\"inLanguage\":\"en-US\",\"@id\":\"https:\\\/\\\/www.edesia.al\\\/#\\\/schema\\\/logo\\\/image\\\/\",\"url\":\"https:\\\/\\\/www.edesia.al\\\/wp-content\\\/uploads\\\/2026\\\/02\\\/Logo-Edesia-no-background.png\",\"contentUrl\":\"https:\\\/\\\/www.edesia.al\\\/wp-content\\\/uploads\\\/2026\\\/02\\\/Logo-Edesia-no-background.png\",\"width\":293,\"height\":158,\"caption\":\"Edesia\"},\"image\":{\"@id\":\"https:\\\/\\\/www.edesia.al\\\/#\\\/schema\\\/logo\\\/image\\\/\"}}]}<\/script>\n<!-- \/ Yoast SEO plugin. -->","yoast_head_json":{"title":"Vaj I Farave Te Kungullit - Edesia","robots":{"index":"index","follow":"follow","max-snippet":"max-snippet:-1","max-image-preview":"max-image-preview:large","max-video-preview":"max-video-preview:-1"},"canonical":"https:\/\/www.edesia.al\/?product=vaj-i-farave-te-kungullit","og_locale":"en_US","og_type":"article","og_title":"Vaj I Farave Te Kungullit - Edesia","og_description":"Vaji i farave t\u00eb kungullit \u00ebsht\u00eb i famsh\u00ebm p\u00ebr p\u00ebrmir\u00ebsimin e qarkullimit t\u00eb gjakut, sh\u00ebndetit t\u00eb kockave, parandalimin e depresionit. nj\u00eb nd\u00ebr vetit\u00eb k\u00ebtij vaji \u00ebsht\u00eb p\u00ebr trajtimin e zmadhimit t\u00eb prostat\u00ebs. Ky vaj \u00ebsht\u00eb i pasur me acide yndyrore Omega-3, hekur, magnez dhe zink, vitamina A, B1, B2, B6, C, D, E dhe K, si dhe aminoacide, si triptofani.","og_url":"https:\/\/www.edesia.al\/?product=vaj-i-farave-te-kungullit","og_site_name":"Edesia","article_modified_time":"2026-02-20T21:07:25+00:00","og_image":[{"width":535,"height":535,"url":"https:\/\/www.edesia.al\/wp-content\/uploads\/2026\/02\/vaj-fara-kungulli-1.png","type":"image\/png"}],"twitter_card":"summary_large_image","twitter_misc":{"Est. reading time":"2 minutes"},"schema":{"@context":"https:\/\/schema.org","@graph":[{"@type":"WebPage","@id":"https:\/\/www.edesia.al\/?product=vaj-i-farave-te-kungullit","url":"https:\/\/www.edesia.al\/?product=vaj-i-farave-te-kungullit","name":"Vaj I Farave Te Kungullit - Edesia","isPartOf":{"@id":"https:\/\/www.edesia.al\/#website"},"primaryImageOfPage":{"@id":"https:\/\/www.edesia.al\/?product=vaj-i-farave-te-kungullit#primaryimage"},"image":{"@id":"https:\/\/www.edesia.al\/?product=vaj-i-farave-te-kungullit#primaryimage"},"thumbnailUrl":"https:\/\/www.edesia.al\/wp-content\/uploads\/2026\/02\/vaj-fara-kungulli-1.png","datePublished":"2026-02-16T21:05:45+00:00","dateModified":"2026-02-20T21:07:25+00:00","breadcrumb":{"@id":"https:\/\/www.edesia.al\/?product=vaj-i-farave-te-kungullit#breadcrumb"},"inLanguage":"en-US","potentialAction":[{"@type":"ReadAction","target":["https:\/\/www.edesia.al\/?product=vaj-i-farave-te-kungullit"]}]},{"@type":"ImageObject","inLanguage":"en-US","@id":"https:\/\/www.edesia.al\/?product=vaj-i-farave-te-kungullit#primaryimage","url":"https:\/\/www.edesia.al\/wp-content\/uploads\/2026\/02\/vaj-fara-kungulli-1.png","contentUrl":"https:\/\/www.edesia.al\/wp-content\/uploads\/2026\/02\/vaj-fara-kungulli-1.png","width":535,"height":535},{"@type":"BreadcrumbList","@id":"https:\/\/www.edesia.al\/?product=vaj-i-farave-te-kungullit#breadcrumb","itemListElement":[{"@type":"ListItem","position":1,"name":"Home","item":"https:\/\/www.edesia.al\/"},{"@type":"ListItem","position":2,"name":"Dyqani","item":"https:\/\/www.edesia.al\/?page_id=17"},{"@type":"ListItem","position":3,"name":"Vaj I Farave Te Kungullit"}]},{"@type":"WebSite","@id":"https:\/\/www.edesia.al\/#website","url":"https:\/\/www.edesia.al\/","name":"Edesia","description":"","publisher":{"@id":"https:\/\/www.edesia.al\/#organization"},"potentialAction":[{"@type":"SearchAction","target":{"@type":"EntryPoint","urlTemplate":"https:\/\/www.edesia.al\/?s={search_term_string}"},"query-input":{"@type":"PropertyValueSpecification","valueRequired":true,"valueName":"search_term_string"}}],"inLanguage":"en-US"},{"@type":"Organization","@id":"https:\/\/www.edesia.al\/#organization","name":"Edesia","url":"https:\/\/www.edesia.al\/","logo":{"@type":"ImageObject","inLanguage":"en-US","@id":"https:\/\/www.edesia.al\/#\/schema\/logo\/image\/","url":"https:\/\/www.edesia.al\/wp-content\/uploads\/2026\/02\/Logo-Edesia-no-background.png","contentUrl":"https:\/\/www.edesia.al\/wp-content\/uploads\/2026\/02\/Logo-Edesia-no-background.png","width":293,"height":158,"caption":"Edesia"},"image":{"@id":"https:\/\/www.edesia.al\/#\/schema\/logo\/image\/"}}]}},"_links":{"self":[{"href":"https:\/\/www.edesia.al\/index.php?rest_route=\/wp\/v2\/product\/6168","targetHints":{"allow":["GET"]}}],"collection":[{"href":"https:\/\/www.edesia.al\/index.php?rest_route=\/wp\/v2\/product"}],"about":[{"href":"https:\/\/www.edesia.al\/index.php?rest_route=\/wp\/v2\/types\/product"}],"replies":[{"embeddable":true,"href":"https:\/\/www.edesia.al\/index.php?rest_route=%2Fwp%2Fv2%2Fcomments&post=6168"}],"wp:featuredmedia":[{"embeddable":true,"href":"https:\/\/www.edesia.al\/index.php?rest_route=\/wp\/v2\/media\/6201"}],"wp:attachment":[{"href":"https:\/\/www.edesia.al\/index.php?rest_route=%2Fwp%2Fv2%2Fmedia&parent=6168"}],"wp:term":[{"taxonomy":"kategori-sipas-dietave","embeddable":true,"href":"https:\/\/www.edesia.al\/index.php?rest_route=%2Fwp%2Fv2%2Fkategori-sipas-dietave&post=6168"},{"taxonomy":"kategori-sipas-problemeve-shende","embeddable":true,"href":"https:\/\/www.edesia.al\/index.php?rest_route=%2Fwp%2Fv2%2Fkategori-sipas-problemeve-shende&post=6168"},{"taxonomy":"product_brand","embeddable":true,"href":"https:\/\/www.edesia.al\/index.php?rest_route=%2Fwp%2Fv2%2Fproduct_brand&post=6168"},{"taxonomy":"product_cat","embeddable":true,"href":"https:\/\/www.edesia.al\/index.php?rest_route=%2Fwp%2Fv2%2Fproduct_cat&post=6168"},{"taxonomy":"product_tag","embeddable":true,"href":"https:\/\/www.edesia.al\/index.php?rest_route=%2Fwp%2Fv2%2Fproduct_tag&post=6168"}],"curies":[{"name":"wp","href":"https:\/\/api.w.org\/{rel}","templated":true}]}}