{"id":6194,"date":"2026-02-16T21:05:49","date_gmt":"2026-02-16T21:05:49","guid":{"rendered":"https:\/\/www.edesia.al\/?post_type=product&#038;p=6194"},"modified":"2026-02-20T21:19:06","modified_gmt":"2026-02-20T21:19:06","slug":"kinoa","status":"publish","type":"product","link":"https:\/\/www.edesia.al\/?product=kinoa","title":{"rendered":"Kinoa"},"content":{"rendered":"<h3>Kinoa &#8211; Bio Organik, I Certifikuar (500g)<\/h3>\n<p>Inkasit i referoheshin Kinoas si \u201cN\u00ebna e Far\u00ebrave\u201d dhe e konsideronin si t\u00eb shenjt\u00eb. Ata e kultivonin Kinoan n\u00eb Amerik\u00ebn e Jugut n\u00eb sasi t\u00eb m\u00ebdha n\u00eb lart\u00ebsit\u00eb e Andeve. Ajo ishte gjithashtu ushqimi i tyre kryesor p\u00ebr 5.000 vjet. Pushtuesit spanjoll\u00eb, duke mos ditur vler\u00ebn e saj, pothuajse e zhduken fare Kinoan duke e b\u00ebr\u00eb at\u00eb t\u00eb paligjshme p\u00ebr Indianet Vendas q\u00eb ta kultivonin. N\u00eb vitin 1980, dy amerikan\u00eb rizbuluar Kinoa dhe filluan rritjen e saj n\u00eb Kolorado.<\/p>\n<p>Kinoa \u00ebsht\u00eb nj\u00eb &#8220;SUPERFOOD&#8221; dhe nj\u00eb nga ushqimet m\u00eb t\u00eb sh\u00ebndetshme n\u00eb bot\u00eb.<\/p>\n<h4>P\u00ebrfitimet sh\u00ebndetsore t\u00eb kinoas:<\/h4>\n<ul>\n<li>E lart\u00eb n\u00eb proteina- Bilanci i saj \u00ebsht\u00eb i ngjash\u00ebm me proteinat e qum\u00ebshti dhe ka m\u00eb shum\u00eb proteina n\u00eb krahasim me orizin, melin apo grurin.<\/li>\n<li>Nje burim i mir\u00eb i riboflavin \u2013 riboflavin ndihmon n\u00eb uljen e sulmeve t\u00eb frekuencave n\u00eb dhimbjet e migren\u00ebs duke p\u00ebrmir\u00ebsuar metabolizmin e energjis\u00eb brenda trurit dhe qelizat e muskujve.<\/li>\n<li>Saponinet q\u00eb nxirren nga Kinoa p\u00ebrdoren p\u00ebr t\u00eb p\u00ebrmir\u00ebsuar sh\u00ebndetin e l\u00ebkur\u00ebs dhe sh\u00ebrimin e plag\u00ebve n\u00eb Amerik\u00ebn e Jugut duke e b\u00ebr\u00eb nj\u00eb antiseptik t\u00eb mir\u00eb.<\/li>\n<li>\u00a0Formuese e Alkalin\u00ebs. Edhe pse nuk \u00ebsht\u00eb shum\u00eb e fort\u00eb, ajo krahasohet me orizin e eg\u00ebr, amaranthin, apo( filizat e grurit)<\/li>\n<li>\u00a0Ka vet\u00ebm 172 kalori p\u00ebr 1\u20444 e nj\u00eb filxhani me Kinoa t\u00eb thar\u00eb<\/li>\n<li>Meqen\u00ebse s\u2019\u00ebsht\u00eb e lidhur me grurin apo drith\u00ebrat, \u00ebsht\u00eb pa gluten.<\/li>\n<li>Miliona njer\u00ebz kane zbuluar se ndihen m\u00eb mire dhe kan\u00eb humbur pesh\u00eb nd\u00ebrkoh\u00eb ata reduktojn\u00eb dhe produktet me baz\u00eb gruri.<\/li>\n<li>\u00cbsht\u00eb nj\u00eb karbohidrat kompleks me indeks t\u00eb ulet glicemik. Dhe nj\u00ebkoh\u00ebsisht \u00ebsht\u00eb shum\u00eb e mir\u00eb p\u00ebr menaxhimin e pesh\u00ebs.<\/li>\n<\/ul>\n<h4>P\u00ebrdorimi:<\/h4>\n<p>Gjithmon\u00eb shp\u00eblaheni me uj\u00eb. Vendosni kinoan n\u00eb nj\u00eb en\u00eb kulluese n\u00eb uj\u00eb te ftoht\u00eb dhe t\u00eb rrjedhsh\u00ebm derisa e gjitha l\u00ebnda shkum\u00ebzuese t\u00eb jet\u00eb shp\u00eblar\u00eb (zhdukur). Mund t\u00eb provoni disa fara p\u00ebr t\u00eb par\u00eb n\u00ebse \u00ebsht\u00eb shp\u00eblar\u00eb komplet; n\u00ebse farat vazhdojn\u00eb t\u00eb ken\u00eb shije t\u00eb hidhur, vazhdoni ti shp\u00eblani n\u00ebn uj\u00eb t\u00eb rrjedhsh\u00ebm. Duke i p\u00ebrzier farat e Kinoas gjat\u00eb shp\u00eblarjes ndihmoni n\u00eb zhukjen e shijes s\u00eb hidhur. Kinoa mund t\u00eb p\u00ebrdoret n\u00eb sallat\u00eb ose mund ta zieni n\u00eb uj\u00eb deri sa t\u00eb zbutet(si trahana). Gjithashtu Kinoa pudding z\u00ebvend\u00ebson m\u00eb s\u00eb miri orizin dhe miellin e zakonsh\u00ebm. (Sultiash kuinoe)<\/p>\n<h4>Kujdes!<\/h4>\n<p>Kinoa \u00ebsht\u00eb e mbuluar me nj\u00eb kimikat toksik t\u00eb quajtur saponin. P\u00ebr k\u00ebt\u00eb arsye \u00ebsht\u00eb e r\u00ebnd\u00ebsishme q\u00eb Kinoa t\u00eb shp\u00eblahet me uj\u00eb te bollsh\u00ebm para p\u00ebrdorimit. Gjithashtu, masa \u00ebsht\u00eb c\u0327el\u00ebsi kryesor\u2014me ushqimet te ashtuquajtura \u201csuperushqim\u201d-duhet t\u00eb hahen me mas\u00eb, dhe nuk rekomandohet t\u00eb hahen c\u0327do dit\u00eb. Disa her\u00eb n\u00eb jav\u00eb \u00ebsht\u00eb e mjaftueshme. Edhe pse Kinoa nuk klasifikohet si ushqim tipik n\u00eb shkaktimin e alergjive dhe nuk p\u00ebrmban shum\u00eb kimikate, Kinoa p\u00ebrmban oksiliacid. P\u00ebr njer\u00ebzit q\u00eb kan\u00eb alergji nga oksiliacided \u00ebsht\u00eb e pak\u00ebshillueshme<\/p>\n","protected":false},"excerpt":{"rendered":"<p>Kinoa ka\u00a0 p\u00ebrfitime t\u00eb fuqishme sh\u00ebndet\u00ebsore. Ka shije shum\u00eb t\u00eb mir\u00eb, e lart\u00eb n\u00eb proteina, dhe \u00ebsht\u00eb pjes\u00eb e tendenc\u00ebs apo prirjes s\u00eb madhe p\u00ebr t\u00eb konsumuar ushqime pa gluten.<\/p>\n","protected":false},"featured_media":6225,"comment_status":"open","ping_status":"closed","template":"","meta":{"_acf_changed":false,"inline_featured_image":false},"kategori-sipas-dietave":[],"kategori-sipas-problemeve-shende":[],"product_brand":[32],"product_cat":[33,26],"product_tag":[],"class_list":{"0":"post-6194","1":"product","2":"type-product","3":"status-publish","4":"has-post-thumbnail","6":"product_brand-bioagros","7":"product_cat-fara-bio","8":"product_cat-ushqime-bio","10":"first","11":"instock","12":"taxable","13":"shipping-taxable","14":"purchasable","15":"product-type-simple"},"acf":[],"yoast_head":"<!-- This site is optimized with the Yoast SEO plugin v27.4 - https:\/\/yoast.com\/product\/yoast-seo-wordpress\/ -->\n<title>Kinoa - Edesia<\/title>\n<meta name=\"robots\" content=\"index, follow, max-snippet:-1, max-image-preview:large, max-video-preview:-1\" \/>\n<link rel=\"canonical\" href=\"https:\/\/www.edesia.al\/?product=kinoa\" \/>\n<meta property=\"og:locale\" content=\"en_US\" \/>\n<meta property=\"og:type\" content=\"article\" \/>\n<meta property=\"og:title\" content=\"Kinoa - Edesia\" \/>\n<meta property=\"og:description\" content=\"Kinoa ka\u00a0 p\u00ebrfitime t\u00eb fuqishme sh\u00ebndet\u00ebsore. Ka shije shum\u00eb t\u00eb mir\u00eb, e lart\u00eb n\u00eb proteina, dhe \u00ebsht\u00eb pjes\u00eb e tendenc\u00ebs apo prirjes s\u00eb madhe p\u00ebr t\u00eb konsumuar ushqime pa gluten.\" \/>\n<meta property=\"og:url\" content=\"https:\/\/www.edesia.al\/?product=kinoa\" \/>\n<meta property=\"og:site_name\" content=\"Edesia\" \/>\n<meta property=\"article:modified_time\" content=\"2026-02-20T21:19:06+00:00\" \/>\n<meta property=\"og:image\" content=\"https:\/\/www.edesia.al\/wp-content\/uploads\/2026\/02\/kinoa-1.jpg\" \/>\n\t<meta property=\"og:image:width\" content=\"300\" \/>\n\t<meta property=\"og:image:height\" content=\"300\" \/>\n\t<meta property=\"og:image:type\" content=\"image\/jpeg\" \/>\n<meta name=\"twitter:card\" content=\"summary_large_image\" \/>\n<meta name=\"twitter:label1\" content=\"Est. reading time\" \/>\n\t<meta name=\"twitter:data1\" content=\"3 minutes\" \/>\n<script type=\"application\/ld+json\" class=\"yoast-schema-graph\">{\"@context\":\"https:\\\/\\\/schema.org\",\"@graph\":[{\"@type\":\"WebPage\",\"@id\":\"https:\\\/\\\/www.edesia.al\\\/?product=kinoa\",\"url\":\"https:\\\/\\\/www.edesia.al\\\/?product=kinoa\",\"name\":\"Kinoa - Edesia\",\"isPartOf\":{\"@id\":\"https:\\\/\\\/www.edesia.al\\\/#website\"},\"primaryImageOfPage\":{\"@id\":\"https:\\\/\\\/www.edesia.al\\\/?product=kinoa#primaryimage\"},\"image\":{\"@id\":\"https:\\\/\\\/www.edesia.al\\\/?product=kinoa#primaryimage\"},\"thumbnailUrl\":\"https:\\\/\\\/www.edesia.al\\\/wp-content\\\/uploads\\\/2026\\\/02\\\/kinoa-1.jpg\",\"datePublished\":\"2026-02-16T21:05:49+00:00\",\"dateModified\":\"2026-02-20T21:19:06+00:00\",\"breadcrumb\":{\"@id\":\"https:\\\/\\\/www.edesia.al\\\/?product=kinoa#breadcrumb\"},\"inLanguage\":\"en-US\",\"potentialAction\":[{\"@type\":\"ReadAction\",\"target\":[\"https:\\\/\\\/www.edesia.al\\\/?product=kinoa\"]}]},{\"@type\":\"ImageObject\",\"inLanguage\":\"en-US\",\"@id\":\"https:\\\/\\\/www.edesia.al\\\/?product=kinoa#primaryimage\",\"url\":\"https:\\\/\\\/www.edesia.al\\\/wp-content\\\/uploads\\\/2026\\\/02\\\/kinoa-1.jpg\",\"contentUrl\":\"https:\\\/\\\/www.edesia.al\\\/wp-content\\\/uploads\\\/2026\\\/02\\\/kinoa-1.jpg\",\"width\":300,\"height\":300},{\"@type\":\"BreadcrumbList\",\"@id\":\"https:\\\/\\\/www.edesia.al\\\/?product=kinoa#breadcrumb\",\"itemListElement\":[{\"@type\":\"ListItem\",\"position\":1,\"name\":\"Home\",\"item\":\"https:\\\/\\\/www.edesia.al\\\/\"},{\"@type\":\"ListItem\",\"position\":2,\"name\":\"Dyqani\",\"item\":\"https:\\\/\\\/www.edesia.al\\\/?page_id=17\"},{\"@type\":\"ListItem\",\"position\":3,\"name\":\"Kinoa\"}]},{\"@type\":\"WebSite\",\"@id\":\"https:\\\/\\\/www.edesia.al\\\/#website\",\"url\":\"https:\\\/\\\/www.edesia.al\\\/\",\"name\":\"Edesia\",\"description\":\"\",\"publisher\":{\"@id\":\"https:\\\/\\\/www.edesia.al\\\/#organization\"},\"potentialAction\":[{\"@type\":\"SearchAction\",\"target\":{\"@type\":\"EntryPoint\",\"urlTemplate\":\"https:\\\/\\\/www.edesia.al\\\/?s={search_term_string}\"},\"query-input\":{\"@type\":\"PropertyValueSpecification\",\"valueRequired\":true,\"valueName\":\"search_term_string\"}}],\"inLanguage\":\"en-US\"},{\"@type\":\"Organization\",\"@id\":\"https:\\\/\\\/www.edesia.al\\\/#organization\",\"name\":\"Edesia\",\"url\":\"https:\\\/\\\/www.edesia.al\\\/\",\"logo\":{\"@type\":\"ImageObject\",\"inLanguage\":\"en-US\",\"@id\":\"https:\\\/\\\/www.edesia.al\\\/#\\\/schema\\\/logo\\\/image\\\/\",\"url\":\"https:\\\/\\\/www.edesia.al\\\/wp-content\\\/uploads\\\/2026\\\/02\\\/Logo-Edesia-no-background.png\",\"contentUrl\":\"https:\\\/\\\/www.edesia.al\\\/wp-content\\\/uploads\\\/2026\\\/02\\\/Logo-Edesia-no-background.png\",\"width\":293,\"height\":158,\"caption\":\"Edesia\"},\"image\":{\"@id\":\"https:\\\/\\\/www.edesia.al\\\/#\\\/schema\\\/logo\\\/image\\\/\"}}]}<\/script>\n<!-- \/ Yoast SEO plugin. -->","yoast_head_json":{"title":"Kinoa - Edesia","robots":{"index":"index","follow":"follow","max-snippet":"max-snippet:-1","max-image-preview":"max-image-preview:large","max-video-preview":"max-video-preview:-1"},"canonical":"https:\/\/www.edesia.al\/?product=kinoa","og_locale":"en_US","og_type":"article","og_title":"Kinoa - Edesia","og_description":"Kinoa ka\u00a0 p\u00ebrfitime t\u00eb fuqishme sh\u00ebndet\u00ebsore. Ka shije shum\u00eb t\u00eb mir\u00eb, e lart\u00eb n\u00eb proteina, dhe \u00ebsht\u00eb pjes\u00eb e tendenc\u00ebs apo prirjes s\u00eb madhe p\u00ebr t\u00eb konsumuar ushqime pa gluten.","og_url":"https:\/\/www.edesia.al\/?product=kinoa","og_site_name":"Edesia","article_modified_time":"2026-02-20T21:19:06+00:00","og_image":[{"width":300,"height":300,"url":"https:\/\/www.edesia.al\/wp-content\/uploads\/2026\/02\/kinoa-1.jpg","type":"image\/jpeg"}],"twitter_card":"summary_large_image","twitter_misc":{"Est. reading time":"3 minutes"},"schema":{"@context":"https:\/\/schema.org","@graph":[{"@type":"WebPage","@id":"https:\/\/www.edesia.al\/?product=kinoa","url":"https:\/\/www.edesia.al\/?product=kinoa","name":"Kinoa - Edesia","isPartOf":{"@id":"https:\/\/www.edesia.al\/#website"},"primaryImageOfPage":{"@id":"https:\/\/www.edesia.al\/?product=kinoa#primaryimage"},"image":{"@id":"https:\/\/www.edesia.al\/?product=kinoa#primaryimage"},"thumbnailUrl":"https:\/\/www.edesia.al\/wp-content\/uploads\/2026\/02\/kinoa-1.jpg","datePublished":"2026-02-16T21:05:49+00:00","dateModified":"2026-02-20T21:19:06+00:00","breadcrumb":{"@id":"https:\/\/www.edesia.al\/?product=kinoa#breadcrumb"},"inLanguage":"en-US","potentialAction":[{"@type":"ReadAction","target":["https:\/\/www.edesia.al\/?product=kinoa"]}]},{"@type":"ImageObject","inLanguage":"en-US","@id":"https:\/\/www.edesia.al\/?product=kinoa#primaryimage","url":"https:\/\/www.edesia.al\/wp-content\/uploads\/2026\/02\/kinoa-1.jpg","contentUrl":"https:\/\/www.edesia.al\/wp-content\/uploads\/2026\/02\/kinoa-1.jpg","width":300,"height":300},{"@type":"BreadcrumbList","@id":"https:\/\/www.edesia.al\/?product=kinoa#breadcrumb","itemListElement":[{"@type":"ListItem","position":1,"name":"Home","item":"https:\/\/www.edesia.al\/"},{"@type":"ListItem","position":2,"name":"Dyqani","item":"https:\/\/www.edesia.al\/?page_id=17"},{"@type":"ListItem","position":3,"name":"Kinoa"}]},{"@type":"WebSite","@id":"https:\/\/www.edesia.al\/#website","url":"https:\/\/www.edesia.al\/","name":"Edesia","description":"","publisher":{"@id":"https:\/\/www.edesia.al\/#organization"},"potentialAction":[{"@type":"SearchAction","target":{"@type":"EntryPoint","urlTemplate":"https:\/\/www.edesia.al\/?s={search_term_string}"},"query-input":{"@type":"PropertyValueSpecification","valueRequired":true,"valueName":"search_term_string"}}],"inLanguage":"en-US"},{"@type":"Organization","@id":"https:\/\/www.edesia.al\/#organization","name":"Edesia","url":"https:\/\/www.edesia.al\/","logo":{"@type":"ImageObject","inLanguage":"en-US","@id":"https:\/\/www.edesia.al\/#\/schema\/logo\/image\/","url":"https:\/\/www.edesia.al\/wp-content\/uploads\/2026\/02\/Logo-Edesia-no-background.png","contentUrl":"https:\/\/www.edesia.al\/wp-content\/uploads\/2026\/02\/Logo-Edesia-no-background.png","width":293,"height":158,"caption":"Edesia"},"image":{"@id":"https:\/\/www.edesia.al\/#\/schema\/logo\/image\/"}}]}},"_links":{"self":[{"href":"https:\/\/www.edesia.al\/index.php?rest_route=\/wp\/v2\/product\/6194","targetHints":{"allow":["GET"]}}],"collection":[{"href":"https:\/\/www.edesia.al\/index.php?rest_route=\/wp\/v2\/product"}],"about":[{"href":"https:\/\/www.edesia.al\/index.php?rest_route=\/wp\/v2\/types\/product"}],"replies":[{"embeddable":true,"href":"https:\/\/www.edesia.al\/index.php?rest_route=%2Fwp%2Fv2%2Fcomments&post=6194"}],"wp:featuredmedia":[{"embeddable":true,"href":"https:\/\/www.edesia.al\/index.php?rest_route=\/wp\/v2\/media\/6225"}],"wp:attachment":[{"href":"https:\/\/www.edesia.al\/index.php?rest_route=%2Fwp%2Fv2%2Fmedia&parent=6194"}],"wp:term":[{"taxonomy":"kategori-sipas-dietave","embeddable":true,"href":"https:\/\/www.edesia.al\/index.php?rest_route=%2Fwp%2Fv2%2Fkategori-sipas-dietave&post=6194"},{"taxonomy":"kategori-sipas-problemeve-shende","embeddable":true,"href":"https:\/\/www.edesia.al\/index.php?rest_route=%2Fwp%2Fv2%2Fkategori-sipas-problemeve-shende&post=6194"},{"taxonomy":"product_brand","embeddable":true,"href":"https:\/\/www.edesia.al\/index.php?rest_route=%2Fwp%2Fv2%2Fproduct_brand&post=6194"},{"taxonomy":"product_cat","embeddable":true,"href":"https:\/\/www.edesia.al\/index.php?rest_route=%2Fwp%2Fv2%2Fproduct_cat&post=6194"},{"taxonomy":"product_tag","embeddable":true,"href":"https:\/\/www.edesia.al\/index.php?rest_route=%2Fwp%2Fv2%2Fproduct_tag&post=6194"}],"curies":[{"name":"wp","href":"https:\/\/api.w.org\/{rel}","templated":true}]}}