{"id":6200,"date":"2026-02-16T21:05:49","date_gmt":"2026-02-16T21:05:49","guid":{"rendered":"https:\/\/www.edesia.al\/?post_type=product&#038;p=6200"},"modified":"2026-02-20T21:21:05","modified_gmt":"2026-02-20T21:21:05","slug":"chlorella-pluhur","status":"publish","type":"product","link":"https:\/\/www.edesia.al\/?product=chlorella-pluhur","title":{"rendered":"Chlorella Pluhur"},"content":{"rendered":"<h3>Chlorella Pluhur &#8211; 100% Bio Organike, E Certifikuar (100g)<\/h3>\n<p>Chlorella \u00ebsht\u00eb nj\u00eb alg\u00eb e cila konsiderohet si nj\u00eb nga organizmat m\u00eb t\u00eb vjetra dhe m\u00eb t\u00eb p\u00ebrpunuara n\u00eb planetin ton\u00eb, dhe ende shum\u00eb njer\u00ebz nuk kan\u00eb d\u00ebgjuar p\u00ebr t\u00eb dhe p\u00ebrfitimet e saj\u00eb. Megjith\u00ebse \u00ebsht\u00eb nj\u00eb alg\u00eb me nj\u00ebqelizore, Chlorella \u00ebsht\u00eb nj\u00eb bomb\u00eb e v\u00ebrtet\u00eb e energjis\u00eb. Ka nivele t\u00eb larta klorofilit dhe nj\u00eb p\u00ebrqindje t\u00eb lart\u00eb t\u00eb vitamin\u00ebs B12, si dhe shum\u00eb proteina, hekur, beta karoten, acid folik. P\u00ebrsonat t\u00eb cil\u00ebt nuk p\u00ebrfshijn\u00eb perimet n\u00eb diet\u00ebn e tyre ditore, chlorela do ishte nj\u00eb zevendesues p\u00ebrfekt i tyre.<\/p>\n<h4>P\u00ebrfitimet sh\u00ebndetsore te chlorel\u00ebs:<\/h4>\n<ul>\n<li>Pastron gjakun.<\/li>\n<li>Klorofili ndihmon gjithashtu n\u00eb luftimin e kancerit.<\/li>\n<li>Promovon detoksifikimin e m\u00eblcis\u00eb.<\/li>\n<li>Nxit prodhimin e hemoglobin\u00ebs.<\/li>\n<li>Sh\u00ebron plag\u00ebt n\u00eb trup.<\/li>\n<\/ul>\n<h4>P\u00ebrdorimi:<\/h4>\n<p>M\u00ebnyra m\u00eb e thjesht\u00eb p\u00ebr ta p\u00ebrfshir\u00eb chlorelen n\u00eb dieten tuaj \u00ebsht\u00eb n\u00eb smothie por sigurisht gjen p\u00ebrdorim dhe n\u00eb receta t\u00eb ndryshme n\u00eb kuzhin sipas d\u00ebshires tuaj.<\/p>\n","protected":false},"excerpt":{"rendered":"<p>Chlorela \u00ebsht\u00eb nj\u00eb alg\u00eb me nj\u00ebqelizore me benefite t\u00eb jasht\u00ebzakonshme p\u00ebr sh\u00ebndetin ton\u00eb. Ka nivele t\u00eb larta klorofilit dhe nj\u00eb p\u00ebrqindje t\u00eb lart\u00eb t\u00eb vitamin\u00ebs B12, si dhe shum\u00eb proteina, hekur, beta karoten, acid folik.<\/p>\n","protected":false},"featured_media":6227,"comment_status":"open","ping_status":"closed","template":"","meta":{"_acf_changed":false,"inline_featured_image":false},"kategori-sipas-dietave":[89],"kategori-sipas-problemeve-shende":[83],"product_brand":[32],"product_cat":[28,80,26],"product_tag":[],"class_list":{"0":"post-6200","1":"product","2":"type-product","3":"status-publish","4":"has-post-thumbnail","6":"kategori-sipas-dietave-vegan","7":"kategori-sipas-problemeve-shende-tretje-detox","8":"product_brand-bioagros","9":"product_cat-superfoods","10":"product_cat-suplemente-superfoods","11":"product_cat-ushqime-bio","13":"first","14":"instock","15":"taxable","16":"shipping-taxable","17":"purchasable","18":"product-type-simple"},"acf":[],"yoast_head":"<!-- This site is optimized with the Yoast SEO plugin v27.4 - https:\/\/yoast.com\/product\/yoast-seo-wordpress\/ -->\n<title>Chlorella Pluhur - Edesia<\/title>\n<meta name=\"robots\" content=\"index, follow, max-snippet:-1, max-image-preview:large, max-video-preview:-1\" \/>\n<link rel=\"canonical\" href=\"https:\/\/www.edesia.al\/?product=chlorella-pluhur\" \/>\n<meta property=\"og:locale\" content=\"en_US\" \/>\n<meta property=\"og:type\" content=\"article\" \/>\n<meta property=\"og:title\" content=\"Chlorella Pluhur - Edesia\" \/>\n<meta property=\"og:description\" content=\"Chlorela \u00ebsht\u00eb nj\u00eb alg\u00eb me nj\u00ebqelizore me benefite t\u00eb jasht\u00ebzakonshme p\u00ebr sh\u00ebndetin ton\u00eb. Ka nivele t\u00eb larta klorofilit dhe nj\u00eb p\u00ebrqindje t\u00eb lart\u00eb t\u00eb vitamin\u00ebs B12, si dhe shum\u00eb proteina, hekur, beta karoten, acid folik.\" \/>\n<meta property=\"og:url\" content=\"https:\/\/www.edesia.al\/?product=chlorella-pluhur\" \/>\n<meta property=\"og:site_name\" content=\"Edesia\" \/>\n<meta property=\"article:modified_time\" content=\"2026-02-20T21:21:05+00:00\" \/>\n<meta property=\"og:image\" content=\"https:\/\/www.edesia.al\/wp-content\/uploads\/2026\/02\/Chorella-Pluhur-1.png\" \/>\n\t<meta property=\"og:image:width\" content=\"593\" \/>\n\t<meta property=\"og:image:height\" content=\"593\" \/>\n\t<meta property=\"og:image:type\" content=\"image\/png\" \/>\n<meta name=\"twitter:card\" content=\"summary_large_image\" \/>\n<meta name=\"twitter:label1\" content=\"Est. reading time\" \/>\n\t<meta name=\"twitter:data1\" content=\"1 minute\" \/>\n<script type=\"application\/ld+json\" class=\"yoast-schema-graph\">{\"@context\":\"https:\\\/\\\/schema.org\",\"@graph\":[{\"@type\":\"WebPage\",\"@id\":\"https:\\\/\\\/www.edesia.al\\\/?product=chlorella-pluhur\",\"url\":\"https:\\\/\\\/www.edesia.al\\\/?product=chlorella-pluhur\",\"name\":\"Chlorella Pluhur - Edesia\",\"isPartOf\":{\"@id\":\"https:\\\/\\\/www.edesia.al\\\/#website\"},\"primaryImageOfPage\":{\"@id\":\"https:\\\/\\\/www.edesia.al\\\/?product=chlorella-pluhur#primaryimage\"},\"image\":{\"@id\":\"https:\\\/\\\/www.edesia.al\\\/?product=chlorella-pluhur#primaryimage\"},\"thumbnailUrl\":\"https:\\\/\\\/www.edesia.al\\\/wp-content\\\/uploads\\\/2026\\\/02\\\/Chorella-Pluhur-1.png\",\"datePublished\":\"2026-02-16T21:05:49+00:00\",\"dateModified\":\"2026-02-20T21:21:05+00:00\",\"breadcrumb\":{\"@id\":\"https:\\\/\\\/www.edesia.al\\\/?product=chlorella-pluhur#breadcrumb\"},\"inLanguage\":\"en-US\",\"potentialAction\":[{\"@type\":\"ReadAction\",\"target\":[\"https:\\\/\\\/www.edesia.al\\\/?product=chlorella-pluhur\"]}]},{\"@type\":\"ImageObject\",\"inLanguage\":\"en-US\",\"@id\":\"https:\\\/\\\/www.edesia.al\\\/?product=chlorella-pluhur#primaryimage\",\"url\":\"https:\\\/\\\/www.edesia.al\\\/wp-content\\\/uploads\\\/2026\\\/02\\\/Chorella-Pluhur-1.png\",\"contentUrl\":\"https:\\\/\\\/www.edesia.al\\\/wp-content\\\/uploads\\\/2026\\\/02\\\/Chorella-Pluhur-1.png\",\"width\":593,\"height\":593},{\"@type\":\"BreadcrumbList\",\"@id\":\"https:\\\/\\\/www.edesia.al\\\/?product=chlorella-pluhur#breadcrumb\",\"itemListElement\":[{\"@type\":\"ListItem\",\"position\":1,\"name\":\"Home\",\"item\":\"https:\\\/\\\/www.edesia.al\\\/\"},{\"@type\":\"ListItem\",\"position\":2,\"name\":\"Dyqani\",\"item\":\"https:\\\/\\\/www.edesia.al\\\/?page_id=17\"},{\"@type\":\"ListItem\",\"position\":3,\"name\":\"Chlorella Pluhur\"}]},{\"@type\":\"WebSite\",\"@id\":\"https:\\\/\\\/www.edesia.al\\\/#website\",\"url\":\"https:\\\/\\\/www.edesia.al\\\/\",\"name\":\"Edesia\",\"description\":\"\",\"publisher\":{\"@id\":\"https:\\\/\\\/www.edesia.al\\\/#organization\"},\"potentialAction\":[{\"@type\":\"SearchAction\",\"target\":{\"@type\":\"EntryPoint\",\"urlTemplate\":\"https:\\\/\\\/www.edesia.al\\\/?s={search_term_string}\"},\"query-input\":{\"@type\":\"PropertyValueSpecification\",\"valueRequired\":true,\"valueName\":\"search_term_string\"}}],\"inLanguage\":\"en-US\"},{\"@type\":\"Organization\",\"@id\":\"https:\\\/\\\/www.edesia.al\\\/#organization\",\"name\":\"Edesia\",\"url\":\"https:\\\/\\\/www.edesia.al\\\/\",\"logo\":{\"@type\":\"ImageObject\",\"inLanguage\":\"en-US\",\"@id\":\"https:\\\/\\\/www.edesia.al\\\/#\\\/schema\\\/logo\\\/image\\\/\",\"url\":\"https:\\\/\\\/www.edesia.al\\\/wp-content\\\/uploads\\\/2026\\\/02\\\/Logo-Edesia-no-background.png\",\"contentUrl\":\"https:\\\/\\\/www.edesia.al\\\/wp-content\\\/uploads\\\/2026\\\/02\\\/Logo-Edesia-no-background.png\",\"width\":293,\"height\":158,\"caption\":\"Edesia\"},\"image\":{\"@id\":\"https:\\\/\\\/www.edesia.al\\\/#\\\/schema\\\/logo\\\/image\\\/\"}}]}<\/script>\n<!-- \/ Yoast SEO plugin. -->","yoast_head_json":{"title":"Chlorella Pluhur - Edesia","robots":{"index":"index","follow":"follow","max-snippet":"max-snippet:-1","max-image-preview":"max-image-preview:large","max-video-preview":"max-video-preview:-1"},"canonical":"https:\/\/www.edesia.al\/?product=chlorella-pluhur","og_locale":"en_US","og_type":"article","og_title":"Chlorella Pluhur - Edesia","og_description":"Chlorela \u00ebsht\u00eb nj\u00eb alg\u00eb me nj\u00ebqelizore me benefite t\u00eb jasht\u00ebzakonshme p\u00ebr sh\u00ebndetin ton\u00eb. Ka nivele t\u00eb larta klorofilit dhe nj\u00eb p\u00ebrqindje t\u00eb lart\u00eb t\u00eb vitamin\u00ebs B12, si dhe shum\u00eb proteina, hekur, beta karoten, acid folik.","og_url":"https:\/\/www.edesia.al\/?product=chlorella-pluhur","og_site_name":"Edesia","article_modified_time":"2026-02-20T21:21:05+00:00","og_image":[{"width":593,"height":593,"url":"https:\/\/www.edesia.al\/wp-content\/uploads\/2026\/02\/Chorella-Pluhur-1.png","type":"image\/png"}],"twitter_card":"summary_large_image","twitter_misc":{"Est. reading time":"1 minute"},"schema":{"@context":"https:\/\/schema.org","@graph":[{"@type":"WebPage","@id":"https:\/\/www.edesia.al\/?product=chlorella-pluhur","url":"https:\/\/www.edesia.al\/?product=chlorella-pluhur","name":"Chlorella Pluhur - Edesia","isPartOf":{"@id":"https:\/\/www.edesia.al\/#website"},"primaryImageOfPage":{"@id":"https:\/\/www.edesia.al\/?product=chlorella-pluhur#primaryimage"},"image":{"@id":"https:\/\/www.edesia.al\/?product=chlorella-pluhur#primaryimage"},"thumbnailUrl":"https:\/\/www.edesia.al\/wp-content\/uploads\/2026\/02\/Chorella-Pluhur-1.png","datePublished":"2026-02-16T21:05:49+00:00","dateModified":"2026-02-20T21:21:05+00:00","breadcrumb":{"@id":"https:\/\/www.edesia.al\/?product=chlorella-pluhur#breadcrumb"},"inLanguage":"en-US","potentialAction":[{"@type":"ReadAction","target":["https:\/\/www.edesia.al\/?product=chlorella-pluhur"]}]},{"@type":"ImageObject","inLanguage":"en-US","@id":"https:\/\/www.edesia.al\/?product=chlorella-pluhur#primaryimage","url":"https:\/\/www.edesia.al\/wp-content\/uploads\/2026\/02\/Chorella-Pluhur-1.png","contentUrl":"https:\/\/www.edesia.al\/wp-content\/uploads\/2026\/02\/Chorella-Pluhur-1.png","width":593,"height":593},{"@type":"BreadcrumbList","@id":"https:\/\/www.edesia.al\/?product=chlorella-pluhur#breadcrumb","itemListElement":[{"@type":"ListItem","position":1,"name":"Home","item":"https:\/\/www.edesia.al\/"},{"@type":"ListItem","position":2,"name":"Dyqani","item":"https:\/\/www.edesia.al\/?page_id=17"},{"@type":"ListItem","position":3,"name":"Chlorella Pluhur"}]},{"@type":"WebSite","@id":"https:\/\/www.edesia.al\/#website","url":"https:\/\/www.edesia.al\/","name":"Edesia","description":"","publisher":{"@id":"https:\/\/www.edesia.al\/#organization"},"potentialAction":[{"@type":"SearchAction","target":{"@type":"EntryPoint","urlTemplate":"https:\/\/www.edesia.al\/?s={search_term_string}"},"query-input":{"@type":"PropertyValueSpecification","valueRequired":true,"valueName":"search_term_string"}}],"inLanguage":"en-US"},{"@type":"Organization","@id":"https:\/\/www.edesia.al\/#organization","name":"Edesia","url":"https:\/\/www.edesia.al\/","logo":{"@type":"ImageObject","inLanguage":"en-US","@id":"https:\/\/www.edesia.al\/#\/schema\/logo\/image\/","url":"https:\/\/www.edesia.al\/wp-content\/uploads\/2026\/02\/Logo-Edesia-no-background.png","contentUrl":"https:\/\/www.edesia.al\/wp-content\/uploads\/2026\/02\/Logo-Edesia-no-background.png","width":293,"height":158,"caption":"Edesia"},"image":{"@id":"https:\/\/www.edesia.al\/#\/schema\/logo\/image\/"}}]}},"_links":{"self":[{"href":"https:\/\/www.edesia.al\/index.php?rest_route=\/wp\/v2\/product\/6200","targetHints":{"allow":["GET"]}}],"collection":[{"href":"https:\/\/www.edesia.al\/index.php?rest_route=\/wp\/v2\/product"}],"about":[{"href":"https:\/\/www.edesia.al\/index.php?rest_route=\/wp\/v2\/types\/product"}],"replies":[{"embeddable":true,"href":"https:\/\/www.edesia.al\/index.php?rest_route=%2Fwp%2Fv2%2Fcomments&post=6200"}],"wp:featuredmedia":[{"embeddable":true,"href":"https:\/\/www.edesia.al\/index.php?rest_route=\/wp\/v2\/media\/6227"}],"wp:attachment":[{"href":"https:\/\/www.edesia.al\/index.php?rest_route=%2Fwp%2Fv2%2Fmedia&parent=6200"}],"wp:term":[{"taxonomy":"kategori-sipas-dietave","embeddable":true,"href":"https:\/\/www.edesia.al\/index.php?rest_route=%2Fwp%2Fv2%2Fkategori-sipas-dietave&post=6200"},{"taxonomy":"kategori-sipas-problemeve-shende","embeddable":true,"href":"https:\/\/www.edesia.al\/index.php?rest_route=%2Fwp%2Fv2%2Fkategori-sipas-problemeve-shende&post=6200"},{"taxonomy":"product_brand","embeddable":true,"href":"https:\/\/www.edesia.al\/index.php?rest_route=%2Fwp%2Fv2%2Fproduct_brand&post=6200"},{"taxonomy":"product_cat","embeddable":true,"href":"https:\/\/www.edesia.al\/index.php?rest_route=%2Fwp%2Fv2%2Fproduct_cat&post=6200"},{"taxonomy":"product_tag","embeddable":true,"href":"https:\/\/www.edesia.al\/index.php?rest_route=%2Fwp%2Fv2%2Fproduct_tag&post=6200"}],"curies":[{"name":"wp","href":"https:\/\/api.w.org\/{rel}","templated":true}]}}