{"id":6230,"date":"2026-02-16T21:06:08","date_gmt":"2026-02-16T21:06:08","guid":{"rendered":"https:\/\/www.edesia.al\/?post_type=product&#038;p=6230"},"modified":"2026-02-20T21:22:54","modified_gmt":"2026-02-20T21:22:54","slug":"caj-jeshil-kinez","status":"publish","type":"product","link":"https:\/\/www.edesia.al\/?product=caj-jeshil-kinez","title":{"rendered":"\u00c7aj Jeshil Kinez"},"content":{"rendered":"<h3>\u00c7aj Jeshil Kinez &#8211; Bio Organik, I \u00c7ertifikuar ( 100g)<\/h3>\n<p>\u00c7aji jeshil \u00ebsht\u00eb nj\u00eb nd\u00ebr \u00e7aj\u00ebrat bimor\u00eb m\u00eb t\u00eb vjetra t\u00eb njer\u00ebzimit. Atij iu dha r\u00ebnd\u00ebsi e menj\u00ebhershme p\u00ebr p\u00ebrfitimet q\u00eb i sjell sh\u00ebndetit, ku nd\u00ebr m\u00eb t\u00eb njohurat \u00ebsht\u00eb r\u00ebnia n\u00eb pesh\u00eb.<\/p>\n<h4>P\u00ebrfitimet sh\u00ebndetsore t\u00eb \u00e7ajit jeshil:<\/h4>\n<ul>\n<li>Gjethet e \u00e7ajit jeshil p\u00ebrmbajn\u00eb nd\u00ebr t\u00eb tjera polifenole , substanca mjaft ushqyese p\u00ebr organizmin e njeriut .<\/li>\n<li>P\u00ebrmbajtja e katekinave dhe tein\u00ebs n\u00eb gjethet e \u00e7ajit e b\u00ebjne at\u00eb nj\u00eb antioksidant mjaft t\u00eb mir\u00eb.<\/li>\n<li>Shquhet p\u00ebr vetit e tij n\u00eb r\u00ebnien n\u00eb pesh\u00eb<\/li>\n<li>N\u00eb uljen e kolesterolit \u00ebsht\u00eb nj\u00eb anti \u2013 diabetik mjaft efikas.<\/li>\n<li>Ndihmon n\u00eb s\u00ebmundjet e l\u00ebkur\u00ebs dhe parandalimin e r\u00ebnies s\u00eb flok\u00ebve.<\/li>\n<\/ul>\n<h4>P\u00ebrdorimi:<\/h4>\n<p>Nj\u00eb lug\u00eb \u00e7aj jeshil hidhet ne 180ml uj\u00eb e v\u00ebm\u00eb t\u00eb vloj\u00eb per 5-6 minuta, \u00ebmb\u00eblsojeni me \u00ebmb\u00eblsuesin tuaj t\u00eb preferuar dhe \u00ebsht\u00eb gati.<\/p>\n<h4>Kujdes!<\/h4>\n<p>\u00c7aj jeshil p\u00ebrmban kafein, p\u00ebrdorimi i tep\u00ebrt\u00a0 mund t\u00eb shkaktoj\u00eb pagjum\u00ebsi. Nuk rekomandohet t\u00eb konsumohet nga grat\u00eb shtatz\u00ebna\u00a0apo me gji.<\/p>\n","protected":false},"excerpt":{"rendered":"<p>\u00c7aj Jeshil \u00ebsht\u00eb i njohur dhe i p\u00ebrdorur q\u00eb n\u00eb koh\u00ebt m\u00eb t\u00eb lashta , fillimisht nga v\u00ebndet e lindjes si Kina e Japonia e m\u00eb pas n\u00eb mbar\u00eb globin . Gjethet e \u00e7ajit jeshil p\u00ebrmbajn\u00eb nd\u00ebr t\u00eb tjera polifenole , substanca mjaft ushqyese p\u00ebr organizmin e njeriut .<\/p>\n","protected":false},"featured_media":0,"comment_status":"open","ping_status":"closed","template":"","meta":{"_acf_changed":false,"inline_featured_image":false},"kategori-sipas-dietave":[89],"kategori-sipas-problemeve-shende":[83],"product_brand":[35],"product_cat":[81,43,26],"product_tag":[],"class_list":{"0":"post-6230","1":"product","2":"type-product","3":"status-publish","5":"kategori-sipas-dietave-vegan","6":"kategori-sipas-problemeve-shende-tretje-detox","7":"product_brand-sonnentor-sh-p-k","8":"product_cat-caj-bime-mjekesore","9":"product_cat-cajra","10":"product_cat-ushqime-bio","12":"first","13":"instock","14":"taxable","15":"shipping-taxable","16":"purchasable","17":"product-type-simple"},"acf":[],"yoast_head":"<!-- This site is optimized with the Yoast SEO plugin v27.4 - https:\/\/yoast.com\/product\/yoast-seo-wordpress\/ -->\n<title>\u00c7aj Jeshil Kinez - Edesia<\/title>\n<meta name=\"robots\" content=\"index, follow, max-snippet:-1, max-image-preview:large, max-video-preview:-1\" \/>\n<link rel=\"canonical\" href=\"https:\/\/www.edesia.al\/?product=caj-jeshil-kinez\" \/>\n<meta property=\"og:locale\" content=\"en_US\" \/>\n<meta property=\"og:type\" content=\"article\" \/>\n<meta property=\"og:title\" content=\"\u00c7aj Jeshil Kinez - Edesia\" \/>\n<meta property=\"og:description\" content=\"\u00c7aj Jeshil \u00ebsht\u00eb i njohur dhe i p\u00ebrdorur q\u00eb n\u00eb koh\u00ebt m\u00eb t\u00eb lashta , fillimisht nga v\u00ebndet e lindjes si Kina e Japonia e m\u00eb pas n\u00eb mbar\u00eb globin . Gjethet e \u00e7ajit jeshil p\u00ebrmbajn\u00eb nd\u00ebr t\u00eb tjera polifenole , substanca mjaft ushqyese p\u00ebr organizmin e njeriut .\" \/>\n<meta property=\"og:url\" content=\"https:\/\/www.edesia.al\/?product=caj-jeshil-kinez\" \/>\n<meta property=\"og:site_name\" content=\"Edesia\" \/>\n<meta property=\"article:modified_time\" content=\"2026-02-20T21:22:54+00:00\" \/>\n<meta name=\"twitter:card\" content=\"summary_large_image\" \/>\n<meta name=\"twitter:label1\" content=\"Est. reading time\" \/>\n\t<meta name=\"twitter:data1\" content=\"1 minute\" \/>\n<script type=\"application\/ld+json\" class=\"yoast-schema-graph\">{\"@context\":\"https:\\\/\\\/schema.org\",\"@graph\":[{\"@type\":\"WebPage\",\"@id\":\"https:\\\/\\\/www.edesia.al\\\/?product=caj-jeshil-kinez\",\"url\":\"https:\\\/\\\/www.edesia.al\\\/?product=caj-jeshil-kinez\",\"name\":\"\u00c7aj Jeshil Kinez - Edesia\",\"isPartOf\":{\"@id\":\"https:\\\/\\\/www.edesia.al\\\/#website\"},\"datePublished\":\"2026-02-16T21:06:08+00:00\",\"dateModified\":\"2026-02-20T21:22:54+00:00\",\"breadcrumb\":{\"@id\":\"https:\\\/\\\/www.edesia.al\\\/?product=caj-jeshil-kinez#breadcrumb\"},\"inLanguage\":\"en-US\",\"potentialAction\":[{\"@type\":\"ReadAction\",\"target\":[\"https:\\\/\\\/www.edesia.al\\\/?product=caj-jeshil-kinez\"]}]},{\"@type\":\"BreadcrumbList\",\"@id\":\"https:\\\/\\\/www.edesia.al\\\/?product=caj-jeshil-kinez#breadcrumb\",\"itemListElement\":[{\"@type\":\"ListItem\",\"position\":1,\"name\":\"Home\",\"item\":\"https:\\\/\\\/www.edesia.al\\\/\"},{\"@type\":\"ListItem\",\"position\":2,\"name\":\"Dyqani\",\"item\":\"https:\\\/\\\/www.edesia.al\\\/?page_id=17\"},{\"@type\":\"ListItem\",\"position\":3,\"name\":\"\u00c7aj Jeshil Kinez\"}]},{\"@type\":\"WebSite\",\"@id\":\"https:\\\/\\\/www.edesia.al\\\/#website\",\"url\":\"https:\\\/\\\/www.edesia.al\\\/\",\"name\":\"Edesia\",\"description\":\"\",\"publisher\":{\"@id\":\"https:\\\/\\\/www.edesia.al\\\/#organization\"},\"potentialAction\":[{\"@type\":\"SearchAction\",\"target\":{\"@type\":\"EntryPoint\",\"urlTemplate\":\"https:\\\/\\\/www.edesia.al\\\/?s={search_term_string}\"},\"query-input\":{\"@type\":\"PropertyValueSpecification\",\"valueRequired\":true,\"valueName\":\"search_term_string\"}}],\"inLanguage\":\"en-US\"},{\"@type\":\"Organization\",\"@id\":\"https:\\\/\\\/www.edesia.al\\\/#organization\",\"name\":\"Edesia\",\"url\":\"https:\\\/\\\/www.edesia.al\\\/\",\"logo\":{\"@type\":\"ImageObject\",\"inLanguage\":\"en-US\",\"@id\":\"https:\\\/\\\/www.edesia.al\\\/#\\\/schema\\\/logo\\\/image\\\/\",\"url\":\"https:\\\/\\\/www.edesia.al\\\/wp-content\\\/uploads\\\/2026\\\/02\\\/Logo-Edesia-no-background.png\",\"contentUrl\":\"https:\\\/\\\/www.edesia.al\\\/wp-content\\\/uploads\\\/2026\\\/02\\\/Logo-Edesia-no-background.png\",\"width\":293,\"height\":158,\"caption\":\"Edesia\"},\"image\":{\"@id\":\"https:\\\/\\\/www.edesia.al\\\/#\\\/schema\\\/logo\\\/image\\\/\"}}]}<\/script>\n<!-- \/ Yoast SEO plugin. -->","yoast_head_json":{"title":"\u00c7aj Jeshil Kinez - Edesia","robots":{"index":"index","follow":"follow","max-snippet":"max-snippet:-1","max-image-preview":"max-image-preview:large","max-video-preview":"max-video-preview:-1"},"canonical":"https:\/\/www.edesia.al\/?product=caj-jeshil-kinez","og_locale":"en_US","og_type":"article","og_title":"\u00c7aj Jeshil Kinez - Edesia","og_description":"\u00c7aj Jeshil \u00ebsht\u00eb i njohur dhe i p\u00ebrdorur q\u00eb n\u00eb koh\u00ebt m\u00eb t\u00eb lashta , fillimisht nga v\u00ebndet e lindjes si Kina e Japonia e m\u00eb pas n\u00eb mbar\u00eb globin . Gjethet e \u00e7ajit jeshil p\u00ebrmbajn\u00eb nd\u00ebr t\u00eb tjera polifenole , substanca mjaft ushqyese p\u00ebr organizmin e njeriut .","og_url":"https:\/\/www.edesia.al\/?product=caj-jeshil-kinez","og_site_name":"Edesia","article_modified_time":"2026-02-20T21:22:54+00:00","twitter_card":"summary_large_image","twitter_misc":{"Est. reading time":"1 minute"},"schema":{"@context":"https:\/\/schema.org","@graph":[{"@type":"WebPage","@id":"https:\/\/www.edesia.al\/?product=caj-jeshil-kinez","url":"https:\/\/www.edesia.al\/?product=caj-jeshil-kinez","name":"\u00c7aj Jeshil Kinez - Edesia","isPartOf":{"@id":"https:\/\/www.edesia.al\/#website"},"datePublished":"2026-02-16T21:06:08+00:00","dateModified":"2026-02-20T21:22:54+00:00","breadcrumb":{"@id":"https:\/\/www.edesia.al\/?product=caj-jeshil-kinez#breadcrumb"},"inLanguage":"en-US","potentialAction":[{"@type":"ReadAction","target":["https:\/\/www.edesia.al\/?product=caj-jeshil-kinez"]}]},{"@type":"BreadcrumbList","@id":"https:\/\/www.edesia.al\/?product=caj-jeshil-kinez#breadcrumb","itemListElement":[{"@type":"ListItem","position":1,"name":"Home","item":"https:\/\/www.edesia.al\/"},{"@type":"ListItem","position":2,"name":"Dyqani","item":"https:\/\/www.edesia.al\/?page_id=17"},{"@type":"ListItem","position":3,"name":"\u00c7aj Jeshil Kinez"}]},{"@type":"WebSite","@id":"https:\/\/www.edesia.al\/#website","url":"https:\/\/www.edesia.al\/","name":"Edesia","description":"","publisher":{"@id":"https:\/\/www.edesia.al\/#organization"},"potentialAction":[{"@type":"SearchAction","target":{"@type":"EntryPoint","urlTemplate":"https:\/\/www.edesia.al\/?s={search_term_string}"},"query-input":{"@type":"PropertyValueSpecification","valueRequired":true,"valueName":"search_term_string"}}],"inLanguage":"en-US"},{"@type":"Organization","@id":"https:\/\/www.edesia.al\/#organization","name":"Edesia","url":"https:\/\/www.edesia.al\/","logo":{"@type":"ImageObject","inLanguage":"en-US","@id":"https:\/\/www.edesia.al\/#\/schema\/logo\/image\/","url":"https:\/\/www.edesia.al\/wp-content\/uploads\/2026\/02\/Logo-Edesia-no-background.png","contentUrl":"https:\/\/www.edesia.al\/wp-content\/uploads\/2026\/02\/Logo-Edesia-no-background.png","width":293,"height":158,"caption":"Edesia"},"image":{"@id":"https:\/\/www.edesia.al\/#\/schema\/logo\/image\/"}}]}},"_links":{"self":[{"href":"https:\/\/www.edesia.al\/index.php?rest_route=\/wp\/v2\/product\/6230","targetHints":{"allow":["GET"]}}],"collection":[{"href":"https:\/\/www.edesia.al\/index.php?rest_route=\/wp\/v2\/product"}],"about":[{"href":"https:\/\/www.edesia.al\/index.php?rest_route=\/wp\/v2\/types\/product"}],"replies":[{"embeddable":true,"href":"https:\/\/www.edesia.al\/index.php?rest_route=%2Fwp%2Fv2%2Fcomments&post=6230"}],"wp:attachment":[{"href":"https:\/\/www.edesia.al\/index.php?rest_route=%2Fwp%2Fv2%2Fmedia&parent=6230"}],"wp:term":[{"taxonomy":"kategori-sipas-dietave","embeddable":true,"href":"https:\/\/www.edesia.al\/index.php?rest_route=%2Fwp%2Fv2%2Fkategori-sipas-dietave&post=6230"},{"taxonomy":"kategori-sipas-problemeve-shende","embeddable":true,"href":"https:\/\/www.edesia.al\/index.php?rest_route=%2Fwp%2Fv2%2Fkategori-sipas-problemeve-shende&post=6230"},{"taxonomy":"product_brand","embeddable":true,"href":"https:\/\/www.edesia.al\/index.php?rest_route=%2Fwp%2Fv2%2Fproduct_brand&post=6230"},{"taxonomy":"product_cat","embeddable":true,"href":"https:\/\/www.edesia.al\/index.php?rest_route=%2Fwp%2Fv2%2Fproduct_cat&post=6230"},{"taxonomy":"product_tag","embeddable":true,"href":"https:\/\/www.edesia.al\/index.php?rest_route=%2Fwp%2Fv2%2Fproduct_tag&post=6230"}],"curies":[{"name":"wp","href":"https:\/\/api.w.org\/{rel}","templated":true}]}}