{"id":6300,"date":"2026-02-16T21:06:33","date_gmt":"2026-02-16T21:06:33","guid":{"rendered":"https:\/\/www.edesia.al\/?post_type=product&#038;p=6300"},"modified":"2026-02-20T21:37:20","modified_gmt":"2026-02-20T21:37:20","slug":"caj-lule-dandelion","status":"publish","type":"product","link":"https:\/\/www.edesia.al\/?product=caj-lule-dandelion","title":{"rendered":"\u00c7aj Lule Dandelion"},"content":{"rendered":"<h3>\u00c7aj Lule Dandelion (21.6g)<\/h3>\n<p>Lule dandelion ose quajtur ndryshe lule radhiqe \u00ebsht\u00eb nj\u00eb lule q\u00eb rritet kudo n\u00eb Shqip\u00ebri dhe benefitet e saj sh\u00ebndetsore jane paimagjinueshme. Luleradhiqja p\u00ebrmban m\u00eb shum\u00eb karoten se karota dhe \u00ebsht\u00eb nj\u00eb burim i madh i vitaminave dhe mineraleve t\u00eb ndryshme. Shkenc\u00ebtar\u00ebt kan\u00eb treguar q\u00eb ky \u00e7aj mbron organizmin nga krijimi i qelizave kancerogjene.<\/p>\n<h4>Benefitet sh\u00ebndetsore t\u00eb cajit t\u00eb lules s\u00eb dandelionit:<\/h4>\n<ul>\n<li>\u00a0Luleradhiqja ka veti natyrore diuretike. Ndihmon n\u00eb pastrimin e trupit nga toksinat, p\u00ebrmir\u00ebson sh\u00ebndetin e veshkave dhe t\u00eb traktit urinar. \u00c7aji i luleradhiqes leht\u00ebson problemet e tretjes dhe redukton rrezikun nga gur\u00ebt n\u00eb veshka. Ai \u00ebsht\u00eb gjithashtu i shk\u00eblqyer p\u00ebr urinimin e gur\u00ebzve nga veshkat, sepse e b\u00ebn urinimin m\u00eb pak t\u00eb dhimbsh\u00ebm dhe t\u00eb pak\u00ebndsh\u00ebm.<\/li>\n<li>Konsumimit t\u00eb p\u00ebrditsh\u00ebm t\u00eb \u00e7ajit t\u00eb luleradhiqes mban nenkontroll presionin e larte te gjakut. P\u00ebrmban komponent\u00eb t\u00eb cil\u00ebt n\u00eb nj\u00eb afat t\u00eb shkurt\u00ebr mund ta rregullojn\u00eb presionin e gjakut. Gjithashtu rregullon nivelet e kolesterolit n\u00eb gjak dhe n\u00eb k\u00ebt\u00eb m\u00ebnyr\u00eb zvog\u00eblon rrezikun e s\u00ebmundjeve t\u00eb zemr\u00ebs p\u00ebr shkak se shtypja e lart\u00eb e gjakut dhe nivelet e larta t\u00eb kolesterolit jan\u00eb shkaqet kryesore t\u00eb s\u00ebmundjeve t\u00eb zemr\u00ebs.<\/li>\n<li>Lodhja kronike mund t\u00eb jet\u00eb simptoma e par\u00eb e \u00e7rregullimeve n\u00eb m\u00ebl\u00e7i. Luleradhiqja p\u00ebrmir\u00ebson funksionin e m\u00ebl\u00e7is\u00eb dhe leht\u00ebson lirimin e toksinave nga trupi. Vetit\u00eb e saj antioksidante zvog\u00eblojn\u00eb rrezikun nga kanceri i m\u00ebl\u00e7is\u00eb.<\/li>\n<li>\u00c7aji nga luleradhiqja stimulon leht\u00eb sistemin e tretjes dhe p\u00ebrmir\u00ebson djegien e kalorive duke na ndihnmuar me renine ne peshe. P\u00ebrshpejton metabolizmin dhe p\u00ebrmireson shendetin e zorreve.<\/li>\n<li>Lufton anemin\u00eb pasi \u00ebsht\u00eb nj\u00eb burim i mir\u00eb i hekurit, vitaminave dhe proteinave. Hekuri \u00ebsht\u00eb nj\u00eb pjes\u00eb e r\u00ebnd\u00ebsishme e hemoglobin\u00ebs, nd\u00ebrsa vitaminat dhe proteinat jan\u00eb esenciale p\u00ebr prodhimin e rruazave t\u00eb kuqe t\u00eb gjakut. Luleradhiqja p\u00ebrmban natrium organik, i cili \u00ebsht\u00eb i shk\u00eblqyesh\u00ebm p\u00ebr njer\u00ebzit q\u00eb kan\u00eb nj\u00eb nivel shum\u00eb t\u00eb ul\u00ebt t\u00eb natriumit n\u00eb trup.<\/li>\n<li>Kompresat nga \u00e7aji i luleradhiqes qet\u00ebsojn\u00eb irritimet e l\u00ebkur\u00ebs. Ato kan\u00eb ndikim antimikrobial dhe antiviral, dhe p\u00ebr k\u00ebt\u00eb arsye jan\u00eb t\u00eb shk\u00eblqyeshme p\u00ebr pak\u00ebsimin e pu\u00e7rrave n\u00eb fytyr\u00eb, si dhe leht\u00ebsimin e pickimeve t\u00eb insekteve. Ato rregullojn\u00eb nivelet e hormoneve, nd\u00ebrsa l\u00ebkur\u00ebs i japin nj\u00eb shk\u00eblqim natyral dhe but\u00ebsi.<\/li>\n<li>Ndihmon ne sh\u00ebndetin e kockave. \u00cbsht\u00eb e pasur me kalcium, i cili \u00ebsht\u00eb i nevojsh\u00ebm p\u00ebr shendetin e kockave. P\u00ebrve\u00e7 k\u00ebsaj, p\u00ebrmban edhe antioksidues si vitamina C dhe luteolina, q\u00eb i mbrojn\u00eb kockat nga d\u00ebmtimet dhe dob\u00ebsimi, q\u00eb krijohet me kalimin e viteve.<\/li>\n<li>Ndihmon n\u00eb sh\u00ebndetin\u00a0 e mir\u00eb t\u00eb m\u00eblcise.<\/li>\n<li>Caji nga luleradhiqja mund t\u2019u ndihmoj\u00eb t\u00eb s\u00ebmur\u00ebve nga diabeti, sepse e stimulon prodhimin e insulin\u00ebs nga pankreasi dhe me k\u00ebt\u00eb e mban t\u00eb ul\u00ebt nivelin e sheqerit ne gjak. Duke pasur parasysh q\u00eb luleradhiqja \u00ebsht\u00eb nj\u00eb diuretik natyral, ajo e nxit urinimin te t\u00eb s\u00ebmur\u00ebt nga diabeti, gj\u00eb q\u00eb ndihmon n\u00eb largimin e sheqerit t\u00eb tep\u00ebrt nga organizmi. T\u00eb s\u00ebmur\u00ebt nga diabeti gjithashtu jan\u00eb t\u00eb ndjesh\u00ebm ndaj problemeve me veshkat, k\u00ebshtu q\u00eb karakteristikat diuretike t\u00eb saj mund t\u00eb ndihmojn\u00eb edhe n\u00eb largimin e sheqerit t\u00eb mbledhur n\u00eb veshka p\u00ebrmes urinimit t\u00eb shpesht\u00eb.<\/li>\n<li>P\u00ebrmban sasi t\u00eb m\u00ebdha t\u00eb antioksiduesve q\u00eb reduktoj\u00eb radikalet e lira, t\u00eb cilat e shkaktojn\u00eb kancerin. Gjithashtu e detoksikon organizmin, gj\u00eb q\u00eb mbron m\u00eb shum\u00eb nga zhvillimi i tumoreve dhe llojeve t\u00eb ndryshme t\u00eb kancerit. Luteolina n\u00eb fakt i shkat\u00ebrron p\u00ebrb\u00ebr\u00ebsit e r\u00ebnd\u00ebsish\u00ebm t\u00eb qelizave t\u00eb kancerit, kur lidhet p\u00ebr to, si dhe i b\u00ebn joefikase dhe nuk mund t\u00eb riprodhohen. Ve\u00e7an\u00ebrisht \u00ebsht\u00eb e suksesshme n\u00eb luft\u00ebn kund\u00ebr kancerit t\u00eb prostat\u00ebs.<\/li>\n<li>Verdh\u00ebza \u00ebsht\u00eb \u00e7rregullim i m\u00ebl\u00e7is\u00eb, n\u00eb t\u00eb cil\u00ebn organi fillon q\u00eb t\u00eb sekretoj\u00eb tep\u00ebr vrer, i cili n\u00eb fund hyn n\u00eb qarkull t\u00eb gjakut dhe e d\u00ebmton metabolizmin, teprica e vrerit reflektohet p\u00ebrmes ngjyr\u00ebs s\u00eb verdh\u00eb t\u00eb l\u00ebkur\u00ebs dhe syve.<\/li>\n<\/ul>\n<h4>P\u00ebrgatitja:<\/h4>\n<p>Hidhni uj\u00eb t\u00eb ngroht\u00eb n\u00eb nj\u00eb filxhan, zhysni brenda nj\u00eb bustin\u00eb caji xhixher lereni 2-3 minuta, emb\u00eblsojeni me emb\u00eblsuesin tuaj t\u00eb preferuar dhe \u00ebsht\u00eb gati.<\/p>\n","protected":false},"excerpt":{"rendered":"<p>Dobit\u00eb sh\u00ebndet\u00ebsore t\u00eb luleradhiqes p\u00ebrfshijn\u00eb reduktimin e rrezikut nga s\u00ebmundjet e m\u00ebl\u00e7is\u00eb, diabetit, \u00e7rregullimeve t\u00eb sistemit urinar, akneve, verdh\u00ebz\u00ebs dhe kancerit. Ky paketim praktik ju ndihmon q\u00eb ta p\u00ebrfshini lehtsisht \u00e7ajin e dandelionit n\u00eb p\u00ebrditshm\u00ebrin\u00eb tuaj.<\/p>\n","protected":false},"featured_media":6328,"comment_status":"open","ping_status":"closed","template":"","meta":{"_acf_changed":false,"inline_featured_image":false},"kategori-sipas-dietave":[89],"kategori-sipas-problemeve-shende":[83],"product_brand":[35],"product_cat":[81,43],"product_tag":[],"class_list":{"0":"post-6300","1":"product","2":"type-product","3":"status-publish","4":"has-post-thumbnail","6":"kategori-sipas-dietave-vegan","7":"kategori-sipas-problemeve-shende-tretje-detox","8":"product_brand-sonnentor-sh-p-k","9":"product_cat-caj-bime-mjekesore","10":"product_cat-cajra","12":"first","13":"outofstock","14":"taxable","15":"shipping-taxable","16":"purchasable","17":"product-type-simple"},"acf":[],"yoast_head":"<!-- This site is optimized with the Yoast SEO plugin v27.4 - https:\/\/yoast.com\/product\/yoast-seo-wordpress\/ -->\n<title>\u00c7aj Lule Dandelion - Edesia<\/title>\n<meta name=\"robots\" content=\"index, follow, max-snippet:-1, max-image-preview:large, max-video-preview:-1\" \/>\n<link rel=\"canonical\" href=\"https:\/\/www.edesia.al\/?product=caj-lule-dandelion\" \/>\n<meta property=\"og:locale\" content=\"en_US\" \/>\n<meta property=\"og:type\" content=\"article\" \/>\n<meta property=\"og:title\" content=\"\u00c7aj Lule Dandelion - Edesia\" \/>\n<meta property=\"og:description\" content=\"Dobit\u00eb sh\u00ebndet\u00ebsore t\u00eb luleradhiqes p\u00ebrfshijn\u00eb reduktimin e rrezikut nga s\u00ebmundjet e m\u00ebl\u00e7is\u00eb, diabetit, \u00e7rregullimeve t\u00eb sistemit urinar, akneve, verdh\u00ebz\u00ebs dhe kancerit. Ky paketim praktik ju ndihmon q\u00eb ta p\u00ebrfshini lehtsisht \u00e7ajin e dandelionit n\u00eb p\u00ebrditshm\u00ebrin\u00eb tuaj.\" \/>\n<meta property=\"og:url\" content=\"https:\/\/www.edesia.al\/?product=caj-lule-dandelion\" \/>\n<meta property=\"og:site_name\" content=\"Edesia\" \/>\n<meta property=\"article:modified_time\" content=\"2026-02-20T21:37:20+00:00\" \/>\n<meta property=\"og:image\" content=\"https:\/\/www.edesia.al\/wp-content\/uploads\/2026\/02\/dandelion-1.webp\" \/>\n\t<meta property=\"og:image:width\" content=\"593\" \/>\n\t<meta property=\"og:image:height\" content=\"593\" \/>\n\t<meta property=\"og:image:type\" content=\"image\/webp\" \/>\n<meta name=\"twitter:card\" content=\"summary_large_image\" \/>\n<meta name=\"twitter:label1\" content=\"Est. reading time\" \/>\n\t<meta name=\"twitter:data1\" content=\"4 minutes\" \/>\n<script type=\"application\/ld+json\" class=\"yoast-schema-graph\">{\"@context\":\"https:\\\/\\\/schema.org\",\"@graph\":[{\"@type\":\"WebPage\",\"@id\":\"https:\\\/\\\/www.edesia.al\\\/?product=caj-lule-dandelion\",\"url\":\"https:\\\/\\\/www.edesia.al\\\/?product=caj-lule-dandelion\",\"name\":\"\u00c7aj Lule Dandelion - Edesia\",\"isPartOf\":{\"@id\":\"https:\\\/\\\/www.edesia.al\\\/#website\"},\"primaryImageOfPage\":{\"@id\":\"https:\\\/\\\/www.edesia.al\\\/?product=caj-lule-dandelion#primaryimage\"},\"image\":{\"@id\":\"https:\\\/\\\/www.edesia.al\\\/?product=caj-lule-dandelion#primaryimage\"},\"thumbnailUrl\":\"https:\\\/\\\/www.edesia.al\\\/wp-content\\\/uploads\\\/2026\\\/02\\\/dandelion-1.webp\",\"datePublished\":\"2026-02-16T21:06:33+00:00\",\"dateModified\":\"2026-02-20T21:37:20+00:00\",\"breadcrumb\":{\"@id\":\"https:\\\/\\\/www.edesia.al\\\/?product=caj-lule-dandelion#breadcrumb\"},\"inLanguage\":\"en-US\",\"potentialAction\":[{\"@type\":\"ReadAction\",\"target\":[\"https:\\\/\\\/www.edesia.al\\\/?product=caj-lule-dandelion\"]}]},{\"@type\":\"ImageObject\",\"inLanguage\":\"en-US\",\"@id\":\"https:\\\/\\\/www.edesia.al\\\/?product=caj-lule-dandelion#primaryimage\",\"url\":\"https:\\\/\\\/www.edesia.al\\\/wp-content\\\/uploads\\\/2026\\\/02\\\/dandelion-1.webp\",\"contentUrl\":\"https:\\\/\\\/www.edesia.al\\\/wp-content\\\/uploads\\\/2026\\\/02\\\/dandelion-1.webp\",\"width\":593,\"height\":593},{\"@type\":\"BreadcrumbList\",\"@id\":\"https:\\\/\\\/www.edesia.al\\\/?product=caj-lule-dandelion#breadcrumb\",\"itemListElement\":[{\"@type\":\"ListItem\",\"position\":1,\"name\":\"Home\",\"item\":\"https:\\\/\\\/www.edesia.al\\\/\"},{\"@type\":\"ListItem\",\"position\":2,\"name\":\"Dyqani\",\"item\":\"https:\\\/\\\/www.edesia.al\\\/?page_id=17\"},{\"@type\":\"ListItem\",\"position\":3,\"name\":\"\u00c7aj Lule Dandelion\"}]},{\"@type\":\"WebSite\",\"@id\":\"https:\\\/\\\/www.edesia.al\\\/#website\",\"url\":\"https:\\\/\\\/www.edesia.al\\\/\",\"name\":\"Edesia\",\"description\":\"\",\"publisher\":{\"@id\":\"https:\\\/\\\/www.edesia.al\\\/#organization\"},\"potentialAction\":[{\"@type\":\"SearchAction\",\"target\":{\"@type\":\"EntryPoint\",\"urlTemplate\":\"https:\\\/\\\/www.edesia.al\\\/?s={search_term_string}\"},\"query-input\":{\"@type\":\"PropertyValueSpecification\",\"valueRequired\":true,\"valueName\":\"search_term_string\"}}],\"inLanguage\":\"en-US\"},{\"@type\":\"Organization\",\"@id\":\"https:\\\/\\\/www.edesia.al\\\/#organization\",\"name\":\"Edesia\",\"url\":\"https:\\\/\\\/www.edesia.al\\\/\",\"logo\":{\"@type\":\"ImageObject\",\"inLanguage\":\"en-US\",\"@id\":\"https:\\\/\\\/www.edesia.al\\\/#\\\/schema\\\/logo\\\/image\\\/\",\"url\":\"https:\\\/\\\/www.edesia.al\\\/wp-content\\\/uploads\\\/2026\\\/02\\\/Logo-Edesia-no-background.png\",\"contentUrl\":\"https:\\\/\\\/www.edesia.al\\\/wp-content\\\/uploads\\\/2026\\\/02\\\/Logo-Edesia-no-background.png\",\"width\":293,\"height\":158,\"caption\":\"Edesia\"},\"image\":{\"@id\":\"https:\\\/\\\/www.edesia.al\\\/#\\\/schema\\\/logo\\\/image\\\/\"}}]}<\/script>\n<!-- \/ Yoast SEO plugin. -->","yoast_head_json":{"title":"\u00c7aj Lule Dandelion - Edesia","robots":{"index":"index","follow":"follow","max-snippet":"max-snippet:-1","max-image-preview":"max-image-preview:large","max-video-preview":"max-video-preview:-1"},"canonical":"https:\/\/www.edesia.al\/?product=caj-lule-dandelion","og_locale":"en_US","og_type":"article","og_title":"\u00c7aj Lule Dandelion - Edesia","og_description":"Dobit\u00eb sh\u00ebndet\u00ebsore t\u00eb luleradhiqes p\u00ebrfshijn\u00eb reduktimin e rrezikut nga s\u00ebmundjet e m\u00ebl\u00e7is\u00eb, diabetit, \u00e7rregullimeve t\u00eb sistemit urinar, akneve, verdh\u00ebz\u00ebs dhe kancerit. Ky paketim praktik ju ndihmon q\u00eb ta p\u00ebrfshini lehtsisht \u00e7ajin e dandelionit n\u00eb p\u00ebrditshm\u00ebrin\u00eb tuaj.","og_url":"https:\/\/www.edesia.al\/?product=caj-lule-dandelion","og_site_name":"Edesia","article_modified_time":"2026-02-20T21:37:20+00:00","og_image":[{"width":593,"height":593,"url":"https:\/\/www.edesia.al\/wp-content\/uploads\/2026\/02\/dandelion-1.webp","type":"image\/webp"}],"twitter_card":"summary_large_image","twitter_misc":{"Est. reading time":"4 minutes"},"schema":{"@context":"https:\/\/schema.org","@graph":[{"@type":"WebPage","@id":"https:\/\/www.edesia.al\/?product=caj-lule-dandelion","url":"https:\/\/www.edesia.al\/?product=caj-lule-dandelion","name":"\u00c7aj Lule Dandelion - Edesia","isPartOf":{"@id":"https:\/\/www.edesia.al\/#website"},"primaryImageOfPage":{"@id":"https:\/\/www.edesia.al\/?product=caj-lule-dandelion#primaryimage"},"image":{"@id":"https:\/\/www.edesia.al\/?product=caj-lule-dandelion#primaryimage"},"thumbnailUrl":"https:\/\/www.edesia.al\/wp-content\/uploads\/2026\/02\/dandelion-1.webp","datePublished":"2026-02-16T21:06:33+00:00","dateModified":"2026-02-20T21:37:20+00:00","breadcrumb":{"@id":"https:\/\/www.edesia.al\/?product=caj-lule-dandelion#breadcrumb"},"inLanguage":"en-US","potentialAction":[{"@type":"ReadAction","target":["https:\/\/www.edesia.al\/?product=caj-lule-dandelion"]}]},{"@type":"ImageObject","inLanguage":"en-US","@id":"https:\/\/www.edesia.al\/?product=caj-lule-dandelion#primaryimage","url":"https:\/\/www.edesia.al\/wp-content\/uploads\/2026\/02\/dandelion-1.webp","contentUrl":"https:\/\/www.edesia.al\/wp-content\/uploads\/2026\/02\/dandelion-1.webp","width":593,"height":593},{"@type":"BreadcrumbList","@id":"https:\/\/www.edesia.al\/?product=caj-lule-dandelion#breadcrumb","itemListElement":[{"@type":"ListItem","position":1,"name":"Home","item":"https:\/\/www.edesia.al\/"},{"@type":"ListItem","position":2,"name":"Dyqani","item":"https:\/\/www.edesia.al\/?page_id=17"},{"@type":"ListItem","position":3,"name":"\u00c7aj Lule Dandelion"}]},{"@type":"WebSite","@id":"https:\/\/www.edesia.al\/#website","url":"https:\/\/www.edesia.al\/","name":"Edesia","description":"","publisher":{"@id":"https:\/\/www.edesia.al\/#organization"},"potentialAction":[{"@type":"SearchAction","target":{"@type":"EntryPoint","urlTemplate":"https:\/\/www.edesia.al\/?s={search_term_string}"},"query-input":{"@type":"PropertyValueSpecification","valueRequired":true,"valueName":"search_term_string"}}],"inLanguage":"en-US"},{"@type":"Organization","@id":"https:\/\/www.edesia.al\/#organization","name":"Edesia","url":"https:\/\/www.edesia.al\/","logo":{"@type":"ImageObject","inLanguage":"en-US","@id":"https:\/\/www.edesia.al\/#\/schema\/logo\/image\/","url":"https:\/\/www.edesia.al\/wp-content\/uploads\/2026\/02\/Logo-Edesia-no-background.png","contentUrl":"https:\/\/www.edesia.al\/wp-content\/uploads\/2026\/02\/Logo-Edesia-no-background.png","width":293,"height":158,"caption":"Edesia"},"image":{"@id":"https:\/\/www.edesia.al\/#\/schema\/logo\/image\/"}}]}},"_links":{"self":[{"href":"https:\/\/www.edesia.al\/index.php?rest_route=\/wp\/v2\/product\/6300","targetHints":{"allow":["GET"]}}],"collection":[{"href":"https:\/\/www.edesia.al\/index.php?rest_route=\/wp\/v2\/product"}],"about":[{"href":"https:\/\/www.edesia.al\/index.php?rest_route=\/wp\/v2\/types\/product"}],"replies":[{"embeddable":true,"href":"https:\/\/www.edesia.al\/index.php?rest_route=%2Fwp%2Fv2%2Fcomments&post=6300"}],"wp:featuredmedia":[{"embeddable":true,"href":"https:\/\/www.edesia.al\/index.php?rest_route=\/wp\/v2\/media\/6328"}],"wp:attachment":[{"href":"https:\/\/www.edesia.al\/index.php?rest_route=%2Fwp%2Fv2%2Fmedia&parent=6300"}],"wp:term":[{"taxonomy":"kategori-sipas-dietave","embeddable":true,"href":"https:\/\/www.edesia.al\/index.php?rest_route=%2Fwp%2Fv2%2Fkategori-sipas-dietave&post=6300"},{"taxonomy":"kategori-sipas-problemeve-shende","embeddable":true,"href":"https:\/\/www.edesia.al\/index.php?rest_route=%2Fwp%2Fv2%2Fkategori-sipas-problemeve-shende&post=6300"},{"taxonomy":"product_brand","embeddable":true,"href":"https:\/\/www.edesia.al\/index.php?rest_route=%2Fwp%2Fv2%2Fproduct_brand&post=6300"},{"taxonomy":"product_cat","embeddable":true,"href":"https:\/\/www.edesia.al\/index.php?rest_route=%2Fwp%2Fv2%2Fproduct_cat&post=6300"},{"taxonomy":"product_tag","embeddable":true,"href":"https:\/\/www.edesia.al\/index.php?rest_route=%2Fwp%2Fv2%2Fproduct_tag&post=6300"}],"curies":[{"name":"wp","href":"https:\/\/api.w.org\/{rel}","templated":true}]}}