{"id":6419,"date":"2026-02-16T21:07:23","date_gmt":"2026-02-16T21:07:23","guid":{"rendered":"https:\/\/www.edesia.al\/?post_type=product&#038;p=6419"},"modified":"2026-02-21T11:56:49","modified_gmt":"2026-02-21T11:56:49","slug":"vaj-esencial-keder","status":"publish","type":"product","link":"https:\/\/www.edesia.al\/?product=vaj-esencial-keder","title":{"rendered":"Vaj Esencial Keder"},"content":{"rendered":"<h3>Vaj Esencial Keder ( 10 ml )<\/h3>\n<p>Ka nj\u00eb arom\u00eb t\u00eb k\u00ebndshme drusore dhe gjen p\u00ebrdorim si n\u00eb mjek\u00ebsi ashtu dhe n\u00eb kozmetike. Vaj esencial i keder ( Cedar) \u00ebsht\u00eb p\u00ebrdorur prej shekuj si aromatherapy ashtu dhe p\u00ebr sh\u00ebrimin e nj\u00eb ser\u00eb gjendjesh dermatologjike.<\/p>\n<h4>Benefitet sh\u00ebndetsore t\u00eb vajit esencial t\u00eb keder:<\/h4>\n<ul>\n<li>P\u00ebrmir\u00ebson problemet me gjumin.<\/li>\n<li>Ndihmon me problemet me frym\u00ebmarrjen, zhbllokon sinuset dhe leht\u00ebson simptomat e gripit dhe virozave.<\/li>\n<li>Ndalon r\u00ebnien e flok\u00ebve dhe pastron dhe qet\u00ebson skalpin.<\/li>\n<li>Hidraton lekur\u00ebn dhe ndihmon n\u00eb problemet me aknet si dhe jep efekte lifting.<\/li>\n<li>Qet\u00ebson ankthin, rrit p\u00ebrq\u00ebndrimin dhe qart\u00ebson mendjen.<\/li>\n<\/ul>\n<h4>P\u00ebrdorimi:<\/h4>\n<p>P\u00ebrdoret si aromatherapy p\u00ebr ta marr\u00eb nd\u00ebrmjet rrug\u00ebve t\u00eb frym\u00ebmarrjes. Gjithashtu mund t\u00eb b\u00ebhet pjese e maskave t\u00eb ndryshme p\u00ebr l\u00ebkur\u00eb dhe flok\u00eb.<\/p>\n<h4>Kujdes:<\/h4>\n<p>Mos e p\u00ebrdorni asnj\u00ebher\u00eb direkt n\u00eb l\u00ebkur\u00eb, gjithmon\u00eb i holluar me ndonj\u00eb vaj tjet\u00ebr.<\/p>\n","protected":false},"excerpt":{"rendered":"<p>Vaj Esencial Keder ( 10 ml ) Ka nj\u00eb arom\u00eb t\u00eb k\u00ebndshme drusore dhe gjen p\u00ebrdorim si n\u00eb mjek\u00ebsi ashtu dhe n\u00eb kozmetike. Vaj esencial i keder ( Cedar) \u00ebsht\u00eb p\u00ebrdorur prej shekuj si aromatherapy ashtu dhe p\u00ebr sh\u00ebrimin e nj\u00eb ser\u00eb gjendjesh dermatologjike. Benefitet sh\u00ebndetsore t\u00eb vajit esencial t\u00eb keder: P\u00ebrmir\u00ebson problemet me gjumin.[&#8230;]<\/p>\n","protected":false},"featured_media":6457,"comment_status":"open","ping_status":"closed","template":"","meta":{"_acf_changed":false,"inline_featured_image":false},"kategori-sipas-dietave":[89],"kategori-sipas-problemeve-shende":[85],"product_brand":[35],"product_cat":[44,45],"product_tag":[],"class_list":{"0":"post-6419","1":"product","2":"type-product","3":"status-publish","4":"has-post-thumbnail","6":"kategori-sipas-dietave-vegan","7":"kategori-sipas-problemeve-shende-imuniteti","8":"product_brand-sonnentor-sh-p-k","9":"product_cat-shtepi-stil-jetese","10":"product_cat-vajra-esenciale","12":"first","13":"instock","14":"taxable","15":"shipping-taxable","16":"product-type-simple"},"acf":[],"yoast_head":"<!-- This site is optimized with the Yoast SEO plugin v27.4 - https:\/\/yoast.com\/product\/yoast-seo-wordpress\/ -->\n<title>Vaj Esencial Keder - Edesia<\/title>\n<meta name=\"robots\" content=\"index, follow, max-snippet:-1, max-image-preview:large, max-video-preview:-1\" \/>\n<link rel=\"canonical\" href=\"https:\/\/www.edesia.al\/?product=vaj-esencial-keder\" \/>\n<meta property=\"og:locale\" content=\"en_US\" \/>\n<meta property=\"og:type\" content=\"article\" \/>\n<meta property=\"og:title\" content=\"Vaj Esencial Keder - Edesia\" \/>\n<meta property=\"og:description\" content=\"Vaj Esencial Keder ( 10 ml ) Ka nj\u00eb arom\u00eb t\u00eb k\u00ebndshme drusore dhe gjen p\u00ebrdorim si n\u00eb mjek\u00ebsi ashtu dhe n\u00eb kozmetike. Vaj esencial i keder ( Cedar) \u00ebsht\u00eb p\u00ebrdorur prej shekuj si aromatherapy ashtu dhe p\u00ebr sh\u00ebrimin e nj\u00eb ser\u00eb gjendjesh dermatologjike. Benefitet sh\u00ebndetsore t\u00eb vajit esencial t\u00eb keder: P\u00ebrmir\u00ebson problemet me gjumin.[...]\" \/>\n<meta property=\"og:url\" content=\"https:\/\/www.edesia.al\/?product=vaj-esencial-keder\" \/>\n<meta property=\"og:site_name\" content=\"Edesia\" \/>\n<meta property=\"article:modified_time\" content=\"2026-02-21T11:56:49+00:00\" \/>\n<meta property=\"og:image\" content=\"https:\/\/www.edesia.al\/wp-content\/uploads\/2026\/02\/Zeder-1.webp\" \/>\n\t<meta property=\"og:image:width\" content=\"593\" \/>\n\t<meta property=\"og:image:height\" content=\"593\" \/>\n\t<meta property=\"og:image:type\" content=\"image\/webp\" \/>\n<meta name=\"twitter:card\" content=\"summary_large_image\" \/>\n<meta name=\"twitter:label1\" content=\"Est. reading time\" \/>\n\t<meta name=\"twitter:data1\" content=\"1 minute\" \/>\n<script type=\"application\/ld+json\" class=\"yoast-schema-graph\">{\"@context\":\"https:\\\/\\\/schema.org\",\"@graph\":[{\"@type\":\"WebPage\",\"@id\":\"https:\\\/\\\/www.edesia.al\\\/?product=vaj-esencial-keder\",\"url\":\"https:\\\/\\\/www.edesia.al\\\/?product=vaj-esencial-keder\",\"name\":\"Vaj Esencial Keder - Edesia\",\"isPartOf\":{\"@id\":\"https:\\\/\\\/www.edesia.al\\\/#website\"},\"primaryImageOfPage\":{\"@id\":\"https:\\\/\\\/www.edesia.al\\\/?product=vaj-esencial-keder#primaryimage\"},\"image\":{\"@id\":\"https:\\\/\\\/www.edesia.al\\\/?product=vaj-esencial-keder#primaryimage\"},\"thumbnailUrl\":\"https:\\\/\\\/www.edesia.al\\\/wp-content\\\/uploads\\\/2026\\\/02\\\/Zeder-1.webp\",\"datePublished\":\"2026-02-16T21:07:23+00:00\",\"dateModified\":\"2026-02-21T11:56:49+00:00\",\"breadcrumb\":{\"@id\":\"https:\\\/\\\/www.edesia.al\\\/?product=vaj-esencial-keder#breadcrumb\"},\"inLanguage\":\"en-US\",\"potentialAction\":[{\"@type\":\"ReadAction\",\"target\":[\"https:\\\/\\\/www.edesia.al\\\/?product=vaj-esencial-keder\"]}]},{\"@type\":\"ImageObject\",\"inLanguage\":\"en-US\",\"@id\":\"https:\\\/\\\/www.edesia.al\\\/?product=vaj-esencial-keder#primaryimage\",\"url\":\"https:\\\/\\\/www.edesia.al\\\/wp-content\\\/uploads\\\/2026\\\/02\\\/Zeder-1.webp\",\"contentUrl\":\"https:\\\/\\\/www.edesia.al\\\/wp-content\\\/uploads\\\/2026\\\/02\\\/Zeder-1.webp\",\"width\":593,\"height\":593},{\"@type\":\"BreadcrumbList\",\"@id\":\"https:\\\/\\\/www.edesia.al\\\/?product=vaj-esencial-keder#breadcrumb\",\"itemListElement\":[{\"@type\":\"ListItem\",\"position\":1,\"name\":\"Home\",\"item\":\"https:\\\/\\\/www.edesia.al\\\/\"},{\"@type\":\"ListItem\",\"position\":2,\"name\":\"Dyqani\",\"item\":\"https:\\\/\\\/www.edesia.al\\\/?page_id=17\"},{\"@type\":\"ListItem\",\"position\":3,\"name\":\"Vaj Esencial Keder\"}]},{\"@type\":\"WebSite\",\"@id\":\"https:\\\/\\\/www.edesia.al\\\/#website\",\"url\":\"https:\\\/\\\/www.edesia.al\\\/\",\"name\":\"Edesia\",\"description\":\"\",\"publisher\":{\"@id\":\"https:\\\/\\\/www.edesia.al\\\/#organization\"},\"potentialAction\":[{\"@type\":\"SearchAction\",\"target\":{\"@type\":\"EntryPoint\",\"urlTemplate\":\"https:\\\/\\\/www.edesia.al\\\/?s={search_term_string}\"},\"query-input\":{\"@type\":\"PropertyValueSpecification\",\"valueRequired\":true,\"valueName\":\"search_term_string\"}}],\"inLanguage\":\"en-US\"},{\"@type\":\"Organization\",\"@id\":\"https:\\\/\\\/www.edesia.al\\\/#organization\",\"name\":\"Edesia\",\"url\":\"https:\\\/\\\/www.edesia.al\\\/\",\"logo\":{\"@type\":\"ImageObject\",\"inLanguage\":\"en-US\",\"@id\":\"https:\\\/\\\/www.edesia.al\\\/#\\\/schema\\\/logo\\\/image\\\/\",\"url\":\"https:\\\/\\\/www.edesia.al\\\/wp-content\\\/uploads\\\/2026\\\/02\\\/Logo-Edesia-no-background.png\",\"contentUrl\":\"https:\\\/\\\/www.edesia.al\\\/wp-content\\\/uploads\\\/2026\\\/02\\\/Logo-Edesia-no-background.png\",\"width\":293,\"height\":158,\"caption\":\"Edesia\"},\"image\":{\"@id\":\"https:\\\/\\\/www.edesia.al\\\/#\\\/schema\\\/logo\\\/image\\\/\"}}]}<\/script>\n<!-- \/ Yoast SEO plugin. -->","yoast_head_json":{"title":"Vaj Esencial Keder - Edesia","robots":{"index":"index","follow":"follow","max-snippet":"max-snippet:-1","max-image-preview":"max-image-preview:large","max-video-preview":"max-video-preview:-1"},"canonical":"https:\/\/www.edesia.al\/?product=vaj-esencial-keder","og_locale":"en_US","og_type":"article","og_title":"Vaj Esencial Keder - Edesia","og_description":"Vaj Esencial Keder ( 10 ml ) Ka nj\u00eb arom\u00eb t\u00eb k\u00ebndshme drusore dhe gjen p\u00ebrdorim si n\u00eb mjek\u00ebsi ashtu dhe n\u00eb kozmetike. Vaj esencial i keder ( Cedar) \u00ebsht\u00eb p\u00ebrdorur prej shekuj si aromatherapy ashtu dhe p\u00ebr sh\u00ebrimin e nj\u00eb ser\u00eb gjendjesh dermatologjike. Benefitet sh\u00ebndetsore t\u00eb vajit esencial t\u00eb keder: P\u00ebrmir\u00ebson problemet me gjumin.[...]","og_url":"https:\/\/www.edesia.al\/?product=vaj-esencial-keder","og_site_name":"Edesia","article_modified_time":"2026-02-21T11:56:49+00:00","og_image":[{"width":593,"height":593,"url":"https:\/\/www.edesia.al\/wp-content\/uploads\/2026\/02\/Zeder-1.webp","type":"image\/webp"}],"twitter_card":"summary_large_image","twitter_misc":{"Est. reading time":"1 minute"},"schema":{"@context":"https:\/\/schema.org","@graph":[{"@type":"WebPage","@id":"https:\/\/www.edesia.al\/?product=vaj-esencial-keder","url":"https:\/\/www.edesia.al\/?product=vaj-esencial-keder","name":"Vaj Esencial Keder - Edesia","isPartOf":{"@id":"https:\/\/www.edesia.al\/#website"},"primaryImageOfPage":{"@id":"https:\/\/www.edesia.al\/?product=vaj-esencial-keder#primaryimage"},"image":{"@id":"https:\/\/www.edesia.al\/?product=vaj-esencial-keder#primaryimage"},"thumbnailUrl":"https:\/\/www.edesia.al\/wp-content\/uploads\/2026\/02\/Zeder-1.webp","datePublished":"2026-02-16T21:07:23+00:00","dateModified":"2026-02-21T11:56:49+00:00","breadcrumb":{"@id":"https:\/\/www.edesia.al\/?product=vaj-esencial-keder#breadcrumb"},"inLanguage":"en-US","potentialAction":[{"@type":"ReadAction","target":["https:\/\/www.edesia.al\/?product=vaj-esencial-keder"]}]},{"@type":"ImageObject","inLanguage":"en-US","@id":"https:\/\/www.edesia.al\/?product=vaj-esencial-keder#primaryimage","url":"https:\/\/www.edesia.al\/wp-content\/uploads\/2026\/02\/Zeder-1.webp","contentUrl":"https:\/\/www.edesia.al\/wp-content\/uploads\/2026\/02\/Zeder-1.webp","width":593,"height":593},{"@type":"BreadcrumbList","@id":"https:\/\/www.edesia.al\/?product=vaj-esencial-keder#breadcrumb","itemListElement":[{"@type":"ListItem","position":1,"name":"Home","item":"https:\/\/www.edesia.al\/"},{"@type":"ListItem","position":2,"name":"Dyqani","item":"https:\/\/www.edesia.al\/?page_id=17"},{"@type":"ListItem","position":3,"name":"Vaj Esencial Keder"}]},{"@type":"WebSite","@id":"https:\/\/www.edesia.al\/#website","url":"https:\/\/www.edesia.al\/","name":"Edesia","description":"","publisher":{"@id":"https:\/\/www.edesia.al\/#organization"},"potentialAction":[{"@type":"SearchAction","target":{"@type":"EntryPoint","urlTemplate":"https:\/\/www.edesia.al\/?s={search_term_string}"},"query-input":{"@type":"PropertyValueSpecification","valueRequired":true,"valueName":"search_term_string"}}],"inLanguage":"en-US"},{"@type":"Organization","@id":"https:\/\/www.edesia.al\/#organization","name":"Edesia","url":"https:\/\/www.edesia.al\/","logo":{"@type":"ImageObject","inLanguage":"en-US","@id":"https:\/\/www.edesia.al\/#\/schema\/logo\/image\/","url":"https:\/\/www.edesia.al\/wp-content\/uploads\/2026\/02\/Logo-Edesia-no-background.png","contentUrl":"https:\/\/www.edesia.al\/wp-content\/uploads\/2026\/02\/Logo-Edesia-no-background.png","width":293,"height":158,"caption":"Edesia"},"image":{"@id":"https:\/\/www.edesia.al\/#\/schema\/logo\/image\/"}}]}},"_links":{"self":[{"href":"https:\/\/www.edesia.al\/index.php?rest_route=\/wp\/v2\/product\/6419","targetHints":{"allow":["GET"]}}],"collection":[{"href":"https:\/\/www.edesia.al\/index.php?rest_route=\/wp\/v2\/product"}],"about":[{"href":"https:\/\/www.edesia.al\/index.php?rest_route=\/wp\/v2\/types\/product"}],"replies":[{"embeddable":true,"href":"https:\/\/www.edesia.al\/index.php?rest_route=%2Fwp%2Fv2%2Fcomments&post=6419"}],"wp:featuredmedia":[{"embeddable":true,"href":"https:\/\/www.edesia.al\/index.php?rest_route=\/wp\/v2\/media\/6457"}],"wp:attachment":[{"href":"https:\/\/www.edesia.al\/index.php?rest_route=%2Fwp%2Fv2%2Fmedia&parent=6419"}],"wp:term":[{"taxonomy":"kategori-sipas-dietave","embeddable":true,"href":"https:\/\/www.edesia.al\/index.php?rest_route=%2Fwp%2Fv2%2Fkategori-sipas-dietave&post=6419"},{"taxonomy":"kategori-sipas-problemeve-shende","embeddable":true,"href":"https:\/\/www.edesia.al\/index.php?rest_route=%2Fwp%2Fv2%2Fkategori-sipas-problemeve-shende&post=6419"},{"taxonomy":"product_brand","embeddable":true,"href":"https:\/\/www.edesia.al\/index.php?rest_route=%2Fwp%2Fv2%2Fproduct_brand&post=6419"},{"taxonomy":"product_cat","embeddable":true,"href":"https:\/\/www.edesia.al\/index.php?rest_route=%2Fwp%2Fv2%2Fproduct_cat&post=6419"},{"taxonomy":"product_tag","embeddable":true,"href":"https:\/\/www.edesia.al\/index.php?rest_route=%2Fwp%2Fv2%2Fproduct_tag&post=6419"}],"curies":[{"name":"wp","href":"https:\/\/api.w.org\/{rel}","templated":true}]}}