{"id":6472,"date":"2026-02-16T21:07:45","date_gmt":"2026-02-16T21:07:45","guid":{"rendered":"https:\/\/www.edesia.al\/?post_type=product&#038;p=6472"},"modified":"2026-02-21T11:58:43","modified_gmt":"2026-02-21T11:58:43","slug":"shampo-urtekram-purple-livando","status":"publish","type":"product","link":"https:\/\/www.edesia.al\/?product=shampo-urtekram-purple-livando","title":{"rendered":"Shampo Urtekram Purple Livando"},"content":{"rendered":"<h3>Shampo Urtekram Purple Livando ( 500ml )<\/h3>\n<p>Shampo Urtekram Purple Lavender me formul\u00ebn e pasur me baze esktrakte livandoje dhe vajra esencial, t\u00eb \u00e7ertifkuara nga buq\u00ebsia organike.<\/p>\n<p>Me nj\u00eb p\u00ebrzierje t\u00eb fermentit lactobacillus dhe ekstraktit t\u00eb l\u00ebvores s\u00eb shelgut. Hidraton flok\u00ebt dhe skalpin, ju jep shk\u00eblqim dhe vitalitet, e p\u00ebrshtatshme per flok\u00eb normal dhe t\u00eb that\u00eb.<\/p>\n<p>Certifikuar nga Ecocert Cosmos Organic, vegan dhe me origjin\u00eb natyrore.<\/p>\n<p><img decoding=\"async\" class=\" lazyload \" src=\"data:image\/svg+xml,%20%3Csvg%20viewBox%3D%220%200%20183%20110%22%20xmlns%3D%22http%3A%2F%2Fwww.w3.org%2F2000%2Fsvg%22%3E%3C%2Fsvg%3E\" data-src=\"https:\/\/www.urtekrambeauty.com\/globalassets\/certificates\/vegan---officially-certified.png?preset=certificate\" alt=\"Vegan - Officially certified.png\" width=\"183\" height=\"110\" \/><img decoding=\"async\" class=\" lazyload \" src=\"data:image\/svg+xml,%20%3Csvg%20viewBox%3D%220%200%20182%20109%22%20xmlns%3D%22http%3A%2F%2Fwww.w3.org%2F2000%2Fsvg%22%3E%3C%2Fsvg%3E\" data-src=\"https:\/\/www.urtekrambeauty.com\/globalassets\/certificates\/cosmos_organic.png?preset=certificate\" alt=\"cosmos organic.png\" width=\"182\" height=\"109\" \/><\/p>\n","protected":false},"excerpt":{"rendered":"<p>Shampo Urtekram Purple Livando ( 500ml ) Shampo Urtekram Purple Lavender me formul\u00ebn e pasur me baze esktrakte livandoje dhe vajra esencial, t\u00eb \u00e7ertifkuara nga buq\u00ebsia organike. Me nj\u00eb p\u00ebrzierje t\u00eb fermentit lactobacillus dhe ekstraktit t\u00eb l\u00ebvores s\u00eb shelgut. Hidraton flok\u00ebt dhe skalpin, ju jep shk\u00eblqim dhe vitalitet, e p\u00ebrshtatshme per flok\u00eb normal dhe t\u00eb[&#8230;]<\/p>\n","protected":false},"featured_media":6502,"comment_status":"open","ping_status":"closed","template":"","meta":{"_acf_changed":false,"inline_featured_image":false},"kategori-sipas-dietave":[],"kategori-sipas-problemeve-shende":[],"product_brand":[99],"product_cat":[79,56,23],"product_tag":[],"class_list":{"0":"post-6472","1":"product","2":"type-product","3":"status-publish","4":"has-post-thumbnail","6":"product_brand-7-elements","7":"product_cat-kozmetike-kujdes-personal","8":"product_cat-shampo-bio","9":"product_cat-vajra-kozmetike","11":"first","12":"instock","13":"taxable","14":"shipping-taxable","15":"purchasable","16":"product-type-simple"},"acf":[],"yoast_head":"<!-- This site is optimized with the Yoast SEO plugin v27.4 - https:\/\/yoast.com\/product\/yoast-seo-wordpress\/ -->\n<title>Shampo Urtekram Purple Livando - Edesia<\/title>\n<meta name=\"robots\" content=\"index, follow, max-snippet:-1, max-image-preview:large, max-video-preview:-1\" \/>\n<link rel=\"canonical\" href=\"https:\/\/www.edesia.al\/?product=shampo-urtekram-purple-livando\" \/>\n<meta property=\"og:locale\" content=\"en_US\" \/>\n<meta property=\"og:type\" content=\"article\" \/>\n<meta property=\"og:title\" content=\"Shampo Urtekram Purple Livando - Edesia\" \/>\n<meta property=\"og:description\" content=\"Shampo Urtekram Purple Livando ( 500ml ) Shampo Urtekram Purple Lavender me formul\u00ebn e pasur me baze esktrakte livandoje dhe vajra esencial, t\u00eb \u00e7ertifkuara nga buq\u00ebsia organike. Me nj\u00eb p\u00ebrzierje t\u00eb fermentit lactobacillus dhe ekstraktit t\u00eb l\u00ebvores s\u00eb shelgut. Hidraton flok\u00ebt dhe skalpin, ju jep shk\u00eblqim dhe vitalitet, e p\u00ebrshtatshme per flok\u00eb normal dhe t\u00eb[...]\" \/>\n<meta property=\"og:url\" content=\"https:\/\/www.edesia.al\/?product=shampo-urtekram-purple-livando\" \/>\n<meta property=\"og:site_name\" content=\"Edesia\" \/>\n<meta property=\"article:modified_time\" content=\"2026-02-21T11:58:43+00:00\" \/>\n<meta property=\"og:image\" content=\"https:\/\/www.edesia.al\/wp-content\/uploads\/2026\/02\/shampo-livando-500-1.jpg\" \/>\n\t<meta property=\"og:image:width\" content=\"593\" \/>\n\t<meta property=\"og:image:height\" content=\"593\" \/>\n\t<meta property=\"og:image:type\" content=\"image\/jpeg\" \/>\n<meta name=\"twitter:card\" content=\"summary_large_image\" \/>\n<script type=\"application\/ld+json\" class=\"yoast-schema-graph\">{\"@context\":\"https:\\\/\\\/schema.org\",\"@graph\":[{\"@type\":\"WebPage\",\"@id\":\"https:\\\/\\\/www.edesia.al\\\/?product=shampo-urtekram-purple-livando\",\"url\":\"https:\\\/\\\/www.edesia.al\\\/?product=shampo-urtekram-purple-livando\",\"name\":\"Shampo Urtekram Purple Livando - Edesia\",\"isPartOf\":{\"@id\":\"https:\\\/\\\/www.edesia.al\\\/#website\"},\"primaryImageOfPage\":{\"@id\":\"https:\\\/\\\/www.edesia.al\\\/?product=shampo-urtekram-purple-livando#primaryimage\"},\"image\":{\"@id\":\"https:\\\/\\\/www.edesia.al\\\/?product=shampo-urtekram-purple-livando#primaryimage\"},\"thumbnailUrl\":\"https:\\\/\\\/www.edesia.al\\\/wp-content\\\/uploads\\\/2026\\\/02\\\/shampo-livando-500-1.jpg\",\"datePublished\":\"2026-02-16T21:07:45+00:00\",\"dateModified\":\"2026-02-21T11:58:43+00:00\",\"breadcrumb\":{\"@id\":\"https:\\\/\\\/www.edesia.al\\\/?product=shampo-urtekram-purple-livando#breadcrumb\"},\"inLanguage\":\"en-US\",\"potentialAction\":[{\"@type\":\"ReadAction\",\"target\":[\"https:\\\/\\\/www.edesia.al\\\/?product=shampo-urtekram-purple-livando\"]}]},{\"@type\":\"ImageObject\",\"inLanguage\":\"en-US\",\"@id\":\"https:\\\/\\\/www.edesia.al\\\/?product=shampo-urtekram-purple-livando#primaryimage\",\"url\":\"https:\\\/\\\/www.edesia.al\\\/wp-content\\\/uploads\\\/2026\\\/02\\\/shampo-livando-500-1.jpg\",\"contentUrl\":\"https:\\\/\\\/www.edesia.al\\\/wp-content\\\/uploads\\\/2026\\\/02\\\/shampo-livando-500-1.jpg\",\"width\":593,\"height\":593},{\"@type\":\"BreadcrumbList\",\"@id\":\"https:\\\/\\\/www.edesia.al\\\/?product=shampo-urtekram-purple-livando#breadcrumb\",\"itemListElement\":[{\"@type\":\"ListItem\",\"position\":1,\"name\":\"Home\",\"item\":\"https:\\\/\\\/www.edesia.al\\\/\"},{\"@type\":\"ListItem\",\"position\":2,\"name\":\"Dyqani\",\"item\":\"https:\\\/\\\/www.edesia.al\\\/?page_id=17\"},{\"@type\":\"ListItem\",\"position\":3,\"name\":\"Shampo Urtekram Purple Livando\"}]},{\"@type\":\"WebSite\",\"@id\":\"https:\\\/\\\/www.edesia.al\\\/#website\",\"url\":\"https:\\\/\\\/www.edesia.al\\\/\",\"name\":\"Edesia\",\"description\":\"\",\"publisher\":{\"@id\":\"https:\\\/\\\/www.edesia.al\\\/#organization\"},\"potentialAction\":[{\"@type\":\"SearchAction\",\"target\":{\"@type\":\"EntryPoint\",\"urlTemplate\":\"https:\\\/\\\/www.edesia.al\\\/?s={search_term_string}\"},\"query-input\":{\"@type\":\"PropertyValueSpecification\",\"valueRequired\":true,\"valueName\":\"search_term_string\"}}],\"inLanguage\":\"en-US\"},{\"@type\":\"Organization\",\"@id\":\"https:\\\/\\\/www.edesia.al\\\/#organization\",\"name\":\"Edesia\",\"url\":\"https:\\\/\\\/www.edesia.al\\\/\",\"logo\":{\"@type\":\"ImageObject\",\"inLanguage\":\"en-US\",\"@id\":\"https:\\\/\\\/www.edesia.al\\\/#\\\/schema\\\/logo\\\/image\\\/\",\"url\":\"https:\\\/\\\/www.edesia.al\\\/wp-content\\\/uploads\\\/2026\\\/02\\\/Logo-Edesia-no-background.png\",\"contentUrl\":\"https:\\\/\\\/www.edesia.al\\\/wp-content\\\/uploads\\\/2026\\\/02\\\/Logo-Edesia-no-background.png\",\"width\":293,\"height\":158,\"caption\":\"Edesia\"},\"image\":{\"@id\":\"https:\\\/\\\/www.edesia.al\\\/#\\\/schema\\\/logo\\\/image\\\/\"}}]}<\/script>\n<!-- \/ Yoast SEO plugin. -->","yoast_head_json":{"title":"Shampo Urtekram Purple Livando - Edesia","robots":{"index":"index","follow":"follow","max-snippet":"max-snippet:-1","max-image-preview":"max-image-preview:large","max-video-preview":"max-video-preview:-1"},"canonical":"https:\/\/www.edesia.al\/?product=shampo-urtekram-purple-livando","og_locale":"en_US","og_type":"article","og_title":"Shampo Urtekram Purple Livando - Edesia","og_description":"Shampo Urtekram Purple Livando ( 500ml ) Shampo Urtekram Purple Lavender me formul\u00ebn e pasur me baze esktrakte livandoje dhe vajra esencial, t\u00eb \u00e7ertifkuara nga buq\u00ebsia organike. Me nj\u00eb p\u00ebrzierje t\u00eb fermentit lactobacillus dhe ekstraktit t\u00eb l\u00ebvores s\u00eb shelgut. Hidraton flok\u00ebt dhe skalpin, ju jep shk\u00eblqim dhe vitalitet, e p\u00ebrshtatshme per flok\u00eb normal dhe t\u00eb[...]","og_url":"https:\/\/www.edesia.al\/?product=shampo-urtekram-purple-livando","og_site_name":"Edesia","article_modified_time":"2026-02-21T11:58:43+00:00","og_image":[{"width":593,"height":593,"url":"https:\/\/www.edesia.al\/wp-content\/uploads\/2026\/02\/shampo-livando-500-1.jpg","type":"image\/jpeg"}],"twitter_card":"summary_large_image","schema":{"@context":"https:\/\/schema.org","@graph":[{"@type":"WebPage","@id":"https:\/\/www.edesia.al\/?product=shampo-urtekram-purple-livando","url":"https:\/\/www.edesia.al\/?product=shampo-urtekram-purple-livando","name":"Shampo Urtekram Purple Livando - Edesia","isPartOf":{"@id":"https:\/\/www.edesia.al\/#website"},"primaryImageOfPage":{"@id":"https:\/\/www.edesia.al\/?product=shampo-urtekram-purple-livando#primaryimage"},"image":{"@id":"https:\/\/www.edesia.al\/?product=shampo-urtekram-purple-livando#primaryimage"},"thumbnailUrl":"https:\/\/www.edesia.al\/wp-content\/uploads\/2026\/02\/shampo-livando-500-1.jpg","datePublished":"2026-02-16T21:07:45+00:00","dateModified":"2026-02-21T11:58:43+00:00","breadcrumb":{"@id":"https:\/\/www.edesia.al\/?product=shampo-urtekram-purple-livando#breadcrumb"},"inLanguage":"en-US","potentialAction":[{"@type":"ReadAction","target":["https:\/\/www.edesia.al\/?product=shampo-urtekram-purple-livando"]}]},{"@type":"ImageObject","inLanguage":"en-US","@id":"https:\/\/www.edesia.al\/?product=shampo-urtekram-purple-livando#primaryimage","url":"https:\/\/www.edesia.al\/wp-content\/uploads\/2026\/02\/shampo-livando-500-1.jpg","contentUrl":"https:\/\/www.edesia.al\/wp-content\/uploads\/2026\/02\/shampo-livando-500-1.jpg","width":593,"height":593},{"@type":"BreadcrumbList","@id":"https:\/\/www.edesia.al\/?product=shampo-urtekram-purple-livando#breadcrumb","itemListElement":[{"@type":"ListItem","position":1,"name":"Home","item":"https:\/\/www.edesia.al\/"},{"@type":"ListItem","position":2,"name":"Dyqani","item":"https:\/\/www.edesia.al\/?page_id=17"},{"@type":"ListItem","position":3,"name":"Shampo Urtekram Purple Livando"}]},{"@type":"WebSite","@id":"https:\/\/www.edesia.al\/#website","url":"https:\/\/www.edesia.al\/","name":"Edesia","description":"","publisher":{"@id":"https:\/\/www.edesia.al\/#organization"},"potentialAction":[{"@type":"SearchAction","target":{"@type":"EntryPoint","urlTemplate":"https:\/\/www.edesia.al\/?s={search_term_string}"},"query-input":{"@type":"PropertyValueSpecification","valueRequired":true,"valueName":"search_term_string"}}],"inLanguage":"en-US"},{"@type":"Organization","@id":"https:\/\/www.edesia.al\/#organization","name":"Edesia","url":"https:\/\/www.edesia.al\/","logo":{"@type":"ImageObject","inLanguage":"en-US","@id":"https:\/\/www.edesia.al\/#\/schema\/logo\/image\/","url":"https:\/\/www.edesia.al\/wp-content\/uploads\/2026\/02\/Logo-Edesia-no-background.png","contentUrl":"https:\/\/www.edesia.al\/wp-content\/uploads\/2026\/02\/Logo-Edesia-no-background.png","width":293,"height":158,"caption":"Edesia"},"image":{"@id":"https:\/\/www.edesia.al\/#\/schema\/logo\/image\/"}}]}},"_links":{"self":[{"href":"https:\/\/www.edesia.al\/index.php?rest_route=\/wp\/v2\/product\/6472","targetHints":{"allow":["GET"]}}],"collection":[{"href":"https:\/\/www.edesia.al\/index.php?rest_route=\/wp\/v2\/product"}],"about":[{"href":"https:\/\/www.edesia.al\/index.php?rest_route=\/wp\/v2\/types\/product"}],"replies":[{"embeddable":true,"href":"https:\/\/www.edesia.al\/index.php?rest_route=%2Fwp%2Fv2%2Fcomments&post=6472"}],"wp:featuredmedia":[{"embeddable":true,"href":"https:\/\/www.edesia.al\/index.php?rest_route=\/wp\/v2\/media\/6502"}],"wp:attachment":[{"href":"https:\/\/www.edesia.al\/index.php?rest_route=%2Fwp%2Fv2%2Fmedia&parent=6472"}],"wp:term":[{"taxonomy":"kategori-sipas-dietave","embeddable":true,"href":"https:\/\/www.edesia.al\/index.php?rest_route=%2Fwp%2Fv2%2Fkategori-sipas-dietave&post=6472"},{"taxonomy":"kategori-sipas-problemeve-shende","embeddable":true,"href":"https:\/\/www.edesia.al\/index.php?rest_route=%2Fwp%2Fv2%2Fkategori-sipas-problemeve-shende&post=6472"},{"taxonomy":"product_brand","embeddable":true,"href":"https:\/\/www.edesia.al\/index.php?rest_route=%2Fwp%2Fv2%2Fproduct_brand&post=6472"},{"taxonomy":"product_cat","embeddable":true,"href":"https:\/\/www.edesia.al\/index.php?rest_route=%2Fwp%2Fv2%2Fproduct_cat&post=6472"},{"taxonomy":"product_tag","embeddable":true,"href":"https:\/\/www.edesia.al\/index.php?rest_route=%2Fwp%2Fv2%2Fproduct_tag&post=6472"}],"curies":[{"name":"wp","href":"https:\/\/api.w.org\/{rel}","templated":true}]}}