{"id":6482,"date":"2026-02-16T21:07:46","date_gmt":"2026-02-16T21:07:46","guid":{"rendered":"https:\/\/www.edesia.al\/?post_type=product&#038;p=6482"},"modified":"2026-02-21T12:03:03","modified_gmt":"2026-02-21T12:03:03","slug":"shampo-urtekram-kamomil","status":"publish","type":"product","link":"https:\/\/www.edesia.al\/?product=shampo-urtekram-kamomil","title":{"rendered":"Shampo Urtekram Kamomil"},"content":{"rendered":"<h3>Shampo Urtekram Kamomil ( 250ml )<\/h3>\n<p>Ekstraktet e kamomilit ju japin nj\u00eb shk\u00eblqim ekstra flok\u00ebve tuaj bjond. E pasuruar gjithashtu me vaj esencial kamomil i eger, glicerin dhe aole vera i ban flok\u00ebt t\u00eb but\u00eb dhe t\u00eb hidratuar.<\/p>\n<p>E p\u00ebrshtatshme p\u00ebr flok\u00eb bjonde t\u00eb dekoloruar ose jo.<\/p>\n<p>\u00c7ertifikuar nga Ecocert Cosmos Organic, vegan dhe me origjin\u00eb natyrale.<\/p>\n<p><img class=\"lazyload\" decoding=\"async\" src=\"data:image\/gif;base64,R0lGODlhAQABAAAAACH5BAEKAAEALAAAAAABAAEAAAICTAEAOw==\" data-src=\"https:\/\/www.urtekrambeauty.com\/globalassets\/certificates\/cosmos_organic.png?preset=certificate\" alt=\"cosmos organic.png\" \/><img class=\"lazyload\" decoding=\"async\" src=\"data:image\/gif;base64,R0lGODlhAQABAAAAACH5BAEKAAEALAAAAAABAAEAAAICTAEAOw==\" data-src=\"https:\/\/www.urtekrambeauty.com\/globalassets\/certificates\/vegan---officially-certified.png?preset=certificate\" alt=\"Vegan - Officially certified.png\" \/><\/p>\n","protected":false},"excerpt":{"rendered":"<p>Shampo Urtekram Kamomil ( 250ml ) Ekstraktet e kamomilit ju japin nj\u00eb shk\u00eblqim ekstra flok\u00ebve tuaj bjond. E pasuruar gjithashtu me vaj esencial kamomil i eger, glicerin dhe aole vera i ban flok\u00ebt t\u00eb but\u00eb dhe t\u00eb hidratuar. E p\u00ebrshtatshme p\u00ebr flok\u00eb bjonde t\u00eb dekoloruar ose jo. \u00c7ertifikuar nga Ecocert Cosmos Organic, vegan dhe me[&#8230;]<\/p>\n","protected":false},"featured_media":6512,"comment_status":"open","ping_status":"closed","template":"","meta":{"_acf_changed":false,"inline_featured_image":false},"kategori-sipas-dietave":[],"kategori-sipas-problemeve-shende":[],"product_brand":[25],"product_cat":[79,56,23],"product_tag":[],"class_list":{"0":"post-6482","1":"product","2":"type-product","3":"status-publish","4":"has-post-thumbnail","6":"product_brand-urtekram","7":"product_cat-kozmetike-kujdes-personal","8":"product_cat-shampo-bio","9":"product_cat-vajra-kozmetike","11":"first","12":"instock","13":"taxable","14":"shipping-taxable","15":"purchasable","16":"product-type-simple"},"acf":[],"yoast_head":"<!-- This site is optimized with the Yoast SEO plugin v27.4 - https:\/\/yoast.com\/product\/yoast-seo-wordpress\/ -->\n<title>Shampo Urtekram Kamomil - Edesia<\/title>\n<meta name=\"robots\" content=\"index, follow, max-snippet:-1, max-image-preview:large, max-video-preview:-1\" \/>\n<link rel=\"canonical\" href=\"https:\/\/www.edesia.al\/?product=shampo-urtekram-kamomil\" \/>\n<meta property=\"og:locale\" content=\"en_US\" \/>\n<meta property=\"og:type\" content=\"article\" \/>\n<meta property=\"og:title\" content=\"Shampo Urtekram Kamomil - Edesia\" \/>\n<meta property=\"og:description\" content=\"Shampo Urtekram Kamomil ( 250ml ) Ekstraktet e kamomilit ju japin nj\u00eb shk\u00eblqim ekstra flok\u00ebve tuaj bjond. E pasuruar gjithashtu me vaj esencial kamomil i eger, glicerin dhe aole vera i ban flok\u00ebt t\u00eb but\u00eb dhe t\u00eb hidratuar. E p\u00ebrshtatshme p\u00ebr flok\u00eb bjonde t\u00eb dekoloruar ose jo. \u00c7ertifikuar nga Ecocert Cosmos Organic, vegan dhe me[...]\" \/>\n<meta property=\"og:url\" content=\"https:\/\/www.edesia.al\/?product=shampo-urtekram-kamomil\" \/>\n<meta property=\"og:site_name\" content=\"Edesia\" \/>\n<meta property=\"article:modified_time\" content=\"2026-02-21T12:03:03+00:00\" \/>\n<meta property=\"og:image\" content=\"https:\/\/www.edesia.al\/wp-content\/uploads\/2026\/02\/11533_1083712_g1n14-1.png\" \/>\n\t<meta property=\"og:image:width\" content=\"593\" \/>\n\t<meta property=\"og:image:height\" content=\"593\" \/>\n\t<meta property=\"og:image:type\" content=\"image\/png\" \/>\n<meta name=\"twitter:card\" content=\"summary_large_image\" \/>\n<script type=\"application\/ld+json\" class=\"yoast-schema-graph\">{\"@context\":\"https:\\\/\\\/schema.org\",\"@graph\":[{\"@type\":\"WebPage\",\"@id\":\"https:\\\/\\\/www.edesia.al\\\/?product=shampo-urtekram-kamomil\",\"url\":\"https:\\\/\\\/www.edesia.al\\\/?product=shampo-urtekram-kamomil\",\"name\":\"Shampo Urtekram Kamomil - Edesia\",\"isPartOf\":{\"@id\":\"https:\\\/\\\/www.edesia.al\\\/#website\"},\"primaryImageOfPage\":{\"@id\":\"https:\\\/\\\/www.edesia.al\\\/?product=shampo-urtekram-kamomil#primaryimage\"},\"image\":{\"@id\":\"https:\\\/\\\/www.edesia.al\\\/?product=shampo-urtekram-kamomil#primaryimage\"},\"thumbnailUrl\":\"https:\\\/\\\/www.edesia.al\\\/wp-content\\\/uploads\\\/2026\\\/02\\\/11533_1083712_g1n14-1.png\",\"datePublished\":\"2026-02-16T21:07:46+00:00\",\"dateModified\":\"2026-02-21T12:03:03+00:00\",\"breadcrumb\":{\"@id\":\"https:\\\/\\\/www.edesia.al\\\/?product=shampo-urtekram-kamomil#breadcrumb\"},\"inLanguage\":\"en-US\",\"potentialAction\":[{\"@type\":\"ReadAction\",\"target\":[\"https:\\\/\\\/www.edesia.al\\\/?product=shampo-urtekram-kamomil\"]}]},{\"@type\":\"ImageObject\",\"inLanguage\":\"en-US\",\"@id\":\"https:\\\/\\\/www.edesia.al\\\/?product=shampo-urtekram-kamomil#primaryimage\",\"url\":\"https:\\\/\\\/www.edesia.al\\\/wp-content\\\/uploads\\\/2026\\\/02\\\/11533_1083712_g1n14-1.png\",\"contentUrl\":\"https:\\\/\\\/www.edesia.al\\\/wp-content\\\/uploads\\\/2026\\\/02\\\/11533_1083712_g1n14-1.png\",\"width\":593,\"height\":593},{\"@type\":\"BreadcrumbList\",\"@id\":\"https:\\\/\\\/www.edesia.al\\\/?product=shampo-urtekram-kamomil#breadcrumb\",\"itemListElement\":[{\"@type\":\"ListItem\",\"position\":1,\"name\":\"Home\",\"item\":\"https:\\\/\\\/www.edesia.al\\\/\"},{\"@type\":\"ListItem\",\"position\":2,\"name\":\"Dyqani\",\"item\":\"https:\\\/\\\/www.edesia.al\\\/?page_id=17\"},{\"@type\":\"ListItem\",\"position\":3,\"name\":\"Shampo Urtekram Kamomil\"}]},{\"@type\":\"WebSite\",\"@id\":\"https:\\\/\\\/www.edesia.al\\\/#website\",\"url\":\"https:\\\/\\\/www.edesia.al\\\/\",\"name\":\"Edesia\",\"description\":\"\",\"publisher\":{\"@id\":\"https:\\\/\\\/www.edesia.al\\\/#organization\"},\"potentialAction\":[{\"@type\":\"SearchAction\",\"target\":{\"@type\":\"EntryPoint\",\"urlTemplate\":\"https:\\\/\\\/www.edesia.al\\\/?s={search_term_string}\"},\"query-input\":{\"@type\":\"PropertyValueSpecification\",\"valueRequired\":true,\"valueName\":\"search_term_string\"}}],\"inLanguage\":\"en-US\"},{\"@type\":\"Organization\",\"@id\":\"https:\\\/\\\/www.edesia.al\\\/#organization\",\"name\":\"Edesia\",\"url\":\"https:\\\/\\\/www.edesia.al\\\/\",\"logo\":{\"@type\":\"ImageObject\",\"inLanguage\":\"en-US\",\"@id\":\"https:\\\/\\\/www.edesia.al\\\/#\\\/schema\\\/logo\\\/image\\\/\",\"url\":\"https:\\\/\\\/www.edesia.al\\\/wp-content\\\/uploads\\\/2026\\\/02\\\/Logo-Edesia-no-background.png\",\"contentUrl\":\"https:\\\/\\\/www.edesia.al\\\/wp-content\\\/uploads\\\/2026\\\/02\\\/Logo-Edesia-no-background.png\",\"width\":293,\"height\":158,\"caption\":\"Edesia\"},\"image\":{\"@id\":\"https:\\\/\\\/www.edesia.al\\\/#\\\/schema\\\/logo\\\/image\\\/\"}}]}<\/script>\n<!-- \/ Yoast SEO plugin. -->","yoast_head_json":{"title":"Shampo Urtekram Kamomil - Edesia","robots":{"index":"index","follow":"follow","max-snippet":"max-snippet:-1","max-image-preview":"max-image-preview:large","max-video-preview":"max-video-preview:-1"},"canonical":"https:\/\/www.edesia.al\/?product=shampo-urtekram-kamomil","og_locale":"en_US","og_type":"article","og_title":"Shampo Urtekram Kamomil - Edesia","og_description":"Shampo Urtekram Kamomil ( 250ml ) Ekstraktet e kamomilit ju japin nj\u00eb shk\u00eblqim ekstra flok\u00ebve tuaj bjond. E pasuruar gjithashtu me vaj esencial kamomil i eger, glicerin dhe aole vera i ban flok\u00ebt t\u00eb but\u00eb dhe t\u00eb hidratuar. E p\u00ebrshtatshme p\u00ebr flok\u00eb bjonde t\u00eb dekoloruar ose jo. \u00c7ertifikuar nga Ecocert Cosmos Organic, vegan dhe me[...]","og_url":"https:\/\/www.edesia.al\/?product=shampo-urtekram-kamomil","og_site_name":"Edesia","article_modified_time":"2026-02-21T12:03:03+00:00","og_image":[{"width":593,"height":593,"url":"https:\/\/www.edesia.al\/wp-content\/uploads\/2026\/02\/11533_1083712_g1n14-1.png","type":"image\/png"}],"twitter_card":"summary_large_image","schema":{"@context":"https:\/\/schema.org","@graph":[{"@type":"WebPage","@id":"https:\/\/www.edesia.al\/?product=shampo-urtekram-kamomil","url":"https:\/\/www.edesia.al\/?product=shampo-urtekram-kamomil","name":"Shampo Urtekram Kamomil - Edesia","isPartOf":{"@id":"https:\/\/www.edesia.al\/#website"},"primaryImageOfPage":{"@id":"https:\/\/www.edesia.al\/?product=shampo-urtekram-kamomil#primaryimage"},"image":{"@id":"https:\/\/www.edesia.al\/?product=shampo-urtekram-kamomil#primaryimage"},"thumbnailUrl":"https:\/\/www.edesia.al\/wp-content\/uploads\/2026\/02\/11533_1083712_g1n14-1.png","datePublished":"2026-02-16T21:07:46+00:00","dateModified":"2026-02-21T12:03:03+00:00","breadcrumb":{"@id":"https:\/\/www.edesia.al\/?product=shampo-urtekram-kamomil#breadcrumb"},"inLanguage":"en-US","potentialAction":[{"@type":"ReadAction","target":["https:\/\/www.edesia.al\/?product=shampo-urtekram-kamomil"]}]},{"@type":"ImageObject","inLanguage":"en-US","@id":"https:\/\/www.edesia.al\/?product=shampo-urtekram-kamomil#primaryimage","url":"https:\/\/www.edesia.al\/wp-content\/uploads\/2026\/02\/11533_1083712_g1n14-1.png","contentUrl":"https:\/\/www.edesia.al\/wp-content\/uploads\/2026\/02\/11533_1083712_g1n14-1.png","width":593,"height":593},{"@type":"BreadcrumbList","@id":"https:\/\/www.edesia.al\/?product=shampo-urtekram-kamomil#breadcrumb","itemListElement":[{"@type":"ListItem","position":1,"name":"Home","item":"https:\/\/www.edesia.al\/"},{"@type":"ListItem","position":2,"name":"Dyqani","item":"https:\/\/www.edesia.al\/?page_id=17"},{"@type":"ListItem","position":3,"name":"Shampo Urtekram Kamomil"}]},{"@type":"WebSite","@id":"https:\/\/www.edesia.al\/#website","url":"https:\/\/www.edesia.al\/","name":"Edesia","description":"","publisher":{"@id":"https:\/\/www.edesia.al\/#organization"},"potentialAction":[{"@type":"SearchAction","target":{"@type":"EntryPoint","urlTemplate":"https:\/\/www.edesia.al\/?s={search_term_string}"},"query-input":{"@type":"PropertyValueSpecification","valueRequired":true,"valueName":"search_term_string"}}],"inLanguage":"en-US"},{"@type":"Organization","@id":"https:\/\/www.edesia.al\/#organization","name":"Edesia","url":"https:\/\/www.edesia.al\/","logo":{"@type":"ImageObject","inLanguage":"en-US","@id":"https:\/\/www.edesia.al\/#\/schema\/logo\/image\/","url":"https:\/\/www.edesia.al\/wp-content\/uploads\/2026\/02\/Logo-Edesia-no-background.png","contentUrl":"https:\/\/www.edesia.al\/wp-content\/uploads\/2026\/02\/Logo-Edesia-no-background.png","width":293,"height":158,"caption":"Edesia"},"image":{"@id":"https:\/\/www.edesia.al\/#\/schema\/logo\/image\/"}}]}},"_links":{"self":[{"href":"https:\/\/www.edesia.al\/index.php?rest_route=\/wp\/v2\/product\/6482","targetHints":{"allow":["GET"]}}],"collection":[{"href":"https:\/\/www.edesia.al\/index.php?rest_route=\/wp\/v2\/product"}],"about":[{"href":"https:\/\/www.edesia.al\/index.php?rest_route=\/wp\/v2\/types\/product"}],"replies":[{"embeddable":true,"href":"https:\/\/www.edesia.al\/index.php?rest_route=%2Fwp%2Fv2%2Fcomments&post=6482"}],"wp:featuredmedia":[{"embeddable":true,"href":"https:\/\/www.edesia.al\/index.php?rest_route=\/wp\/v2\/media\/6512"}],"wp:attachment":[{"href":"https:\/\/www.edesia.al\/index.php?rest_route=%2Fwp%2Fv2%2Fmedia&parent=6482"}],"wp:term":[{"taxonomy":"kategori-sipas-dietave","embeddable":true,"href":"https:\/\/www.edesia.al\/index.php?rest_route=%2Fwp%2Fv2%2Fkategori-sipas-dietave&post=6482"},{"taxonomy":"kategori-sipas-problemeve-shende","embeddable":true,"href":"https:\/\/www.edesia.al\/index.php?rest_route=%2Fwp%2Fv2%2Fkategori-sipas-problemeve-shende&post=6482"},{"taxonomy":"product_brand","embeddable":true,"href":"https:\/\/www.edesia.al\/index.php?rest_route=%2Fwp%2Fv2%2Fproduct_brand&post=6482"},{"taxonomy":"product_cat","embeddable":true,"href":"https:\/\/www.edesia.al\/index.php?rest_route=%2Fwp%2Fv2%2Fproduct_cat&post=6482"},{"taxonomy":"product_tag","embeddable":true,"href":"https:\/\/www.edesia.al\/index.php?rest_route=%2Fwp%2Fv2%2Fproduct_tag&post=6482"}],"curies":[{"name":"wp","href":"https:\/\/api.w.org\/{rel}","templated":true}]}}