{"id":6533,"date":"2026-02-16T21:08:11","date_gmt":"2026-02-16T21:08:11","guid":{"rendered":"https:\/\/www.edesia.al\/?post_type=product&#038;p=6533"},"modified":"2026-02-21T12:07:46","modified_gmt":"2026-02-21T12:07:46","slug":"bajame","status":"publish","type":"product","link":"https:\/\/www.edesia.al\/?product=bajame","title":{"rendered":"Bajame"},"content":{"rendered":"<h3>Bajame-100% Bio Organik, I \u00c7ertifikuar (150g)<\/h3>\n<p>Bajamet jan\u00eb nd\u00ebr frutat e that\u00eb t m\u00eb t\u00eb njohura arrore n\u00eb bot\u00eb. Ato jan\u00eb shum\u00eb ushqyese dhe t\u00eb pasura me yndyrna t\u00eb sh\u00ebndetshme, antioksidant\u00eb, vitamina dhe minerale.<\/p>\n<ul>\n<li>Bajame jan\u00eb t\u00eb pasura me vlera ushqyese si fib\u00ebr, protein, yndyrna t\u00eb sh\u00ebndetsh\u00ebm, vitamin E dhe magnesium.<\/li>\n<li>Jan\u00eb t\u00eb pasura n\u00eb antioksidant q\u00eb ndihmojn\u00eb me mbrojtjen ndaj s\u00ebmundjeve.<\/li>\n<li>Ndihmojn\u00eb me kontrollin e nivelit t\u00eb sheqerit n\u00eb gjak sidomos tek individet me diabet.<\/li>\n<li>Ulin nivelin e kolesteroilit te keq duke ndihmuar n\u00eb mbajtjen e nj\u00eb sh\u00ebndeti t\u00eb mir\u00eb t\u00eb zemr\u00ebs.<\/li>\n<li>Duke q\u00ebn\u00eb se jan\u00eb t\u00eb pasura me yndyrna t\u00eb mira t\u00eb ngopura mbajn\u00eb n\u00ebn kontroll ndjesin\u00eb e uris\u00eb dhe ulin niveli i p\u00ebrgjithsh\u00ebm i kalorive t\u00eb marra gjat\u00eb dit\u00ebs.<\/li>\n<\/ul>\n<h4>P\u00ebrdorimi:<\/h4>\n<p>Konsumohet si frut i that\u00eb n\u00eb cdo koh\u00eb te dit\u00ebs.<\/p>\n","protected":false},"excerpt":{"rendered":"<p>Bajame-100% Bio Organik, I \u00c7ertifikuar (150g) Bajamet jan\u00eb nd\u00ebr frutat e that\u00eb t m\u00eb t\u00eb njohura arrore n\u00eb bot\u00eb. Ato jan\u00eb shum\u00eb ushqyese dhe t\u00eb pasura me yndyrna t\u00eb sh\u00ebndetshme, antioksidant\u00eb, vitamina dhe minerale. Bajame jan\u00eb t\u00eb pasura me vlera ushqyese si fib\u00ebr, protein, yndyrna t\u00eb sh\u00ebndetsh\u00ebm, vitamin E dhe magnesium. Jan\u00eb t\u00eb pasura n\u00eb[&#8230;]<\/p>\n","protected":false},"featured_media":6566,"comment_status":"open","ping_status":"closed","template":"","meta":{"_acf_changed":false,"inline_featured_image":false},"kategori-sipas-dietave":[],"kategori-sipas-problemeve-shende":[],"product_brand":[32],"product_cat":[31,26],"product_tag":[],"class_list":{"0":"post-6533","1":"product","2":"type-product","3":"status-publish","4":"has-post-thumbnail","6":"product_brand-bioagros","7":"product_cat-fruta-te-thata","8":"product_cat-ushqime-bio","10":"first","11":"instock","12":"taxable","13":"shipping-taxable","14":"purchasable","15":"product-type-simple"},"acf":[],"yoast_head":"<!-- This site is optimized with the Yoast SEO plugin v27.4 - https:\/\/yoast.com\/product\/yoast-seo-wordpress\/ -->\n<title>Bajame - Edesia<\/title>\n<meta name=\"robots\" content=\"index, follow, max-snippet:-1, max-image-preview:large, max-video-preview:-1\" \/>\n<link rel=\"canonical\" href=\"https:\/\/www.edesia.al\/?product=bajame\" \/>\n<meta property=\"og:locale\" content=\"en_US\" \/>\n<meta property=\"og:type\" content=\"article\" \/>\n<meta property=\"og:title\" content=\"Bajame - Edesia\" \/>\n<meta property=\"og:description\" content=\"Bajame-100% Bio Organik, I \u00c7ertifikuar (150g) Bajamet jan\u00eb nd\u00ebr frutat e that\u00eb t m\u00eb t\u00eb njohura arrore n\u00eb bot\u00eb. Ato jan\u00eb shum\u00eb ushqyese dhe t\u00eb pasura me yndyrna t\u00eb sh\u00ebndetshme, antioksidant\u00eb, vitamina dhe minerale. Bajame jan\u00eb t\u00eb pasura me vlera ushqyese si fib\u00ebr, protein, yndyrna t\u00eb sh\u00ebndetsh\u00ebm, vitamin E dhe magnesium. Jan\u00eb t\u00eb pasura n\u00eb[...]\" \/>\n<meta property=\"og:url\" content=\"https:\/\/www.edesia.al\/?product=bajame\" \/>\n<meta property=\"og:site_name\" content=\"Edesia\" \/>\n<meta property=\"article:modified_time\" content=\"2026-02-21T12:07:46+00:00\" \/>\n<meta property=\"og:image\" content=\"https:\/\/www.edesia.al\/wp-content\/uploads\/2026\/02\/Bajame-Bio-1.png\" \/>\n\t<meta property=\"og:image:width\" content=\"593\" \/>\n\t<meta property=\"og:image:height\" content=\"593\" \/>\n\t<meta property=\"og:image:type\" content=\"image\/png\" \/>\n<meta name=\"twitter:card\" content=\"summary_large_image\" \/>\n<meta name=\"twitter:label1\" content=\"Est. reading time\" \/>\n\t<meta name=\"twitter:data1\" content=\"1 minute\" \/>\n<script type=\"application\/ld+json\" class=\"yoast-schema-graph\">{\"@context\":\"https:\\\/\\\/schema.org\",\"@graph\":[{\"@type\":\"WebPage\",\"@id\":\"https:\\\/\\\/www.edesia.al\\\/?product=bajame\",\"url\":\"https:\\\/\\\/www.edesia.al\\\/?product=bajame\",\"name\":\"Bajame - Edesia\",\"isPartOf\":{\"@id\":\"https:\\\/\\\/www.edesia.al\\\/#website\"},\"primaryImageOfPage\":{\"@id\":\"https:\\\/\\\/www.edesia.al\\\/?product=bajame#primaryimage\"},\"image\":{\"@id\":\"https:\\\/\\\/www.edesia.al\\\/?product=bajame#primaryimage\"},\"thumbnailUrl\":\"https:\\\/\\\/www.edesia.al\\\/wp-content\\\/uploads\\\/2026\\\/02\\\/Bajame-Bio-1.png\",\"datePublished\":\"2026-02-16T21:08:11+00:00\",\"dateModified\":\"2026-02-21T12:07:46+00:00\",\"breadcrumb\":{\"@id\":\"https:\\\/\\\/www.edesia.al\\\/?product=bajame#breadcrumb\"},\"inLanguage\":\"en-US\",\"potentialAction\":[{\"@type\":\"ReadAction\",\"target\":[\"https:\\\/\\\/www.edesia.al\\\/?product=bajame\"]}]},{\"@type\":\"ImageObject\",\"inLanguage\":\"en-US\",\"@id\":\"https:\\\/\\\/www.edesia.al\\\/?product=bajame#primaryimage\",\"url\":\"https:\\\/\\\/www.edesia.al\\\/wp-content\\\/uploads\\\/2026\\\/02\\\/Bajame-Bio-1.png\",\"contentUrl\":\"https:\\\/\\\/www.edesia.al\\\/wp-content\\\/uploads\\\/2026\\\/02\\\/Bajame-Bio-1.png\",\"width\":593,\"height\":593},{\"@type\":\"BreadcrumbList\",\"@id\":\"https:\\\/\\\/www.edesia.al\\\/?product=bajame#breadcrumb\",\"itemListElement\":[{\"@type\":\"ListItem\",\"position\":1,\"name\":\"Home\",\"item\":\"https:\\\/\\\/www.edesia.al\\\/\"},{\"@type\":\"ListItem\",\"position\":2,\"name\":\"Dyqani\",\"item\":\"https:\\\/\\\/www.edesia.al\\\/?page_id=17\"},{\"@type\":\"ListItem\",\"position\":3,\"name\":\"Bajame\"}]},{\"@type\":\"WebSite\",\"@id\":\"https:\\\/\\\/www.edesia.al\\\/#website\",\"url\":\"https:\\\/\\\/www.edesia.al\\\/\",\"name\":\"Edesia\",\"description\":\"\",\"publisher\":{\"@id\":\"https:\\\/\\\/www.edesia.al\\\/#organization\"},\"potentialAction\":[{\"@type\":\"SearchAction\",\"target\":{\"@type\":\"EntryPoint\",\"urlTemplate\":\"https:\\\/\\\/www.edesia.al\\\/?s={search_term_string}\"},\"query-input\":{\"@type\":\"PropertyValueSpecification\",\"valueRequired\":true,\"valueName\":\"search_term_string\"}}],\"inLanguage\":\"en-US\"},{\"@type\":\"Organization\",\"@id\":\"https:\\\/\\\/www.edesia.al\\\/#organization\",\"name\":\"Edesia\",\"url\":\"https:\\\/\\\/www.edesia.al\\\/\",\"logo\":{\"@type\":\"ImageObject\",\"inLanguage\":\"en-US\",\"@id\":\"https:\\\/\\\/www.edesia.al\\\/#\\\/schema\\\/logo\\\/image\\\/\",\"url\":\"https:\\\/\\\/www.edesia.al\\\/wp-content\\\/uploads\\\/2026\\\/02\\\/Logo-Edesia-no-background.png\",\"contentUrl\":\"https:\\\/\\\/www.edesia.al\\\/wp-content\\\/uploads\\\/2026\\\/02\\\/Logo-Edesia-no-background.png\",\"width\":293,\"height\":158,\"caption\":\"Edesia\"},\"image\":{\"@id\":\"https:\\\/\\\/www.edesia.al\\\/#\\\/schema\\\/logo\\\/image\\\/\"}}]}<\/script>\n<!-- \/ Yoast SEO plugin. -->","yoast_head_json":{"title":"Bajame - Edesia","robots":{"index":"index","follow":"follow","max-snippet":"max-snippet:-1","max-image-preview":"max-image-preview:large","max-video-preview":"max-video-preview:-1"},"canonical":"https:\/\/www.edesia.al\/?product=bajame","og_locale":"en_US","og_type":"article","og_title":"Bajame - Edesia","og_description":"Bajame-100% Bio Organik, I \u00c7ertifikuar (150g) Bajamet jan\u00eb nd\u00ebr frutat e that\u00eb t m\u00eb t\u00eb njohura arrore n\u00eb bot\u00eb. Ato jan\u00eb shum\u00eb ushqyese dhe t\u00eb pasura me yndyrna t\u00eb sh\u00ebndetshme, antioksidant\u00eb, vitamina dhe minerale. Bajame jan\u00eb t\u00eb pasura me vlera ushqyese si fib\u00ebr, protein, yndyrna t\u00eb sh\u00ebndetsh\u00ebm, vitamin E dhe magnesium. Jan\u00eb t\u00eb pasura n\u00eb[...]","og_url":"https:\/\/www.edesia.al\/?product=bajame","og_site_name":"Edesia","article_modified_time":"2026-02-21T12:07:46+00:00","og_image":[{"width":593,"height":593,"url":"https:\/\/www.edesia.al\/wp-content\/uploads\/2026\/02\/Bajame-Bio-1.png","type":"image\/png"}],"twitter_card":"summary_large_image","twitter_misc":{"Est. reading time":"1 minute"},"schema":{"@context":"https:\/\/schema.org","@graph":[{"@type":"WebPage","@id":"https:\/\/www.edesia.al\/?product=bajame","url":"https:\/\/www.edesia.al\/?product=bajame","name":"Bajame - Edesia","isPartOf":{"@id":"https:\/\/www.edesia.al\/#website"},"primaryImageOfPage":{"@id":"https:\/\/www.edesia.al\/?product=bajame#primaryimage"},"image":{"@id":"https:\/\/www.edesia.al\/?product=bajame#primaryimage"},"thumbnailUrl":"https:\/\/www.edesia.al\/wp-content\/uploads\/2026\/02\/Bajame-Bio-1.png","datePublished":"2026-02-16T21:08:11+00:00","dateModified":"2026-02-21T12:07:46+00:00","breadcrumb":{"@id":"https:\/\/www.edesia.al\/?product=bajame#breadcrumb"},"inLanguage":"en-US","potentialAction":[{"@type":"ReadAction","target":["https:\/\/www.edesia.al\/?product=bajame"]}]},{"@type":"ImageObject","inLanguage":"en-US","@id":"https:\/\/www.edesia.al\/?product=bajame#primaryimage","url":"https:\/\/www.edesia.al\/wp-content\/uploads\/2026\/02\/Bajame-Bio-1.png","contentUrl":"https:\/\/www.edesia.al\/wp-content\/uploads\/2026\/02\/Bajame-Bio-1.png","width":593,"height":593},{"@type":"BreadcrumbList","@id":"https:\/\/www.edesia.al\/?product=bajame#breadcrumb","itemListElement":[{"@type":"ListItem","position":1,"name":"Home","item":"https:\/\/www.edesia.al\/"},{"@type":"ListItem","position":2,"name":"Dyqani","item":"https:\/\/www.edesia.al\/?page_id=17"},{"@type":"ListItem","position":3,"name":"Bajame"}]},{"@type":"WebSite","@id":"https:\/\/www.edesia.al\/#website","url":"https:\/\/www.edesia.al\/","name":"Edesia","description":"","publisher":{"@id":"https:\/\/www.edesia.al\/#organization"},"potentialAction":[{"@type":"SearchAction","target":{"@type":"EntryPoint","urlTemplate":"https:\/\/www.edesia.al\/?s={search_term_string}"},"query-input":{"@type":"PropertyValueSpecification","valueRequired":true,"valueName":"search_term_string"}}],"inLanguage":"en-US"},{"@type":"Organization","@id":"https:\/\/www.edesia.al\/#organization","name":"Edesia","url":"https:\/\/www.edesia.al\/","logo":{"@type":"ImageObject","inLanguage":"en-US","@id":"https:\/\/www.edesia.al\/#\/schema\/logo\/image\/","url":"https:\/\/www.edesia.al\/wp-content\/uploads\/2026\/02\/Logo-Edesia-no-background.png","contentUrl":"https:\/\/www.edesia.al\/wp-content\/uploads\/2026\/02\/Logo-Edesia-no-background.png","width":293,"height":158,"caption":"Edesia"},"image":{"@id":"https:\/\/www.edesia.al\/#\/schema\/logo\/image\/"}}]}},"_links":{"self":[{"href":"https:\/\/www.edesia.al\/index.php?rest_route=\/wp\/v2\/product\/6533","targetHints":{"allow":["GET"]}}],"collection":[{"href":"https:\/\/www.edesia.al\/index.php?rest_route=\/wp\/v2\/product"}],"about":[{"href":"https:\/\/www.edesia.al\/index.php?rest_route=\/wp\/v2\/types\/product"}],"replies":[{"embeddable":true,"href":"https:\/\/www.edesia.al\/index.php?rest_route=%2Fwp%2Fv2%2Fcomments&post=6533"}],"wp:featuredmedia":[{"embeddable":true,"href":"https:\/\/www.edesia.al\/index.php?rest_route=\/wp\/v2\/media\/6566"}],"wp:attachment":[{"href":"https:\/\/www.edesia.al\/index.php?rest_route=%2Fwp%2Fv2%2Fmedia&parent=6533"}],"wp:term":[{"taxonomy":"kategori-sipas-dietave","embeddable":true,"href":"https:\/\/www.edesia.al\/index.php?rest_route=%2Fwp%2Fv2%2Fkategori-sipas-dietave&post=6533"},{"taxonomy":"kategori-sipas-problemeve-shende","embeddable":true,"href":"https:\/\/www.edesia.al\/index.php?rest_route=%2Fwp%2Fv2%2Fkategori-sipas-problemeve-shende&post=6533"},{"taxonomy":"product_brand","embeddable":true,"href":"https:\/\/www.edesia.al\/index.php?rest_route=%2Fwp%2Fv2%2Fproduct_brand&post=6533"},{"taxonomy":"product_cat","embeddable":true,"href":"https:\/\/www.edesia.al\/index.php?rest_route=%2Fwp%2Fv2%2Fproduct_cat&post=6533"},{"taxonomy":"product_tag","embeddable":true,"href":"https:\/\/www.edesia.al\/index.php?rest_route=%2Fwp%2Fv2%2Fproduct_tag&post=6533"}],"curies":[{"name":"wp","href":"https:\/\/api.w.org\/{rel}","templated":true}]}}