{"id":6632,"date":"2026-02-16T21:08:59","date_gmt":"2026-02-16T21:08:59","guid":{"rendered":"https:\/\/www.edesia.al\/?post_type=product&#038;p=6632"},"modified":"2026-02-24T14:52:22","modified_gmt":"2026-02-24T14:52:22","slug":"fara-koperi","status":"publish","type":"product","link":"https:\/\/www.edesia.al\/?product=fara-koperi","title":{"rendered":"Fara Koperi"},"content":{"rendered":"<h3>Fara Koperi (40gr)<\/h3>\n<p>Farat e Fenelit ose Kopra e Ege\u0308r jane\u0308 nje\u0308 nde\u0308r bime\u0308t\u00a0 me te vecanta pe\u0308r nga perfitimet shendetsore dhe nje\u0308 nga ere\u0308zat me te ke\u0308rkuara te\u0308 kuzhines Mesdhetare. Eshte\u0308 nje\u0308 bime\u0308 shume\u0308vjec\u0327are barishtore me lule te\u0308 verdhe\u0308 dhe me gjethe si pupla, qe\u0308 i pe\u0308rket familjes se Umbelliferae.<\/p>\n<h4>Benefitet shendetsore t\u00eb farave t\u00eb koperit:<\/h4>\n<ul>\n<li>Ndihmon aparatin ton\u00eb t\u00eb frym\u00ebmarrjes t\u00eb mir\u00ebfunskionoje, trajton asm\u00ebn dhe infeksionet n\u00eb rrug\u00ebt e frymarrjes.<\/li>\n<li>Mbron nga rritja e kolesterolit t\u00eb keq n\u00eb gjak.<\/li>\n<li>Redukton tensionin e larte\u0308 te\u0308 gjakut<\/li>\n<li>Mbron syt\u00eb dhe shikimin<\/li>\n<li>Pe\u0308rforcon sistemin mendor, trajton efektet e stresit dhe mbingarkesen mendore.<\/li>\n<li>Vepron si laksativ dhe lehte\u0308sues i kapslle\u0308kut<\/li>\n<li>Lehte\u0308son tretjen dhe kuron diarrene\u0308.<\/li>\n<li>Eliminon ere\u0308n e keqe te\u0308 goje\u0308s.<\/li>\n<li>Redukton rrezikun e kancerit te\u0308 gjirit dhe me\u0308lcise\u0308<\/li>\n<li>Forcon sistemin imunitar dhe kuron anemine\u0308<\/li>\n<li>Ndihmon kunde\u0308r de\u0308meve te\u0308 rrezatimit gjate\u0308 trajtimit te\u0308 kancerit me rreze dhe kimioterapi.<\/li>\n<\/ul>\n<p>&nbsp;<\/p>\n<p>Farat e Fenelit ose Kopra e Ege\u0308r mund te\u0308 pe\u0308rdoren si \u00e7aj ose si ere\u0308z.<\/p>\n","protected":false},"excerpt":{"rendered":"<p>Fara Koperi (40gr) Farat e Fenelit ose Kopra e Ege\u0308r jane\u0308 nje\u0308 nde\u0308r bime\u0308t\u00a0 me te vecanta pe\u0308r nga perfitimet shendetsore dhe nje\u0308 nga ere\u0308zat me te ke\u0308rkuara te\u0308 kuzhines Mesdhetare. Eshte\u0308 nje\u0308 bime\u0308 shume\u0308vjec\u0327are barishtore me lule te\u0308 verdhe\u0308 dhe me gjethe si pupla, qe\u0308 i pe\u0308rket familjes se Umbelliferae. Benefitet shendetsore t\u00eb farave[&#8230;]<\/p>\n","protected":false},"featured_media":6662,"comment_status":"open","ping_status":"closed","template":"","meta":{"_acf_changed":false,"inline_featured_image":false},"kategori-sipas-dietave":[89],"kategori-sipas-problemeve-shende":[83],"product_brand":[32],"product_cat":[81,34,33,26],"product_tag":[131],"class_list":{"0":"post-6632","1":"product","2":"type-product","3":"status-publish","4":"has-post-thumbnail","6":"kategori-sipas-dietave-vegan","7":"kategori-sipas-problemeve-shende-tretje-detox","8":"product_brand-bioagros","9":"product_cat-caj-bime-mjekesore","10":"product_cat-ereza-bime-aromatike","11":"product_cat-fara-bio","12":"product_cat-ushqime-bio","13":"product_tag-organic","15":"first","16":"instock","17":"taxable","18":"shipping-taxable","19":"purchasable","20":"product-type-simple"},"acf":[],"yoast_head":"<!-- This site is optimized with the Yoast SEO plugin v27.4 - https:\/\/yoast.com\/product\/yoast-seo-wordpress\/ -->\n<title>Fara Koperi - Edesia<\/title>\n<meta name=\"robots\" content=\"index, follow, max-snippet:-1, max-image-preview:large, max-video-preview:-1\" \/>\n<link rel=\"canonical\" href=\"https:\/\/www.edesia.al\/?product=fara-koperi\" \/>\n<meta property=\"og:locale\" content=\"en_US\" \/>\n<meta property=\"og:type\" content=\"article\" \/>\n<meta property=\"og:title\" content=\"Fara Koperi - Edesia\" \/>\n<meta property=\"og:description\" content=\"Fara Koperi (40gr) Farat e Fenelit ose Kopra e Ege\u0308r jane\u0308 nje\u0308 nde\u0308r bime\u0308t\u00a0 me te vecanta pe\u0308r nga perfitimet shendetsore dhe nje\u0308 nga ere\u0308zat me te ke\u0308rkuara te\u0308 kuzhines Mesdhetare. Eshte\u0308 nje\u0308 bime\u0308 shume\u0308vjec\u0327are barishtore me lule te\u0308 verdhe\u0308 dhe me gjethe si pupla, qe\u0308 i pe\u0308rket familjes se Umbelliferae. Benefitet shendetsore t\u00eb farave[...]\" \/>\n<meta property=\"og:url\" content=\"https:\/\/www.edesia.al\/?product=fara-koperi\" \/>\n<meta property=\"og:site_name\" content=\"Edesia\" \/>\n<meta property=\"article:modified_time\" content=\"2026-02-24T14:52:22+00:00\" \/>\n<meta property=\"og:image\" content=\"https:\/\/www.edesia.al\/wp-content\/uploads\/2026\/02\/Koper-Kokerr-1.webp\" \/>\n\t<meta property=\"og:image:width\" content=\"593\" \/>\n\t<meta property=\"og:image:height\" content=\"593\" \/>\n\t<meta property=\"og:image:type\" content=\"image\/webp\" \/>\n<meta name=\"twitter:card\" content=\"summary_large_image\" \/>\n<meta name=\"twitter:label1\" content=\"Est. reading time\" \/>\n\t<meta name=\"twitter:data1\" content=\"1 minute\" \/>\n<script type=\"application\/ld+json\" class=\"yoast-schema-graph\">{\"@context\":\"https:\\\/\\\/schema.org\",\"@graph\":[{\"@type\":\"WebPage\",\"@id\":\"https:\\\/\\\/www.edesia.al\\\/?product=fara-koperi\",\"url\":\"https:\\\/\\\/www.edesia.al\\\/?product=fara-koperi\",\"name\":\"Fara Koperi - Edesia\",\"isPartOf\":{\"@id\":\"https:\\\/\\\/www.edesia.al\\\/#website\"},\"primaryImageOfPage\":{\"@id\":\"https:\\\/\\\/www.edesia.al\\\/?product=fara-koperi#primaryimage\"},\"image\":{\"@id\":\"https:\\\/\\\/www.edesia.al\\\/?product=fara-koperi#primaryimage\"},\"thumbnailUrl\":\"https:\\\/\\\/www.edesia.al\\\/wp-content\\\/uploads\\\/2026\\\/02\\\/Koper-Kokerr-1.webp\",\"datePublished\":\"2026-02-16T21:08:59+00:00\",\"dateModified\":\"2026-02-24T14:52:22+00:00\",\"breadcrumb\":{\"@id\":\"https:\\\/\\\/www.edesia.al\\\/?product=fara-koperi#breadcrumb\"},\"inLanguage\":\"en-US\",\"potentialAction\":[{\"@type\":\"ReadAction\",\"target\":[\"https:\\\/\\\/www.edesia.al\\\/?product=fara-koperi\"]}]},{\"@type\":\"ImageObject\",\"inLanguage\":\"en-US\",\"@id\":\"https:\\\/\\\/www.edesia.al\\\/?product=fara-koperi#primaryimage\",\"url\":\"https:\\\/\\\/www.edesia.al\\\/wp-content\\\/uploads\\\/2026\\\/02\\\/Koper-Kokerr-1.webp\",\"contentUrl\":\"https:\\\/\\\/www.edesia.al\\\/wp-content\\\/uploads\\\/2026\\\/02\\\/Koper-Kokerr-1.webp\",\"width\":593,\"height\":593},{\"@type\":\"BreadcrumbList\",\"@id\":\"https:\\\/\\\/www.edesia.al\\\/?product=fara-koperi#breadcrumb\",\"itemListElement\":[{\"@type\":\"ListItem\",\"position\":1,\"name\":\"Home\",\"item\":\"https:\\\/\\\/www.edesia.al\\\/\"},{\"@type\":\"ListItem\",\"position\":2,\"name\":\"Dyqani\",\"item\":\"https:\\\/\\\/www.edesia.al\\\/?page_id=17\"},{\"@type\":\"ListItem\",\"position\":3,\"name\":\"Fara Koperi\"}]},{\"@type\":\"WebSite\",\"@id\":\"https:\\\/\\\/www.edesia.al\\\/#website\",\"url\":\"https:\\\/\\\/www.edesia.al\\\/\",\"name\":\"Edesia\",\"description\":\"\",\"publisher\":{\"@id\":\"https:\\\/\\\/www.edesia.al\\\/#organization\"},\"potentialAction\":[{\"@type\":\"SearchAction\",\"target\":{\"@type\":\"EntryPoint\",\"urlTemplate\":\"https:\\\/\\\/www.edesia.al\\\/?s={search_term_string}\"},\"query-input\":{\"@type\":\"PropertyValueSpecification\",\"valueRequired\":true,\"valueName\":\"search_term_string\"}}],\"inLanguage\":\"en-US\"},{\"@type\":\"Organization\",\"@id\":\"https:\\\/\\\/www.edesia.al\\\/#organization\",\"name\":\"Edesia\",\"url\":\"https:\\\/\\\/www.edesia.al\\\/\",\"logo\":{\"@type\":\"ImageObject\",\"inLanguage\":\"en-US\",\"@id\":\"https:\\\/\\\/www.edesia.al\\\/#\\\/schema\\\/logo\\\/image\\\/\",\"url\":\"https:\\\/\\\/www.edesia.al\\\/wp-content\\\/uploads\\\/2026\\\/02\\\/Logo-Edesia-no-background.png\",\"contentUrl\":\"https:\\\/\\\/www.edesia.al\\\/wp-content\\\/uploads\\\/2026\\\/02\\\/Logo-Edesia-no-background.png\",\"width\":293,\"height\":158,\"caption\":\"Edesia\"},\"image\":{\"@id\":\"https:\\\/\\\/www.edesia.al\\\/#\\\/schema\\\/logo\\\/image\\\/\"}}]}<\/script>\n<!-- \/ Yoast SEO plugin. -->","yoast_head_json":{"title":"Fara Koperi - Edesia","robots":{"index":"index","follow":"follow","max-snippet":"max-snippet:-1","max-image-preview":"max-image-preview:large","max-video-preview":"max-video-preview:-1"},"canonical":"https:\/\/www.edesia.al\/?product=fara-koperi","og_locale":"en_US","og_type":"article","og_title":"Fara Koperi - Edesia","og_description":"Fara Koperi (40gr) Farat e Fenelit ose Kopra e Ege\u0308r jane\u0308 nje\u0308 nde\u0308r bime\u0308t\u00a0 me te vecanta pe\u0308r nga perfitimet shendetsore dhe nje\u0308 nga ere\u0308zat me te ke\u0308rkuara te\u0308 kuzhines Mesdhetare. Eshte\u0308 nje\u0308 bime\u0308 shume\u0308vjec\u0327are barishtore me lule te\u0308 verdhe\u0308 dhe me gjethe si pupla, qe\u0308 i pe\u0308rket familjes se Umbelliferae. Benefitet shendetsore t\u00eb farave[...]","og_url":"https:\/\/www.edesia.al\/?product=fara-koperi","og_site_name":"Edesia","article_modified_time":"2026-02-24T14:52:22+00:00","og_image":[{"width":593,"height":593,"url":"https:\/\/www.edesia.al\/wp-content\/uploads\/2026\/02\/Koper-Kokerr-1.webp","type":"image\/webp"}],"twitter_card":"summary_large_image","twitter_misc":{"Est. reading time":"1 minute"},"schema":{"@context":"https:\/\/schema.org","@graph":[{"@type":"WebPage","@id":"https:\/\/www.edesia.al\/?product=fara-koperi","url":"https:\/\/www.edesia.al\/?product=fara-koperi","name":"Fara Koperi - Edesia","isPartOf":{"@id":"https:\/\/www.edesia.al\/#website"},"primaryImageOfPage":{"@id":"https:\/\/www.edesia.al\/?product=fara-koperi#primaryimage"},"image":{"@id":"https:\/\/www.edesia.al\/?product=fara-koperi#primaryimage"},"thumbnailUrl":"https:\/\/www.edesia.al\/wp-content\/uploads\/2026\/02\/Koper-Kokerr-1.webp","datePublished":"2026-02-16T21:08:59+00:00","dateModified":"2026-02-24T14:52:22+00:00","breadcrumb":{"@id":"https:\/\/www.edesia.al\/?product=fara-koperi#breadcrumb"},"inLanguage":"en-US","potentialAction":[{"@type":"ReadAction","target":["https:\/\/www.edesia.al\/?product=fara-koperi"]}]},{"@type":"ImageObject","inLanguage":"en-US","@id":"https:\/\/www.edesia.al\/?product=fara-koperi#primaryimage","url":"https:\/\/www.edesia.al\/wp-content\/uploads\/2026\/02\/Koper-Kokerr-1.webp","contentUrl":"https:\/\/www.edesia.al\/wp-content\/uploads\/2026\/02\/Koper-Kokerr-1.webp","width":593,"height":593},{"@type":"BreadcrumbList","@id":"https:\/\/www.edesia.al\/?product=fara-koperi#breadcrumb","itemListElement":[{"@type":"ListItem","position":1,"name":"Home","item":"https:\/\/www.edesia.al\/"},{"@type":"ListItem","position":2,"name":"Dyqani","item":"https:\/\/www.edesia.al\/?page_id=17"},{"@type":"ListItem","position":3,"name":"Fara Koperi"}]},{"@type":"WebSite","@id":"https:\/\/www.edesia.al\/#website","url":"https:\/\/www.edesia.al\/","name":"Edesia","description":"","publisher":{"@id":"https:\/\/www.edesia.al\/#organization"},"potentialAction":[{"@type":"SearchAction","target":{"@type":"EntryPoint","urlTemplate":"https:\/\/www.edesia.al\/?s={search_term_string}"},"query-input":{"@type":"PropertyValueSpecification","valueRequired":true,"valueName":"search_term_string"}}],"inLanguage":"en-US"},{"@type":"Organization","@id":"https:\/\/www.edesia.al\/#organization","name":"Edesia","url":"https:\/\/www.edesia.al\/","logo":{"@type":"ImageObject","inLanguage":"en-US","@id":"https:\/\/www.edesia.al\/#\/schema\/logo\/image\/","url":"https:\/\/www.edesia.al\/wp-content\/uploads\/2026\/02\/Logo-Edesia-no-background.png","contentUrl":"https:\/\/www.edesia.al\/wp-content\/uploads\/2026\/02\/Logo-Edesia-no-background.png","width":293,"height":158,"caption":"Edesia"},"image":{"@id":"https:\/\/www.edesia.al\/#\/schema\/logo\/image\/"}}]}},"_links":{"self":[{"href":"https:\/\/www.edesia.al\/index.php?rest_route=\/wp\/v2\/product\/6632","targetHints":{"allow":["GET"]}}],"collection":[{"href":"https:\/\/www.edesia.al\/index.php?rest_route=\/wp\/v2\/product"}],"about":[{"href":"https:\/\/www.edesia.al\/index.php?rest_route=\/wp\/v2\/types\/product"}],"replies":[{"embeddable":true,"href":"https:\/\/www.edesia.al\/index.php?rest_route=%2Fwp%2Fv2%2Fcomments&post=6632"}],"wp:featuredmedia":[{"embeddable":true,"href":"https:\/\/www.edesia.al\/index.php?rest_route=\/wp\/v2\/media\/6662"}],"wp:attachment":[{"href":"https:\/\/www.edesia.al\/index.php?rest_route=%2Fwp%2Fv2%2Fmedia&parent=6632"}],"wp:term":[{"taxonomy":"kategori-sipas-dietave","embeddable":true,"href":"https:\/\/www.edesia.al\/index.php?rest_route=%2Fwp%2Fv2%2Fkategori-sipas-dietave&post=6632"},{"taxonomy":"kategori-sipas-problemeve-shende","embeddable":true,"href":"https:\/\/www.edesia.al\/index.php?rest_route=%2Fwp%2Fv2%2Fkategori-sipas-problemeve-shende&post=6632"},{"taxonomy":"product_brand","embeddable":true,"href":"https:\/\/www.edesia.al\/index.php?rest_route=%2Fwp%2Fv2%2Fproduct_brand&post=6632"},{"taxonomy":"product_cat","embeddable":true,"href":"https:\/\/www.edesia.al\/index.php?rest_route=%2Fwp%2Fv2%2Fproduct_cat&post=6632"},{"taxonomy":"product_tag","embeddable":true,"href":"https:\/\/www.edesia.al\/index.php?rest_route=%2Fwp%2Fv2%2Fproduct_tag&post=6632"}],"curies":[{"name":"wp","href":"https:\/\/api.w.org\/{rel}","templated":true}]}}