{"id":6831,"date":"2026-02-16T21:10:41","date_gmt":"2026-02-16T21:10:41","guid":{"rendered":"https:\/\/www.edesia.al\/?post_type=product&#038;p=6831"},"modified":"2026-02-25T09:54:29","modified_gmt":"2026-02-25T09:54:29","slug":"kripe-fine-himalaje","status":"publish","type":"product","link":"https:\/\/www.edesia.al\/?product=kripe-fine-himalaje","title":{"rendered":"Krip\u00eb Fine Himalaje"},"content":{"rendered":"<h3>Krip\u00eb Fine Himalaje (500gr)<\/h3>\n<p>Kripa e Himalajes \u00ebsht\u00eb nj\u00eb lloj kripe natyrale q\u00eb vjen nga lart\u00ebsit\u00eb malore t\u00eb Himalajeve n\u00eb Azin\u00eb Qendrore.<\/p>\n<p>Kripa roz\u00eb e Himalajes \u00ebsht\u00eb shum\u00eb e ndryshme nga kripa e kuzhin\u00ebs, ku kjo e fundit p\u00ebrb\u00ebhet n\u00eb m\u00ebnyr\u00eb esenciale nga kloruri i sodiumit. Kripa e Himalajes e p\u00ebrdorur q\u00eb n\u00eb lasht\u00ebsi, \u00ebsht\u00eb e past\u00ebr, pa toksina dhe substanca t\u00eb ndotura, q\u00eb mund t\u00eb helmojne tipologjite e tjera t\u00eb krip\u00ebs, me prejardhje nga detet dhe oqeanet.<\/p>\n<p>Behet fjal\u00eb v\u00ebrtet p\u00ebr nj\u00eb burim t\u00eb pasur dhe me shum\u00eb vlera. P\u00ebrmban m\u00eb shum\u00eb se 80 min<span class=\"text_exposed_show\">erale dhe elemente (ku predominon hekuri), q\u00eb mungojn\u00eb plot\u00ebsisht tek kripa e kuzhines. Ngjyra karakteristike roz\u00eb i dedikohet jo vet\u00ebm prezenc\u00ebs s\u00eb lart\u00eb t\u00eb k\u00ebtij minerali, por dhe faktit q\u00eb kjo krip\u00eb nuk i n\u00ebnshtrohet asnj\u00eb trajtimi zbardhues.<br \/>\nKripa roz\u00eb nuk \u00ebsht\u00eb e rafinuar dhe nuk trajtohet me asnj\u00eb procedim kimik. Kjo krip\u00eb \u00ebsht\u00eb e pandotur. Kur nxirret, rezulton e past\u00ebr sic ka q\u00ebn\u00eb e depozituar mij\u00ebra vite me par\u00eb. Ne thithim vet\u00ebm sasin\u00eb e duhur t\u00eb saj, dhe shija e ushqimeve nuk mbulohet por p\u00ebrkundrazi theksohet m\u00eb shum\u00eb.<\/span><\/p>\n<h4>P\u00ebrfitimet\u00a0 sh\u00ebndetsore t\u00eb krip\u00ebs s\u00eb Himalajes jan\u00eb:<\/h4>\n<ul>\n<li>P\u00ebrmir\u00ebson sh\u00ebndetin e zemr\u00ebs dhe t\u00eb qarkullimit t\u00eb gjakut<\/li>\n<\/ul>\n<p>Kripa e Himalajit mund t\u00eb ndihmoj\u00eb n\u00eb uljen e niveleve t\u00eb kolesterolit dhe t\u00eb triglicerideve n\u00eb gjak, duke ndihmuar n\u00eb parandalimin e s\u00ebmundjeve t\u00eb zemr\u00ebs dhe t\u00eb qarkullimit t\u00eb gjakut.<\/p>\n<ul>\n<li>Ndihmon n\u00eb balancimin e niveleve t\u00eb elektrolit\u00ebve<\/li>\n<\/ul>\n<p>Kripa e Himalajit p\u00ebrmban minerale t\u00eb r\u00ebnd\u00ebsish\u00ebm si natrium, kalcium, kalium dhe magnezium. K\u00ebto minerale ndihmojn\u00eb n\u00eb balancimin e niveleve t\u00eb elektrolit\u00ebve n\u00eb trup, duke ndihmuar n\u00eb funksionimin e rregullt t\u00eb muskujve, zemr\u00ebs dhe t\u00eb sistemit nervor.<\/p>\n<ul>\n<li>Mund t\u00eb ndihmoj\u00eb n\u00eb rritjen e nivelit t\u00eb energjis\u00eb<\/li>\n<\/ul>\n<p>Kripa e Himalajit p\u00ebrmban minerale dhe elektrolit\u00eb q\u00eb mund t\u00eb ndihmojn\u00eb n\u00eb rritjen e nivelit t\u00eb energjis\u00eb dhe n\u00eb reduktimin e lodhjes s\u00eb p\u00ebrgjithshme.<\/p>\n<ul>\n<li>Mund t\u00eb ndihmoj\u00eb n\u00eb rritjen e imunitetit<\/li>\n<\/ul>\n<p>Kripa e Himalajit p\u00ebrmban minerale dhe element\u00eb t\u00eb tjer\u00eb t\u00eb r\u00ebnd\u00ebsish\u00ebm q\u00eb mund t\u00eb ndihmojn\u00eb n\u00eb p\u00ebrmir\u00ebsimin e sistemit imunitar dhe n\u00eb parandalimin e s\u00ebmundjeve.<\/p>\n<ul>\n<li>Mund t\u00eb p\u00ebrmir\u00ebsoj\u00eb sh\u00ebndetin e l\u00ebkur\u00ebs<\/li>\n<\/ul>\n<p>Kripa e Himalajit mund t\u00eb ndihmoj\u00eb n\u00eb pastrimin e l\u00ebkur\u00ebs dhe n\u00eb p\u00ebrmir\u00ebsimin e sh\u00ebndetit t\u00eb saj.<\/p>\n<p>Kripa e Himalajit mund t\u00eb p\u00ebrdoret si z\u00ebvend\u00ebsues i krip\u00ebs s\u00eb zakonshme n\u00eb ushqime p\u00ebr t\u00eb p\u00ebrfituar nga vlerat ushqimore t\u00eb saj. Gjithashtu perdoret dhe p\u00ebr q\u00ebllime kozmetike n\u00eb vask\u00eb ose scrub-e t\u00eb ndryshme p\u00ebr trupin.<\/p>\n","protected":false},"excerpt":{"rendered":"<p>Krip\u00eb Fine Himalaje (500gr) Kripa e Himalajes \u00ebsht\u00eb nj\u00eb lloj kripe natyrale q\u00eb vjen nga lart\u00ebsit\u00eb malore t\u00eb Himalajeve n\u00eb Azin\u00eb Qendrore. Kripa roz\u00eb e Himalajes \u00ebsht\u00eb shum\u00eb e ndryshme nga kripa e kuzhin\u00ebs, ku kjo e fundit p\u00ebrb\u00ebhet n\u00eb m\u00ebnyr\u00eb esenciale nga kloruri i sodiumit. Kripa e Himalajes e p\u00ebrdorur q\u00eb n\u00eb lasht\u00ebsi, \u00ebsht\u00eb[&#8230;]<\/p>\n","protected":false},"featured_media":0,"comment_status":"open","ping_status":"closed","template":"","meta":{"_acf_changed":false,"inline_featured_image":false},"kategori-sipas-dietave":[],"kategori-sipas-problemeve-shende":[],"product_brand":[32],"product_cat":[34,26],"product_tag":[],"class_list":{"0":"post-6831","1":"product","2":"type-product","3":"status-publish","5":"product_brand-bioagros","6":"product_cat-ereza-bime-aromatike","7":"product_cat-ushqime-bio","9":"first","10":"instock","11":"taxable","12":"shipping-taxable","13":"purchasable","14":"product-type-simple"},"acf":[],"yoast_head":"<!-- This site is optimized with the Yoast SEO plugin v27.4 - https:\/\/yoast.com\/product\/yoast-seo-wordpress\/ -->\n<title>Krip\u00eb Fine Himalaje - Edesia<\/title>\n<meta name=\"robots\" content=\"index, follow, max-snippet:-1, max-image-preview:large, max-video-preview:-1\" \/>\n<link rel=\"canonical\" href=\"https:\/\/www.edesia.al\/?product=kripe-fine-himalaje\" \/>\n<meta property=\"og:locale\" content=\"en_US\" \/>\n<meta property=\"og:type\" content=\"article\" \/>\n<meta property=\"og:title\" content=\"Krip\u00eb Fine Himalaje - Edesia\" \/>\n<meta property=\"og:description\" content=\"Krip\u00eb Fine Himalaje (500gr) Kripa e Himalajes \u00ebsht\u00eb nj\u00eb lloj kripe natyrale q\u00eb vjen nga lart\u00ebsit\u00eb malore t\u00eb Himalajeve n\u00eb Azin\u00eb Qendrore. Kripa roz\u00eb e Himalajes \u00ebsht\u00eb shum\u00eb e ndryshme nga kripa e kuzhin\u00ebs, ku kjo e fundit p\u00ebrb\u00ebhet n\u00eb m\u00ebnyr\u00eb esenciale nga kloruri i sodiumit. Kripa e Himalajes e p\u00ebrdorur q\u00eb n\u00eb lasht\u00ebsi, \u00ebsht\u00eb[...]\" \/>\n<meta property=\"og:url\" content=\"https:\/\/www.edesia.al\/?product=kripe-fine-himalaje\" \/>\n<meta property=\"og:site_name\" content=\"Edesia\" \/>\n<meta property=\"article:modified_time\" content=\"2026-02-25T09:54:29+00:00\" \/>\n<meta name=\"twitter:card\" content=\"summary_large_image\" \/>\n<meta name=\"twitter:label1\" content=\"Est. reading time\" \/>\n\t<meta name=\"twitter:data1\" content=\"2 minutes\" \/>\n<script type=\"application\/ld+json\" class=\"yoast-schema-graph\">{\"@context\":\"https:\\\/\\\/schema.org\",\"@graph\":[{\"@type\":\"WebPage\",\"@id\":\"https:\\\/\\\/www.edesia.al\\\/?product=kripe-fine-himalaje\",\"url\":\"https:\\\/\\\/www.edesia.al\\\/?product=kripe-fine-himalaje\",\"name\":\"Krip\u00eb Fine Himalaje - Edesia\",\"isPartOf\":{\"@id\":\"https:\\\/\\\/www.edesia.al\\\/#website\"},\"datePublished\":\"2026-02-16T21:10:41+00:00\",\"dateModified\":\"2026-02-25T09:54:29+00:00\",\"breadcrumb\":{\"@id\":\"https:\\\/\\\/www.edesia.al\\\/?product=kripe-fine-himalaje#breadcrumb\"},\"inLanguage\":\"en-US\",\"potentialAction\":[{\"@type\":\"ReadAction\",\"target\":[\"https:\\\/\\\/www.edesia.al\\\/?product=kripe-fine-himalaje\"]}]},{\"@type\":\"BreadcrumbList\",\"@id\":\"https:\\\/\\\/www.edesia.al\\\/?product=kripe-fine-himalaje#breadcrumb\",\"itemListElement\":[{\"@type\":\"ListItem\",\"position\":1,\"name\":\"Home\",\"item\":\"https:\\\/\\\/www.edesia.al\\\/\"},{\"@type\":\"ListItem\",\"position\":2,\"name\":\"Dyqani\",\"item\":\"https:\\\/\\\/www.edesia.al\\\/?page_id=17\"},{\"@type\":\"ListItem\",\"position\":3,\"name\":\"Krip\u00eb Fine Himalaje\"}]},{\"@type\":\"WebSite\",\"@id\":\"https:\\\/\\\/www.edesia.al\\\/#website\",\"url\":\"https:\\\/\\\/www.edesia.al\\\/\",\"name\":\"Edesia\",\"description\":\"\",\"publisher\":{\"@id\":\"https:\\\/\\\/www.edesia.al\\\/#organization\"},\"potentialAction\":[{\"@type\":\"SearchAction\",\"target\":{\"@type\":\"EntryPoint\",\"urlTemplate\":\"https:\\\/\\\/www.edesia.al\\\/?s={search_term_string}\"},\"query-input\":{\"@type\":\"PropertyValueSpecification\",\"valueRequired\":true,\"valueName\":\"search_term_string\"}}],\"inLanguage\":\"en-US\"},{\"@type\":\"Organization\",\"@id\":\"https:\\\/\\\/www.edesia.al\\\/#organization\",\"name\":\"Edesia\",\"url\":\"https:\\\/\\\/www.edesia.al\\\/\",\"logo\":{\"@type\":\"ImageObject\",\"inLanguage\":\"en-US\",\"@id\":\"https:\\\/\\\/www.edesia.al\\\/#\\\/schema\\\/logo\\\/image\\\/\",\"url\":\"https:\\\/\\\/www.edesia.al\\\/wp-content\\\/uploads\\\/2026\\\/02\\\/Logo-Edesia-no-background.png\",\"contentUrl\":\"https:\\\/\\\/www.edesia.al\\\/wp-content\\\/uploads\\\/2026\\\/02\\\/Logo-Edesia-no-background.png\",\"width\":293,\"height\":158,\"caption\":\"Edesia\"},\"image\":{\"@id\":\"https:\\\/\\\/www.edesia.al\\\/#\\\/schema\\\/logo\\\/image\\\/\"}}]}<\/script>\n<!-- \/ Yoast SEO plugin. -->","yoast_head_json":{"title":"Krip\u00eb Fine Himalaje - Edesia","robots":{"index":"index","follow":"follow","max-snippet":"max-snippet:-1","max-image-preview":"max-image-preview:large","max-video-preview":"max-video-preview:-1"},"canonical":"https:\/\/www.edesia.al\/?product=kripe-fine-himalaje","og_locale":"en_US","og_type":"article","og_title":"Krip\u00eb Fine Himalaje - Edesia","og_description":"Krip\u00eb Fine Himalaje (500gr) Kripa e Himalajes \u00ebsht\u00eb nj\u00eb lloj kripe natyrale q\u00eb vjen nga lart\u00ebsit\u00eb malore t\u00eb Himalajeve n\u00eb Azin\u00eb Qendrore. Kripa roz\u00eb e Himalajes \u00ebsht\u00eb shum\u00eb e ndryshme nga kripa e kuzhin\u00ebs, ku kjo e fundit p\u00ebrb\u00ebhet n\u00eb m\u00ebnyr\u00eb esenciale nga kloruri i sodiumit. Kripa e Himalajes e p\u00ebrdorur q\u00eb n\u00eb lasht\u00ebsi, \u00ebsht\u00eb[...]","og_url":"https:\/\/www.edesia.al\/?product=kripe-fine-himalaje","og_site_name":"Edesia","article_modified_time":"2026-02-25T09:54:29+00:00","twitter_card":"summary_large_image","twitter_misc":{"Est. reading time":"2 minutes"},"schema":{"@context":"https:\/\/schema.org","@graph":[{"@type":"WebPage","@id":"https:\/\/www.edesia.al\/?product=kripe-fine-himalaje","url":"https:\/\/www.edesia.al\/?product=kripe-fine-himalaje","name":"Krip\u00eb Fine Himalaje - Edesia","isPartOf":{"@id":"https:\/\/www.edesia.al\/#website"},"datePublished":"2026-02-16T21:10:41+00:00","dateModified":"2026-02-25T09:54:29+00:00","breadcrumb":{"@id":"https:\/\/www.edesia.al\/?product=kripe-fine-himalaje#breadcrumb"},"inLanguage":"en-US","potentialAction":[{"@type":"ReadAction","target":["https:\/\/www.edesia.al\/?product=kripe-fine-himalaje"]}]},{"@type":"BreadcrumbList","@id":"https:\/\/www.edesia.al\/?product=kripe-fine-himalaje#breadcrumb","itemListElement":[{"@type":"ListItem","position":1,"name":"Home","item":"https:\/\/www.edesia.al\/"},{"@type":"ListItem","position":2,"name":"Dyqani","item":"https:\/\/www.edesia.al\/?page_id=17"},{"@type":"ListItem","position":3,"name":"Krip\u00eb Fine Himalaje"}]},{"@type":"WebSite","@id":"https:\/\/www.edesia.al\/#website","url":"https:\/\/www.edesia.al\/","name":"Edesia","description":"","publisher":{"@id":"https:\/\/www.edesia.al\/#organization"},"potentialAction":[{"@type":"SearchAction","target":{"@type":"EntryPoint","urlTemplate":"https:\/\/www.edesia.al\/?s={search_term_string}"},"query-input":{"@type":"PropertyValueSpecification","valueRequired":true,"valueName":"search_term_string"}}],"inLanguage":"en-US"},{"@type":"Organization","@id":"https:\/\/www.edesia.al\/#organization","name":"Edesia","url":"https:\/\/www.edesia.al\/","logo":{"@type":"ImageObject","inLanguage":"en-US","@id":"https:\/\/www.edesia.al\/#\/schema\/logo\/image\/","url":"https:\/\/www.edesia.al\/wp-content\/uploads\/2026\/02\/Logo-Edesia-no-background.png","contentUrl":"https:\/\/www.edesia.al\/wp-content\/uploads\/2026\/02\/Logo-Edesia-no-background.png","width":293,"height":158,"caption":"Edesia"},"image":{"@id":"https:\/\/www.edesia.al\/#\/schema\/logo\/image\/"}}]}},"_links":{"self":[{"href":"https:\/\/www.edesia.al\/index.php?rest_route=\/wp\/v2\/product\/6831","targetHints":{"allow":["GET"]}}],"collection":[{"href":"https:\/\/www.edesia.al\/index.php?rest_route=\/wp\/v2\/product"}],"about":[{"href":"https:\/\/www.edesia.al\/index.php?rest_route=\/wp\/v2\/types\/product"}],"replies":[{"embeddable":true,"href":"https:\/\/www.edesia.al\/index.php?rest_route=%2Fwp%2Fv2%2Fcomments&post=6831"}],"wp:attachment":[{"href":"https:\/\/www.edesia.al\/index.php?rest_route=%2Fwp%2Fv2%2Fmedia&parent=6831"}],"wp:term":[{"taxonomy":"kategori-sipas-dietave","embeddable":true,"href":"https:\/\/www.edesia.al\/index.php?rest_route=%2Fwp%2Fv2%2Fkategori-sipas-dietave&post=6831"},{"taxonomy":"kategori-sipas-problemeve-shende","embeddable":true,"href":"https:\/\/www.edesia.al\/index.php?rest_route=%2Fwp%2Fv2%2Fkategori-sipas-problemeve-shende&post=6831"},{"taxonomy":"product_brand","embeddable":true,"href":"https:\/\/www.edesia.al\/index.php?rest_route=%2Fwp%2Fv2%2Fproduct_brand&post=6831"},{"taxonomy":"product_cat","embeddable":true,"href":"https:\/\/www.edesia.al\/index.php?rest_route=%2Fwp%2Fv2%2Fproduct_cat&post=6831"},{"taxonomy":"product_tag","embeddable":true,"href":"https:\/\/www.edesia.al\/index.php?rest_route=%2Fwp%2Fv2%2Fproduct_tag&post=6831"}],"curies":[{"name":"wp","href":"https:\/\/api.w.org\/{rel}","templated":true}]}}