{"id":6862,"date":"2026-02-16T21:11:03","date_gmt":"2026-02-16T21:11:03","guid":{"rendered":"https:\/\/www.edesia.al\/?post_type=product&#038;p=6862"},"modified":"2026-02-25T09:58:59","modified_gmt":"2026-02-25T09:58:59","slug":"pluhur-bar-gruri","status":"publish","type":"product","link":"https:\/\/www.edesia.al\/?product=pluhur-bar-gruri","title":{"rendered":"Pluhur Bar Gruri"},"content":{"rendered":"<h4>Pluhur Bar Gruri (200gr)<\/h4>\n<p>Pluhuri i Bar Grurit p\u00ebrftohet nga filizat jeshile t\u00eb grurit. N\u00eb shum\u00eb kultura \u00ebsht\u00eb p\u00ebrdorur si super ushqim p\u00ebr shkak t\u00eb vlerave t\u00eb larta ushqyese q\u00eb ka.<\/p>\n<p>P\u00ebrfitimet sh\u00ebndet\u00ebsore t\u00eb pluhurit t\u00eb bari t\u00eb grurit :<\/p>\n<ul>\n<li>P\u00ebrmir\u00ebsimin e tretjes dhe zvog\u00eblimin e rrezikut t\u00eb semundjeve t\u00eb traktit t\u00eb tretjes<\/li>\n<li>Kontrollin e niveleve t\u00eb sheqerit n\u00eb gjak dhe zvog\u00eblimin e rrezikut t\u00eb diabetit<\/li>\n<li>Ndihmon n\u00eb kontrollin e pesh\u00ebs dhe rritjen e sasis\u00eb s\u00eb energjis\u00eb<\/li>\n<li>Mb\u00ebshtet funksionimin e sistemit t\u00eb zemr\u00ebs dhe zvog\u00eblon rrezikun e s\u00ebmundjeve kardiovaskulare<\/li>\n<li>Ndihmon n\u00eb mbajtjen e niveleve t\u00eb tensionit t\u00eb gjakut n\u00ebn kontroll<\/li>\n<li>P\u00ebrmban antioksidant\u00eb q\u00eb ndihmojn\u00eb n\u00eb luftimin e inflamacionit dhe zvog\u00eblimin e rrezikut t\u00eb s\u00ebmundjeve inflamatore<\/li>\n<\/ul>\n","protected":false},"excerpt":{"rendered":"<p>Pluhur Bar Gruri (200gr) Pluhuri i Bar Grurit p\u00ebrftohet nga filizat jeshile t\u00eb grurit. N\u00eb shum\u00eb kultura \u00ebsht\u00eb p\u00ebrdorur si super ushqim p\u00ebr shkak t\u00eb vlerave t\u00eb larta ushqyese q\u00eb ka. P\u00ebrfitimet sh\u00ebndet\u00ebsore t\u00eb pluhurit t\u00eb bari t\u00eb grurit : P\u00ebrmir\u00ebsimin e tretjes dhe zvog\u00eblimin e rrezikut t\u00eb semundjeve t\u00eb traktit t\u00eb tretjes Kontrollin e[&#8230;]<\/p>\n","protected":false},"featured_media":6892,"comment_status":"open","ping_status":"closed","template":"","meta":{"_acf_changed":false,"inline_featured_image":false},"kategori-sipas-dietave":[89],"kategori-sipas-problemeve-shende":[83],"product_brand":[32],"product_cat":[28,80],"product_tag":[170],"class_list":{"0":"post-6862","1":"product","2":"type-product","3":"status-publish","4":"has-post-thumbnail","6":"kategori-sipas-dietave-vegan","7":"kategori-sipas-problemeve-shende-tretje-detox","8":"product_brand-bioagros","9":"product_cat-superfoods","10":"product_cat-suplemente-superfoods","11":"product_tag-gruri","13":"first","14":"instock","15":"taxable","16":"shipping-taxable","17":"purchasable","18":"product-type-simple"},"acf":[],"yoast_head":"<!-- This site is optimized with the Yoast SEO plugin v27.4 - https:\/\/yoast.com\/product\/yoast-seo-wordpress\/ -->\n<title>Pluhur Bar Gruri - Edesia<\/title>\n<meta name=\"robots\" content=\"index, follow, max-snippet:-1, max-image-preview:large, max-video-preview:-1\" \/>\n<link rel=\"canonical\" href=\"https:\/\/www.edesia.al\/?product=pluhur-bar-gruri\" \/>\n<meta property=\"og:locale\" content=\"en_US\" \/>\n<meta property=\"og:type\" content=\"article\" \/>\n<meta property=\"og:title\" content=\"Pluhur Bar Gruri - Edesia\" \/>\n<meta property=\"og:description\" content=\"Pluhur Bar Gruri (200gr) Pluhuri i Bar Grurit p\u00ebrftohet nga filizat jeshile t\u00eb grurit. N\u00eb shum\u00eb kultura \u00ebsht\u00eb p\u00ebrdorur si super ushqim p\u00ebr shkak t\u00eb vlerave t\u00eb larta ushqyese q\u00eb ka. P\u00ebrfitimet sh\u00ebndet\u00ebsore t\u00eb pluhurit t\u00eb bari t\u00eb grurit : P\u00ebrmir\u00ebsimin e tretjes dhe zvog\u00eblimin e rrezikut t\u00eb semundjeve t\u00eb traktit t\u00eb tretjes Kontrollin e[...]\" \/>\n<meta property=\"og:url\" content=\"https:\/\/www.edesia.al\/?product=pluhur-bar-gruri\" \/>\n<meta property=\"og:site_name\" content=\"Edesia\" \/>\n<meta property=\"article:modified_time\" content=\"2026-02-25T09:58:59+00:00\" \/>\n<meta property=\"og:image\" content=\"https:\/\/www.edesia.al\/wp-content\/uploads\/2026\/02\/Puder-Bar-Gruri-1.png\" \/>\n\t<meta property=\"og:image:width\" content=\"593\" \/>\n\t<meta property=\"og:image:height\" content=\"593\" \/>\n\t<meta property=\"og:image:type\" content=\"image\/png\" \/>\n<meta name=\"twitter:card\" content=\"summary_large_image\" \/>\n<meta name=\"twitter:label1\" content=\"Est. reading time\" \/>\n\t<meta name=\"twitter:data1\" content=\"1 minute\" \/>\n<script type=\"application\/ld+json\" class=\"yoast-schema-graph\">{\"@context\":\"https:\\\/\\\/schema.org\",\"@graph\":[{\"@type\":\"WebPage\",\"@id\":\"https:\\\/\\\/www.edesia.al\\\/?product=pluhur-bar-gruri\",\"url\":\"https:\\\/\\\/www.edesia.al\\\/?product=pluhur-bar-gruri\",\"name\":\"Pluhur Bar Gruri - Edesia\",\"isPartOf\":{\"@id\":\"https:\\\/\\\/www.edesia.al\\\/#website\"},\"primaryImageOfPage\":{\"@id\":\"https:\\\/\\\/www.edesia.al\\\/?product=pluhur-bar-gruri#primaryimage\"},\"image\":{\"@id\":\"https:\\\/\\\/www.edesia.al\\\/?product=pluhur-bar-gruri#primaryimage\"},\"thumbnailUrl\":\"https:\\\/\\\/www.edesia.al\\\/wp-content\\\/uploads\\\/2026\\\/02\\\/Puder-Bar-Gruri-1.png\",\"datePublished\":\"2026-02-16T21:11:03+00:00\",\"dateModified\":\"2026-02-25T09:58:59+00:00\",\"breadcrumb\":{\"@id\":\"https:\\\/\\\/www.edesia.al\\\/?product=pluhur-bar-gruri#breadcrumb\"},\"inLanguage\":\"en-US\",\"potentialAction\":[{\"@type\":\"ReadAction\",\"target\":[\"https:\\\/\\\/www.edesia.al\\\/?product=pluhur-bar-gruri\"]}]},{\"@type\":\"ImageObject\",\"inLanguage\":\"en-US\",\"@id\":\"https:\\\/\\\/www.edesia.al\\\/?product=pluhur-bar-gruri#primaryimage\",\"url\":\"https:\\\/\\\/www.edesia.al\\\/wp-content\\\/uploads\\\/2026\\\/02\\\/Puder-Bar-Gruri-1.png\",\"contentUrl\":\"https:\\\/\\\/www.edesia.al\\\/wp-content\\\/uploads\\\/2026\\\/02\\\/Puder-Bar-Gruri-1.png\",\"width\":593,\"height\":593},{\"@type\":\"BreadcrumbList\",\"@id\":\"https:\\\/\\\/www.edesia.al\\\/?product=pluhur-bar-gruri#breadcrumb\",\"itemListElement\":[{\"@type\":\"ListItem\",\"position\":1,\"name\":\"Home\",\"item\":\"https:\\\/\\\/www.edesia.al\\\/\"},{\"@type\":\"ListItem\",\"position\":2,\"name\":\"Dyqani\",\"item\":\"https:\\\/\\\/www.edesia.al\\\/?page_id=17\"},{\"@type\":\"ListItem\",\"position\":3,\"name\":\"Pluhur Bar Gruri\"}]},{\"@type\":\"WebSite\",\"@id\":\"https:\\\/\\\/www.edesia.al\\\/#website\",\"url\":\"https:\\\/\\\/www.edesia.al\\\/\",\"name\":\"Edesia\",\"description\":\"\",\"publisher\":{\"@id\":\"https:\\\/\\\/www.edesia.al\\\/#organization\"},\"potentialAction\":[{\"@type\":\"SearchAction\",\"target\":{\"@type\":\"EntryPoint\",\"urlTemplate\":\"https:\\\/\\\/www.edesia.al\\\/?s={search_term_string}\"},\"query-input\":{\"@type\":\"PropertyValueSpecification\",\"valueRequired\":true,\"valueName\":\"search_term_string\"}}],\"inLanguage\":\"en-US\"},{\"@type\":\"Organization\",\"@id\":\"https:\\\/\\\/www.edesia.al\\\/#organization\",\"name\":\"Edesia\",\"url\":\"https:\\\/\\\/www.edesia.al\\\/\",\"logo\":{\"@type\":\"ImageObject\",\"inLanguage\":\"en-US\",\"@id\":\"https:\\\/\\\/www.edesia.al\\\/#\\\/schema\\\/logo\\\/image\\\/\",\"url\":\"https:\\\/\\\/www.edesia.al\\\/wp-content\\\/uploads\\\/2026\\\/02\\\/Logo-Edesia-no-background.png\",\"contentUrl\":\"https:\\\/\\\/www.edesia.al\\\/wp-content\\\/uploads\\\/2026\\\/02\\\/Logo-Edesia-no-background.png\",\"width\":293,\"height\":158,\"caption\":\"Edesia\"},\"image\":{\"@id\":\"https:\\\/\\\/www.edesia.al\\\/#\\\/schema\\\/logo\\\/image\\\/\"}}]}<\/script>\n<!-- \/ Yoast SEO plugin. -->","yoast_head_json":{"title":"Pluhur Bar Gruri - Edesia","robots":{"index":"index","follow":"follow","max-snippet":"max-snippet:-1","max-image-preview":"max-image-preview:large","max-video-preview":"max-video-preview:-1"},"canonical":"https:\/\/www.edesia.al\/?product=pluhur-bar-gruri","og_locale":"en_US","og_type":"article","og_title":"Pluhur Bar Gruri - Edesia","og_description":"Pluhur Bar Gruri (200gr) Pluhuri i Bar Grurit p\u00ebrftohet nga filizat jeshile t\u00eb grurit. N\u00eb shum\u00eb kultura \u00ebsht\u00eb p\u00ebrdorur si super ushqim p\u00ebr shkak t\u00eb vlerave t\u00eb larta ushqyese q\u00eb ka. P\u00ebrfitimet sh\u00ebndet\u00ebsore t\u00eb pluhurit t\u00eb bari t\u00eb grurit : P\u00ebrmir\u00ebsimin e tretjes dhe zvog\u00eblimin e rrezikut t\u00eb semundjeve t\u00eb traktit t\u00eb tretjes Kontrollin e[...]","og_url":"https:\/\/www.edesia.al\/?product=pluhur-bar-gruri","og_site_name":"Edesia","article_modified_time":"2026-02-25T09:58:59+00:00","og_image":[{"width":593,"height":593,"url":"https:\/\/www.edesia.al\/wp-content\/uploads\/2026\/02\/Puder-Bar-Gruri-1.png","type":"image\/png"}],"twitter_card":"summary_large_image","twitter_misc":{"Est. reading time":"1 minute"},"schema":{"@context":"https:\/\/schema.org","@graph":[{"@type":"WebPage","@id":"https:\/\/www.edesia.al\/?product=pluhur-bar-gruri","url":"https:\/\/www.edesia.al\/?product=pluhur-bar-gruri","name":"Pluhur Bar Gruri - Edesia","isPartOf":{"@id":"https:\/\/www.edesia.al\/#website"},"primaryImageOfPage":{"@id":"https:\/\/www.edesia.al\/?product=pluhur-bar-gruri#primaryimage"},"image":{"@id":"https:\/\/www.edesia.al\/?product=pluhur-bar-gruri#primaryimage"},"thumbnailUrl":"https:\/\/www.edesia.al\/wp-content\/uploads\/2026\/02\/Puder-Bar-Gruri-1.png","datePublished":"2026-02-16T21:11:03+00:00","dateModified":"2026-02-25T09:58:59+00:00","breadcrumb":{"@id":"https:\/\/www.edesia.al\/?product=pluhur-bar-gruri#breadcrumb"},"inLanguage":"en-US","potentialAction":[{"@type":"ReadAction","target":["https:\/\/www.edesia.al\/?product=pluhur-bar-gruri"]}]},{"@type":"ImageObject","inLanguage":"en-US","@id":"https:\/\/www.edesia.al\/?product=pluhur-bar-gruri#primaryimage","url":"https:\/\/www.edesia.al\/wp-content\/uploads\/2026\/02\/Puder-Bar-Gruri-1.png","contentUrl":"https:\/\/www.edesia.al\/wp-content\/uploads\/2026\/02\/Puder-Bar-Gruri-1.png","width":593,"height":593},{"@type":"BreadcrumbList","@id":"https:\/\/www.edesia.al\/?product=pluhur-bar-gruri#breadcrumb","itemListElement":[{"@type":"ListItem","position":1,"name":"Home","item":"https:\/\/www.edesia.al\/"},{"@type":"ListItem","position":2,"name":"Dyqani","item":"https:\/\/www.edesia.al\/?page_id=17"},{"@type":"ListItem","position":3,"name":"Pluhur Bar Gruri"}]},{"@type":"WebSite","@id":"https:\/\/www.edesia.al\/#website","url":"https:\/\/www.edesia.al\/","name":"Edesia","description":"","publisher":{"@id":"https:\/\/www.edesia.al\/#organization"},"potentialAction":[{"@type":"SearchAction","target":{"@type":"EntryPoint","urlTemplate":"https:\/\/www.edesia.al\/?s={search_term_string}"},"query-input":{"@type":"PropertyValueSpecification","valueRequired":true,"valueName":"search_term_string"}}],"inLanguage":"en-US"},{"@type":"Organization","@id":"https:\/\/www.edesia.al\/#organization","name":"Edesia","url":"https:\/\/www.edesia.al\/","logo":{"@type":"ImageObject","inLanguage":"en-US","@id":"https:\/\/www.edesia.al\/#\/schema\/logo\/image\/","url":"https:\/\/www.edesia.al\/wp-content\/uploads\/2026\/02\/Logo-Edesia-no-background.png","contentUrl":"https:\/\/www.edesia.al\/wp-content\/uploads\/2026\/02\/Logo-Edesia-no-background.png","width":293,"height":158,"caption":"Edesia"},"image":{"@id":"https:\/\/www.edesia.al\/#\/schema\/logo\/image\/"}}]}},"_links":{"self":[{"href":"https:\/\/www.edesia.al\/index.php?rest_route=\/wp\/v2\/product\/6862","targetHints":{"allow":["GET"]}}],"collection":[{"href":"https:\/\/www.edesia.al\/index.php?rest_route=\/wp\/v2\/product"}],"about":[{"href":"https:\/\/www.edesia.al\/index.php?rest_route=\/wp\/v2\/types\/product"}],"replies":[{"embeddable":true,"href":"https:\/\/www.edesia.al\/index.php?rest_route=%2Fwp%2Fv2%2Fcomments&post=6862"}],"wp:featuredmedia":[{"embeddable":true,"href":"https:\/\/www.edesia.al\/index.php?rest_route=\/wp\/v2\/media\/6892"}],"wp:attachment":[{"href":"https:\/\/www.edesia.al\/index.php?rest_route=%2Fwp%2Fv2%2Fmedia&parent=6862"}],"wp:term":[{"taxonomy":"kategori-sipas-dietave","embeddable":true,"href":"https:\/\/www.edesia.al\/index.php?rest_route=%2Fwp%2Fv2%2Fkategori-sipas-dietave&post=6862"},{"taxonomy":"kategori-sipas-problemeve-shende","embeddable":true,"href":"https:\/\/www.edesia.al\/index.php?rest_route=%2Fwp%2Fv2%2Fkategori-sipas-problemeve-shende&post=6862"},{"taxonomy":"product_brand","embeddable":true,"href":"https:\/\/www.edesia.al\/index.php?rest_route=%2Fwp%2Fv2%2Fproduct_brand&post=6862"},{"taxonomy":"product_cat","embeddable":true,"href":"https:\/\/www.edesia.al\/index.php?rest_route=%2Fwp%2Fv2%2Fproduct_cat&post=6862"},{"taxonomy":"product_tag","embeddable":true,"href":"https:\/\/www.edesia.al\/index.php?rest_route=%2Fwp%2Fv2%2Fproduct_tag&post=6862"}],"curies":[{"name":"wp","href":"https:\/\/api.w.org\/{rel}","templated":true}]}}