{"id":6983,"date":"2026-02-16T21:11:55","date_gmt":"2026-02-16T21:11:55","guid":{"rendered":"https:\/\/www.edesia.al\/?post_type=product&#038;p=6983"},"modified":"2026-02-25T10:51:17","modified_gmt":"2026-02-25T10:51:17","slug":"leng-aloe-vera-barbadenisis-miller","status":"publish","type":"product","link":"https:\/\/www.edesia.al\/?product=leng-aloe-vera-barbadenisis-miller","title":{"rendered":"L\u00ebng Aloe Vera ( Barbadenisis Miller)"},"content":{"rendered":"<p>L\u00ebng Aloe Vera ( Barbadenisis Miller) 1l<\/p>\n<div class=\"flex-1 overflow-hidden\">\n<div class=\"react-scroll-to-bottom--css-uoapg-79elbk h-full\">\n<div class=\"react-scroll-to-bottom--css-uoapg-1n7m0yu\">\n<div class=\"flex flex-col text-sm gizmo:pb-9 dark:bg-gray-800 gizmo:dark:bg-transparent\">\n<div class=\"group w-full text-token-text-primary border-b border-black\/10 gizmo:border-0 dark:border-gray-900\/50 gizmo:dark:border-0 bg-gray-50 gizmo:bg-transparent dark:bg-[#444654] gizmo:dark:bg-transparent\" data-testid=\"conversation-turn-13\">\n<div class=\"p-4 gizmo:py-2 justify-center text-base md:gap-6 md:py-6 m-auto\">\n<div class=\"flex flex-1 gap-4 text-base mx-auto md:gap-6 gizmo:gap-3 gizmo:md:px-5 gizmo:lg:px-1 gizmo:xl:px-5 md:max-w-2xl lg:max-w-[38rem] gizmo:md:max-w-3xl gizmo:lg:max-w-[40rem] gizmo:xl:max-w-[48rem] xl:max-w-3xl }\">\n<div class=\"relative flex w-[calc(100%-50px)] flex-col gizmo:w-full lg:w-[calc(100%-115px)] agent-turn\">\n<div class=\"flex-col gap-1 md:gap-3\">\n<div class=\"flex flex-grow flex-col max-w-full gap-3 gizmo:gap-0\">\n<div class=\"min-h-[20px] flex flex-col items-start gap-3 whitespace-pre-wrap break-words overflow-x-auto\" data-message-author-role=\"assistant\" data-message-id=\"9786bd90-b192-486e-8ed2-d7e3034eaf07\">\n<div class=\"markdown prose w-full break-words dark:prose-invert light\">\n<p>Konsumimi i l\u00ebngut t\u00eb Aloe Vera (Aloe barbadensis miller) \u00ebsht\u00eb nj\u00eb m\u00ebnyre natyrale p\u00ebr t\u00eb detoksifikuar trupin.<\/p>\n<h4>Disa nga benefite kryesore t\u00eb konsumimit t\u00eb l\u00ebngut t\u00eb Aloe Vera p\u00ebrfshijn\u00eb:<\/h4>\n<ul>\n<li>L\u00ebngu i Aloe Vera p\u00ebrmban anti-inflamatore natyrale q\u00eb mund t\u00eb ndihmojn\u00eb n\u00eb zvog\u00eblimin e inflamacionit n\u00eb trup, duke p\u00ebrfshir\u00eb inflamacionin e zorr\u00ebve.<\/li>\n<li>\u00a0Aloe Vera p\u00ebrmban vitamin\u00ebn C dhe E, si dhe acid folik, t\u00eb cilat mund t\u00eb ndihmojn\u00eb n\u00eb forcimin e sistemit imunitar.<\/li>\n<li>Konsumimi i l\u00ebngut t\u00eb Aloe Vera mund t\u00eb ndihmoj\u00eb n\u00eb mbrojtjen e sh\u00ebndetit t\u00eb zorr\u00ebve dhe mund t\u00eb p\u00ebrdoret p\u00ebr t\u00eb trajtuar probleme t\u00eb tilla si sindroma e zorr\u00ebve t\u00eb irrituar ose kapsll\u00ebk.<\/li>\n<li>\u00a0Ka disa hulumtime t\u00eb vogla q\u00eb sugjerojn\u00eb se Aloe Vera mund t\u00eb ndihmoj\u00eb n\u00eb uljen e niveleve t\u00eb sheqerit n\u00eb gjak, por k\u00ebrkohet m\u00eb shum\u00eb k\u00ebrkim p\u00ebr t\u00eb verifikuar k\u00ebt\u00eb.<\/li>\n<li>\u00a0Konsumimi i l\u00ebngut t\u00eb Aloe Vera mund t\u00eb ndihmoj\u00eb n\u00eb p\u00ebrmir\u00ebsimin e sh\u00ebndetit t\u00eb l\u00ebkur\u00ebs nga brenda, duke p\u00ebrfshir\u00eb zvog\u00eblimin e akn\u00ebs dhe rrudhave.<\/li>\n<\/ul>\n<p>P\u00ebr t\u00eb konsumuar l\u00ebngun e Aloe Vera me siguri, \u00ebsht\u00eb e r\u00ebnd\u00ebsishme t\u00eb kujdeseni p\u00ebr doz\u00ebn dhe t\u00eb ndiqni k\u00ebshillat e ekspert\u00ebve. N\u00ebse nuk jeni i sigurt p\u00ebr doz\u00ebn e duhur ose keni ndonj\u00eb shqet\u00ebsim sh\u00ebndet\u00ebsor, konsultohuni me nj\u00eb mjek para se t\u00eb filloni p\u00ebrdorimin e l\u00ebngut t\u00eb Aloe Vera. Gjithashtu, sigurohuni q\u00eb t\u00eb p\u00ebrdorni l\u00ebng t\u00eb cilin e keni t\u00eb past\u00ebr, 100% organic, te \u00e7ertifkuar.<\/p>\n<\/div>\n<\/div>\n<\/div>\n<\/div>\n<\/div>\n<\/div>\n<\/div>\n<\/div>\n<\/div>\n<\/div>\n<\/div>\n<\/div>\n","protected":false},"excerpt":{"rendered":"<p>L\u00ebng Aloe Vera ( Barbadenisis Miller) 1l Konsumimi i l\u00ebngut t\u00eb Aloe Vera (Aloe barbadensis miller) \u00ebsht\u00eb nj\u00eb m\u00ebnyre natyrale p\u00ebr t\u00eb detoksifikuar trupin. Disa nga benefite kryesore t\u00eb konsumimit t\u00eb l\u00ebngut t\u00eb Aloe Vera p\u00ebrfshijn\u00eb: L\u00ebngu i Aloe Vera p\u00ebrmban anti-inflamatore natyrale q\u00eb mund t\u00eb ndihmojn\u00eb n\u00eb zvog\u00eblimin e inflamacionit n\u00eb trup, duke p\u00ebrfshir\u00eb[&#8230;]<\/p>\n","protected":false},"featured_media":7038,"comment_status":"open","ping_status":"closed","template":"","meta":{"_acf_changed":false,"inline_featured_image":false},"kategori-sipas-dietave":[89],"kategori-sipas-problemeve-shende":[83],"product_brand":[32],"product_cat":[38,26],"product_tag":[],"class_list":{"0":"post-6983","1":"product","2":"type-product","3":"status-publish","4":"has-post-thumbnail","6":"kategori-sipas-dietave-vegan","7":"kategori-sipas-problemeve-shende-tretje-detox","8":"product_brand-bioagros","9":"product_cat-uje-dhe-lengje-ushqime-bio","10":"product_cat-ushqime-bio","12":"first","13":"instock","14":"taxable","15":"shipping-taxable","16":"purchasable","17":"product-type-simple"},"acf":[],"yoast_head":"<!-- This site is optimized with the Yoast SEO plugin v27.4 - https:\/\/yoast.com\/product\/yoast-seo-wordpress\/ -->\n<title>L\u00ebng Aloe Vera ( Barbadenisis Miller) - Edesia<\/title>\n<meta name=\"robots\" content=\"index, follow, max-snippet:-1, max-image-preview:large, max-video-preview:-1\" \/>\n<link rel=\"canonical\" href=\"https:\/\/www.edesia.al\/?product=leng-aloe-vera-barbadenisis-miller\" \/>\n<meta property=\"og:locale\" content=\"en_US\" \/>\n<meta property=\"og:type\" content=\"article\" \/>\n<meta property=\"og:title\" content=\"L\u00ebng Aloe Vera ( Barbadenisis Miller) - Edesia\" \/>\n<meta property=\"og:description\" content=\"L\u00ebng Aloe Vera ( Barbadenisis Miller) 1l Konsumimi i l\u00ebngut t\u00eb Aloe Vera (Aloe barbadensis miller) \u00ebsht\u00eb nj\u00eb m\u00ebnyre natyrale p\u00ebr t\u00eb detoksifikuar trupin. Disa nga benefite kryesore t\u00eb konsumimit t\u00eb l\u00ebngut t\u00eb Aloe Vera p\u00ebrfshijn\u00eb: L\u00ebngu i Aloe Vera p\u00ebrmban anti-inflamatore natyrale q\u00eb mund t\u00eb ndihmojn\u00eb n\u00eb zvog\u00eblimin e inflamacionit n\u00eb trup, duke p\u00ebrfshir\u00eb[...]\" \/>\n<meta property=\"og:url\" content=\"https:\/\/www.edesia.al\/?product=leng-aloe-vera-barbadenisis-miller\" \/>\n<meta property=\"og:site_name\" content=\"Edesia\" \/>\n<meta property=\"article:modified_time\" content=\"2026-02-25T10:51:17+00:00\" \/>\n<meta property=\"og:image\" content=\"https:\/\/www.edesia.al\/wp-content\/uploads\/2026\/02\/Aloe-Vera-1.png\" \/>\n\t<meta property=\"og:image:width\" content=\"535\" \/>\n\t<meta property=\"og:image:height\" content=\"535\" \/>\n\t<meta property=\"og:image:type\" content=\"image\/png\" \/>\n<meta name=\"twitter:card\" content=\"summary_large_image\" \/>\n<meta name=\"twitter:label1\" content=\"Est. reading time\" \/>\n\t<meta name=\"twitter:data1\" content=\"1 minute\" \/>\n<script type=\"application\/ld+json\" class=\"yoast-schema-graph\">{\"@context\":\"https:\\\/\\\/schema.org\",\"@graph\":[{\"@type\":\"WebPage\",\"@id\":\"https:\\\/\\\/www.edesia.al\\\/?product=leng-aloe-vera-barbadenisis-miller\",\"url\":\"https:\\\/\\\/www.edesia.al\\\/?product=leng-aloe-vera-barbadenisis-miller\",\"name\":\"L\u00ebng Aloe Vera ( Barbadenisis Miller) - Edesia\",\"isPartOf\":{\"@id\":\"https:\\\/\\\/www.edesia.al\\\/#website\"},\"primaryImageOfPage\":{\"@id\":\"https:\\\/\\\/www.edesia.al\\\/?product=leng-aloe-vera-barbadenisis-miller#primaryimage\"},\"image\":{\"@id\":\"https:\\\/\\\/www.edesia.al\\\/?product=leng-aloe-vera-barbadenisis-miller#primaryimage\"},\"thumbnailUrl\":\"https:\\\/\\\/www.edesia.al\\\/wp-content\\\/uploads\\\/2026\\\/02\\\/Aloe-Vera-1.png\",\"datePublished\":\"2026-02-16T21:11:55+00:00\",\"dateModified\":\"2026-02-25T10:51:17+00:00\",\"breadcrumb\":{\"@id\":\"https:\\\/\\\/www.edesia.al\\\/?product=leng-aloe-vera-barbadenisis-miller#breadcrumb\"},\"inLanguage\":\"en-US\",\"potentialAction\":[{\"@type\":\"ReadAction\",\"target\":[\"https:\\\/\\\/www.edesia.al\\\/?product=leng-aloe-vera-barbadenisis-miller\"]}]},{\"@type\":\"ImageObject\",\"inLanguage\":\"en-US\",\"@id\":\"https:\\\/\\\/www.edesia.al\\\/?product=leng-aloe-vera-barbadenisis-miller#primaryimage\",\"url\":\"https:\\\/\\\/www.edesia.al\\\/wp-content\\\/uploads\\\/2026\\\/02\\\/Aloe-Vera-1.png\",\"contentUrl\":\"https:\\\/\\\/www.edesia.al\\\/wp-content\\\/uploads\\\/2026\\\/02\\\/Aloe-Vera-1.png\",\"width\":535,\"height\":535},{\"@type\":\"BreadcrumbList\",\"@id\":\"https:\\\/\\\/www.edesia.al\\\/?product=leng-aloe-vera-barbadenisis-miller#breadcrumb\",\"itemListElement\":[{\"@type\":\"ListItem\",\"position\":1,\"name\":\"Home\",\"item\":\"https:\\\/\\\/www.edesia.al\\\/\"},{\"@type\":\"ListItem\",\"position\":2,\"name\":\"Dyqani\",\"item\":\"https:\\\/\\\/www.edesia.al\\\/?page_id=17\"},{\"@type\":\"ListItem\",\"position\":3,\"name\":\"L\u00ebng Aloe Vera ( Barbadenisis Miller)\"}]},{\"@type\":\"WebSite\",\"@id\":\"https:\\\/\\\/www.edesia.al\\\/#website\",\"url\":\"https:\\\/\\\/www.edesia.al\\\/\",\"name\":\"Edesia\",\"description\":\"\",\"publisher\":{\"@id\":\"https:\\\/\\\/www.edesia.al\\\/#organization\"},\"potentialAction\":[{\"@type\":\"SearchAction\",\"target\":{\"@type\":\"EntryPoint\",\"urlTemplate\":\"https:\\\/\\\/www.edesia.al\\\/?s={search_term_string}\"},\"query-input\":{\"@type\":\"PropertyValueSpecification\",\"valueRequired\":true,\"valueName\":\"search_term_string\"}}],\"inLanguage\":\"en-US\"},{\"@type\":\"Organization\",\"@id\":\"https:\\\/\\\/www.edesia.al\\\/#organization\",\"name\":\"Edesia\",\"url\":\"https:\\\/\\\/www.edesia.al\\\/\",\"logo\":{\"@type\":\"ImageObject\",\"inLanguage\":\"en-US\",\"@id\":\"https:\\\/\\\/www.edesia.al\\\/#\\\/schema\\\/logo\\\/image\\\/\",\"url\":\"https:\\\/\\\/www.edesia.al\\\/wp-content\\\/uploads\\\/2026\\\/02\\\/Logo-Edesia-no-background.png\",\"contentUrl\":\"https:\\\/\\\/www.edesia.al\\\/wp-content\\\/uploads\\\/2026\\\/02\\\/Logo-Edesia-no-background.png\",\"width\":293,\"height\":158,\"caption\":\"Edesia\"},\"image\":{\"@id\":\"https:\\\/\\\/www.edesia.al\\\/#\\\/schema\\\/logo\\\/image\\\/\"}}]}<\/script>\n<!-- \/ Yoast SEO plugin. -->","yoast_head_json":{"title":"L\u00ebng Aloe Vera ( Barbadenisis Miller) - Edesia","robots":{"index":"index","follow":"follow","max-snippet":"max-snippet:-1","max-image-preview":"max-image-preview:large","max-video-preview":"max-video-preview:-1"},"canonical":"https:\/\/www.edesia.al\/?product=leng-aloe-vera-barbadenisis-miller","og_locale":"en_US","og_type":"article","og_title":"L\u00ebng Aloe Vera ( Barbadenisis Miller) - Edesia","og_description":"L\u00ebng Aloe Vera ( Barbadenisis Miller) 1l Konsumimi i l\u00ebngut t\u00eb Aloe Vera (Aloe barbadensis miller) \u00ebsht\u00eb nj\u00eb m\u00ebnyre natyrale p\u00ebr t\u00eb detoksifikuar trupin. Disa nga benefite kryesore t\u00eb konsumimit t\u00eb l\u00ebngut t\u00eb Aloe Vera p\u00ebrfshijn\u00eb: L\u00ebngu i Aloe Vera p\u00ebrmban anti-inflamatore natyrale q\u00eb mund t\u00eb ndihmojn\u00eb n\u00eb zvog\u00eblimin e inflamacionit n\u00eb trup, duke p\u00ebrfshir\u00eb[...]","og_url":"https:\/\/www.edesia.al\/?product=leng-aloe-vera-barbadenisis-miller","og_site_name":"Edesia","article_modified_time":"2026-02-25T10:51:17+00:00","og_image":[{"width":535,"height":535,"url":"https:\/\/www.edesia.al\/wp-content\/uploads\/2026\/02\/Aloe-Vera-1.png","type":"image\/png"}],"twitter_card":"summary_large_image","twitter_misc":{"Est. reading time":"1 minute"},"schema":{"@context":"https:\/\/schema.org","@graph":[{"@type":"WebPage","@id":"https:\/\/www.edesia.al\/?product=leng-aloe-vera-barbadenisis-miller","url":"https:\/\/www.edesia.al\/?product=leng-aloe-vera-barbadenisis-miller","name":"L\u00ebng Aloe Vera ( Barbadenisis Miller) - Edesia","isPartOf":{"@id":"https:\/\/www.edesia.al\/#website"},"primaryImageOfPage":{"@id":"https:\/\/www.edesia.al\/?product=leng-aloe-vera-barbadenisis-miller#primaryimage"},"image":{"@id":"https:\/\/www.edesia.al\/?product=leng-aloe-vera-barbadenisis-miller#primaryimage"},"thumbnailUrl":"https:\/\/www.edesia.al\/wp-content\/uploads\/2026\/02\/Aloe-Vera-1.png","datePublished":"2026-02-16T21:11:55+00:00","dateModified":"2026-02-25T10:51:17+00:00","breadcrumb":{"@id":"https:\/\/www.edesia.al\/?product=leng-aloe-vera-barbadenisis-miller#breadcrumb"},"inLanguage":"en-US","potentialAction":[{"@type":"ReadAction","target":["https:\/\/www.edesia.al\/?product=leng-aloe-vera-barbadenisis-miller"]}]},{"@type":"ImageObject","inLanguage":"en-US","@id":"https:\/\/www.edesia.al\/?product=leng-aloe-vera-barbadenisis-miller#primaryimage","url":"https:\/\/www.edesia.al\/wp-content\/uploads\/2026\/02\/Aloe-Vera-1.png","contentUrl":"https:\/\/www.edesia.al\/wp-content\/uploads\/2026\/02\/Aloe-Vera-1.png","width":535,"height":535},{"@type":"BreadcrumbList","@id":"https:\/\/www.edesia.al\/?product=leng-aloe-vera-barbadenisis-miller#breadcrumb","itemListElement":[{"@type":"ListItem","position":1,"name":"Home","item":"https:\/\/www.edesia.al\/"},{"@type":"ListItem","position":2,"name":"Dyqani","item":"https:\/\/www.edesia.al\/?page_id=17"},{"@type":"ListItem","position":3,"name":"L\u00ebng Aloe Vera ( Barbadenisis Miller)"}]},{"@type":"WebSite","@id":"https:\/\/www.edesia.al\/#website","url":"https:\/\/www.edesia.al\/","name":"Edesia","description":"","publisher":{"@id":"https:\/\/www.edesia.al\/#organization"},"potentialAction":[{"@type":"SearchAction","target":{"@type":"EntryPoint","urlTemplate":"https:\/\/www.edesia.al\/?s={search_term_string}"},"query-input":{"@type":"PropertyValueSpecification","valueRequired":true,"valueName":"search_term_string"}}],"inLanguage":"en-US"},{"@type":"Organization","@id":"https:\/\/www.edesia.al\/#organization","name":"Edesia","url":"https:\/\/www.edesia.al\/","logo":{"@type":"ImageObject","inLanguage":"en-US","@id":"https:\/\/www.edesia.al\/#\/schema\/logo\/image\/","url":"https:\/\/www.edesia.al\/wp-content\/uploads\/2026\/02\/Logo-Edesia-no-background.png","contentUrl":"https:\/\/www.edesia.al\/wp-content\/uploads\/2026\/02\/Logo-Edesia-no-background.png","width":293,"height":158,"caption":"Edesia"},"image":{"@id":"https:\/\/www.edesia.al\/#\/schema\/logo\/image\/"}}]}},"_links":{"self":[{"href":"https:\/\/www.edesia.al\/index.php?rest_route=\/wp\/v2\/product\/6983","targetHints":{"allow":["GET"]}}],"collection":[{"href":"https:\/\/www.edesia.al\/index.php?rest_route=\/wp\/v2\/product"}],"about":[{"href":"https:\/\/www.edesia.al\/index.php?rest_route=\/wp\/v2\/types\/product"}],"replies":[{"embeddable":true,"href":"https:\/\/www.edesia.al\/index.php?rest_route=%2Fwp%2Fv2%2Fcomments&post=6983"}],"wp:featuredmedia":[{"embeddable":true,"href":"https:\/\/www.edesia.al\/index.php?rest_route=\/wp\/v2\/media\/7038"}],"wp:attachment":[{"href":"https:\/\/www.edesia.al\/index.php?rest_route=%2Fwp%2Fv2%2Fmedia&parent=6983"}],"wp:term":[{"taxonomy":"kategori-sipas-dietave","embeddable":true,"href":"https:\/\/www.edesia.al\/index.php?rest_route=%2Fwp%2Fv2%2Fkategori-sipas-dietave&post=6983"},{"taxonomy":"kategori-sipas-problemeve-shende","embeddable":true,"href":"https:\/\/www.edesia.al\/index.php?rest_route=%2Fwp%2Fv2%2Fkategori-sipas-problemeve-shende&post=6983"},{"taxonomy":"product_brand","embeddable":true,"href":"https:\/\/www.edesia.al\/index.php?rest_route=%2Fwp%2Fv2%2Fproduct_brand&post=6983"},{"taxonomy":"product_cat","embeddable":true,"href":"https:\/\/www.edesia.al\/index.php?rest_route=%2Fwp%2Fv2%2Fproduct_cat&post=6983"},{"taxonomy":"product_tag","embeddable":true,"href":"https:\/\/www.edesia.al\/index.php?rest_route=%2Fwp%2Fv2%2Fproduct_tag&post=6983"}],"curies":[{"name":"wp","href":"https:\/\/api.w.org\/{rel}","templated":true}]}}