{"id":7064,"date":"2026-02-16T21:12:42","date_gmt":"2026-02-16T21:12:42","guid":{"rendered":"https:\/\/www.edesia.al\/?post_type=product&#038;p=7064"},"modified":"2026-02-25T11:28:50","modified_gmt":"2026-02-25T11:28:50","slug":"vanilje-organike-bourbon","status":"publish","type":"product","link":"https:\/\/www.edesia.al\/?product=vanilje-organike-bourbon","title":{"rendered":"Vanilje Organike (Bourbon)"},"content":{"rendered":"<h3>Vanilje Organike (Bourbon) 5g<\/h3>\n<p>Vanilja Bourbon Organike e ka origjin\u00ebn nga zonat e larta rreth Oqeanit Indian, kryesisht nga Madagaskari. Vanilja\u00a0 ka nj\u00eb shije dhe arom\u00eb t\u00eb k\u00ebndshme. Si nj\u00eb er\u00ebz e \u00ebmb\u00ebl, ajo p\u00ebrdoret n\u00eb \u00ebmb\u00eblsira, kek, pije me \u00e7okollat\u00eb, krem\u00ebra t\u00eb \u00ebmb\u00ebl, si dhe n\u00eb receta t\u00eb ndryshme.<\/p>\n","protected":false},"excerpt":{"rendered":"<p>Vanilje Organike (Bourbon) 5g Vanilja Bourbon Organike e ka origjin\u00ebn nga zonat e larta rreth Oqeanit Indian, kryesisht nga Madagaskari. Vanilja\u00a0 ka nj\u00eb shije dhe arom\u00eb t\u00eb k\u00ebndshme. Si nj\u00eb er\u00ebz e \u00ebmb\u00ebl, ajo p\u00ebrdoret n\u00eb \u00ebmb\u00eblsira, kek, pije me \u00e7okollat\u00eb, krem\u00ebra t\u00eb \u00ebmb\u00ebl, si dhe n\u00eb receta t\u00eb ndryshme.<\/p>\n","protected":false},"featured_media":7093,"comment_status":"open","ping_status":"closed","template":"","meta":{"_acf_changed":false,"inline_featured_image":false},"kategori-sipas-dietave":[95],"kategori-sipas-problemeve-shende":[88],"product_brand":[32],"product_cat":[30,26],"product_tag":[],"class_list":{"0":"post-7064","1":"product","2":"type-product","3":"status-publish","4":"has-post-thumbnail","6":"kategori-sipas-dietave-pa-gluten","7":"kategori-sipas-problemeve-shende-gluten-free-celiak-alergjik","8":"product_brand-bioagros","9":"product_cat-embelsues-natyral","10":"product_cat-ushqime-bio","12":"first","13":"instock","14":"taxable","15":"shipping-taxable","16":"purchasable","17":"product-type-simple"},"acf":[],"yoast_head":"<!-- This site is optimized with the Yoast SEO plugin v27.4 - https:\/\/yoast.com\/product\/yoast-seo-wordpress\/ -->\n<title>Vanilje Organike (Bourbon) - Edesia<\/title>\n<meta name=\"robots\" content=\"index, follow, max-snippet:-1, max-image-preview:large, max-video-preview:-1\" \/>\n<link rel=\"canonical\" href=\"https:\/\/www.edesia.al\/?product=vanilje-organike-bourbon\" \/>\n<meta property=\"og:locale\" content=\"en_US\" \/>\n<meta property=\"og:type\" content=\"article\" \/>\n<meta property=\"og:title\" content=\"Vanilje Organike (Bourbon) - Edesia\" \/>\n<meta property=\"og:description\" content=\"Vanilje Organike (Bourbon) 5g Vanilja Bourbon Organike e ka origjin\u00ebn nga zonat e larta rreth Oqeanit Indian, kryesisht nga Madagaskari. Vanilja\u00a0 ka nj\u00eb shije dhe arom\u00eb t\u00eb k\u00ebndshme. Si nj\u00eb er\u00ebz e \u00ebmb\u00ebl, ajo p\u00ebrdoret n\u00eb \u00ebmb\u00eblsira, kek, pije me \u00e7okollat\u00eb, krem\u00ebra t\u00eb \u00ebmb\u00ebl, si dhe n\u00eb receta t\u00eb ndryshme.\" \/>\n<meta property=\"og:url\" content=\"https:\/\/www.edesia.al\/?product=vanilje-organike-bourbon\" \/>\n<meta property=\"og:site_name\" content=\"Edesia\" \/>\n<meta property=\"article:modified_time\" content=\"2026-02-25T11:28:50+00:00\" \/>\n<meta property=\"og:image\" content=\"https:\/\/www.edesia.al\/wp-content\/uploads\/2026\/02\/4005394116319-1.jpg\" \/>\n\t<meta property=\"og:image:width\" content=\"300\" \/>\n\t<meta property=\"og:image:height\" content=\"281\" \/>\n\t<meta property=\"og:image:type\" content=\"image\/jpeg\" \/>\n<meta name=\"twitter:card\" content=\"summary_large_image\" \/>\n<script type=\"application\/ld+json\" class=\"yoast-schema-graph\">{\"@context\":\"https:\\\/\\\/schema.org\",\"@graph\":[{\"@type\":\"WebPage\",\"@id\":\"https:\\\/\\\/www.edesia.al\\\/?product=vanilje-organike-bourbon\",\"url\":\"https:\\\/\\\/www.edesia.al\\\/?product=vanilje-organike-bourbon\",\"name\":\"Vanilje Organike (Bourbon) - Edesia\",\"isPartOf\":{\"@id\":\"https:\\\/\\\/www.edesia.al\\\/#website\"},\"primaryImageOfPage\":{\"@id\":\"https:\\\/\\\/www.edesia.al\\\/?product=vanilje-organike-bourbon#primaryimage\"},\"image\":{\"@id\":\"https:\\\/\\\/www.edesia.al\\\/?product=vanilje-organike-bourbon#primaryimage\"},\"thumbnailUrl\":\"https:\\\/\\\/www.edesia.al\\\/wp-content\\\/uploads\\\/2026\\\/02\\\/4005394116319-1.jpg\",\"datePublished\":\"2026-02-16T21:12:42+00:00\",\"dateModified\":\"2026-02-25T11:28:50+00:00\",\"breadcrumb\":{\"@id\":\"https:\\\/\\\/www.edesia.al\\\/?product=vanilje-organike-bourbon#breadcrumb\"},\"inLanguage\":\"en-US\",\"potentialAction\":[{\"@type\":\"ReadAction\",\"target\":[\"https:\\\/\\\/www.edesia.al\\\/?product=vanilje-organike-bourbon\"]}]},{\"@type\":\"ImageObject\",\"inLanguage\":\"en-US\",\"@id\":\"https:\\\/\\\/www.edesia.al\\\/?product=vanilje-organike-bourbon#primaryimage\",\"url\":\"https:\\\/\\\/www.edesia.al\\\/wp-content\\\/uploads\\\/2026\\\/02\\\/4005394116319-1.jpg\",\"contentUrl\":\"https:\\\/\\\/www.edesia.al\\\/wp-content\\\/uploads\\\/2026\\\/02\\\/4005394116319-1.jpg\",\"width\":300,\"height\":281},{\"@type\":\"BreadcrumbList\",\"@id\":\"https:\\\/\\\/www.edesia.al\\\/?product=vanilje-organike-bourbon#breadcrumb\",\"itemListElement\":[{\"@type\":\"ListItem\",\"position\":1,\"name\":\"Home\",\"item\":\"https:\\\/\\\/www.edesia.al\\\/\"},{\"@type\":\"ListItem\",\"position\":2,\"name\":\"Dyqani\",\"item\":\"https:\\\/\\\/www.edesia.al\\\/?page_id=17\"},{\"@type\":\"ListItem\",\"position\":3,\"name\":\"Vanilje Organike (Bourbon)\"}]},{\"@type\":\"WebSite\",\"@id\":\"https:\\\/\\\/www.edesia.al\\\/#website\",\"url\":\"https:\\\/\\\/www.edesia.al\\\/\",\"name\":\"Edesia\",\"description\":\"\",\"publisher\":{\"@id\":\"https:\\\/\\\/www.edesia.al\\\/#organization\"},\"potentialAction\":[{\"@type\":\"SearchAction\",\"target\":{\"@type\":\"EntryPoint\",\"urlTemplate\":\"https:\\\/\\\/www.edesia.al\\\/?s={search_term_string}\"},\"query-input\":{\"@type\":\"PropertyValueSpecification\",\"valueRequired\":true,\"valueName\":\"search_term_string\"}}],\"inLanguage\":\"en-US\"},{\"@type\":\"Organization\",\"@id\":\"https:\\\/\\\/www.edesia.al\\\/#organization\",\"name\":\"Edesia\",\"url\":\"https:\\\/\\\/www.edesia.al\\\/\",\"logo\":{\"@type\":\"ImageObject\",\"inLanguage\":\"en-US\",\"@id\":\"https:\\\/\\\/www.edesia.al\\\/#\\\/schema\\\/logo\\\/image\\\/\",\"url\":\"https:\\\/\\\/www.edesia.al\\\/wp-content\\\/uploads\\\/2026\\\/02\\\/Logo-Edesia-no-background.png\",\"contentUrl\":\"https:\\\/\\\/www.edesia.al\\\/wp-content\\\/uploads\\\/2026\\\/02\\\/Logo-Edesia-no-background.png\",\"width\":293,\"height\":158,\"caption\":\"Edesia\"},\"image\":{\"@id\":\"https:\\\/\\\/www.edesia.al\\\/#\\\/schema\\\/logo\\\/image\\\/\"}}]}<\/script>\n<!-- \/ Yoast SEO plugin. -->","yoast_head_json":{"title":"Vanilje Organike (Bourbon) - Edesia","robots":{"index":"index","follow":"follow","max-snippet":"max-snippet:-1","max-image-preview":"max-image-preview:large","max-video-preview":"max-video-preview:-1"},"canonical":"https:\/\/www.edesia.al\/?product=vanilje-organike-bourbon","og_locale":"en_US","og_type":"article","og_title":"Vanilje Organike (Bourbon) - Edesia","og_description":"Vanilje Organike (Bourbon) 5g Vanilja Bourbon Organike e ka origjin\u00ebn nga zonat e larta rreth Oqeanit Indian, kryesisht nga Madagaskari. Vanilja\u00a0 ka nj\u00eb shije dhe arom\u00eb t\u00eb k\u00ebndshme. Si nj\u00eb er\u00ebz e \u00ebmb\u00ebl, ajo p\u00ebrdoret n\u00eb \u00ebmb\u00eblsira, kek, pije me \u00e7okollat\u00eb, krem\u00ebra t\u00eb \u00ebmb\u00ebl, si dhe n\u00eb receta t\u00eb ndryshme.","og_url":"https:\/\/www.edesia.al\/?product=vanilje-organike-bourbon","og_site_name":"Edesia","article_modified_time":"2026-02-25T11:28:50+00:00","og_image":[{"width":300,"height":281,"url":"https:\/\/www.edesia.al\/wp-content\/uploads\/2026\/02\/4005394116319-1.jpg","type":"image\/jpeg"}],"twitter_card":"summary_large_image","schema":{"@context":"https:\/\/schema.org","@graph":[{"@type":"WebPage","@id":"https:\/\/www.edesia.al\/?product=vanilje-organike-bourbon","url":"https:\/\/www.edesia.al\/?product=vanilje-organike-bourbon","name":"Vanilje Organike (Bourbon) - Edesia","isPartOf":{"@id":"https:\/\/www.edesia.al\/#website"},"primaryImageOfPage":{"@id":"https:\/\/www.edesia.al\/?product=vanilje-organike-bourbon#primaryimage"},"image":{"@id":"https:\/\/www.edesia.al\/?product=vanilje-organike-bourbon#primaryimage"},"thumbnailUrl":"https:\/\/www.edesia.al\/wp-content\/uploads\/2026\/02\/4005394116319-1.jpg","datePublished":"2026-02-16T21:12:42+00:00","dateModified":"2026-02-25T11:28:50+00:00","breadcrumb":{"@id":"https:\/\/www.edesia.al\/?product=vanilje-organike-bourbon#breadcrumb"},"inLanguage":"en-US","potentialAction":[{"@type":"ReadAction","target":["https:\/\/www.edesia.al\/?product=vanilje-organike-bourbon"]}]},{"@type":"ImageObject","inLanguage":"en-US","@id":"https:\/\/www.edesia.al\/?product=vanilje-organike-bourbon#primaryimage","url":"https:\/\/www.edesia.al\/wp-content\/uploads\/2026\/02\/4005394116319-1.jpg","contentUrl":"https:\/\/www.edesia.al\/wp-content\/uploads\/2026\/02\/4005394116319-1.jpg","width":300,"height":281},{"@type":"BreadcrumbList","@id":"https:\/\/www.edesia.al\/?product=vanilje-organike-bourbon#breadcrumb","itemListElement":[{"@type":"ListItem","position":1,"name":"Home","item":"https:\/\/www.edesia.al\/"},{"@type":"ListItem","position":2,"name":"Dyqani","item":"https:\/\/www.edesia.al\/?page_id=17"},{"@type":"ListItem","position":3,"name":"Vanilje Organike (Bourbon)"}]},{"@type":"WebSite","@id":"https:\/\/www.edesia.al\/#website","url":"https:\/\/www.edesia.al\/","name":"Edesia","description":"","publisher":{"@id":"https:\/\/www.edesia.al\/#organization"},"potentialAction":[{"@type":"SearchAction","target":{"@type":"EntryPoint","urlTemplate":"https:\/\/www.edesia.al\/?s={search_term_string}"},"query-input":{"@type":"PropertyValueSpecification","valueRequired":true,"valueName":"search_term_string"}}],"inLanguage":"en-US"},{"@type":"Organization","@id":"https:\/\/www.edesia.al\/#organization","name":"Edesia","url":"https:\/\/www.edesia.al\/","logo":{"@type":"ImageObject","inLanguage":"en-US","@id":"https:\/\/www.edesia.al\/#\/schema\/logo\/image\/","url":"https:\/\/www.edesia.al\/wp-content\/uploads\/2026\/02\/Logo-Edesia-no-background.png","contentUrl":"https:\/\/www.edesia.al\/wp-content\/uploads\/2026\/02\/Logo-Edesia-no-background.png","width":293,"height":158,"caption":"Edesia"},"image":{"@id":"https:\/\/www.edesia.al\/#\/schema\/logo\/image\/"}}]}},"_links":{"self":[{"href":"https:\/\/www.edesia.al\/index.php?rest_route=\/wp\/v2\/product\/7064","targetHints":{"allow":["GET"]}}],"collection":[{"href":"https:\/\/www.edesia.al\/index.php?rest_route=\/wp\/v2\/product"}],"about":[{"href":"https:\/\/www.edesia.al\/index.php?rest_route=\/wp\/v2\/types\/product"}],"replies":[{"embeddable":true,"href":"https:\/\/www.edesia.al\/index.php?rest_route=%2Fwp%2Fv2%2Fcomments&post=7064"}],"wp:featuredmedia":[{"embeddable":true,"href":"https:\/\/www.edesia.al\/index.php?rest_route=\/wp\/v2\/media\/7093"}],"wp:attachment":[{"href":"https:\/\/www.edesia.al\/index.php?rest_route=%2Fwp%2Fv2%2Fmedia&parent=7064"}],"wp:term":[{"taxonomy":"kategori-sipas-dietave","embeddable":true,"href":"https:\/\/www.edesia.al\/index.php?rest_route=%2Fwp%2Fv2%2Fkategori-sipas-dietave&post=7064"},{"taxonomy":"kategori-sipas-problemeve-shende","embeddable":true,"href":"https:\/\/www.edesia.al\/index.php?rest_route=%2Fwp%2Fv2%2Fkategori-sipas-problemeve-shende&post=7064"},{"taxonomy":"product_brand","embeddable":true,"href":"https:\/\/www.edesia.al\/index.php?rest_route=%2Fwp%2Fv2%2Fproduct_brand&post=7064"},{"taxonomy":"product_cat","embeddable":true,"href":"https:\/\/www.edesia.al\/index.php?rest_route=%2Fwp%2Fv2%2Fproduct_cat&post=7064"},{"taxonomy":"product_tag","embeddable":true,"href":"https:\/\/www.edesia.al\/index.php?rest_route=%2Fwp%2Fv2%2Fproduct_tag&post=7064"}],"curies":[{"name":"wp","href":"https:\/\/api.w.org\/{rel}","templated":true}]}}