{"id":7122,"date":"2026-02-16T21:13:09","date_gmt":"2026-02-16T21:13:09","guid":{"rendered":"https:\/\/www.edesia.al\/?post_type=product&#038;p=7122"},"modified":"2026-02-25T17:28:37","modified_gmt":"2026-02-25T17:28:37","slug":"piper-i-kuq-cayanne","status":"publish","type":"product","link":"https:\/\/www.edesia.al\/?product=piper-i-kuq-cayanne","title":{"rendered":"Piper i Kuq (Cayanne)"},"content":{"rendered":"<h3>Piper i Kuq\u00a0 (Cayanne) 25g<\/h3>\n<p>Piperi Cayenne quhet ndryshe spec i kuq, i cili e ka marr\u00eb emrin nga lokaliteti nga i cili vjen, qyteti i Cayenne n\u00eb Guyanen Franceze. Kultivohet n\u00eb Europe, Azi dhe Afrik\u00eb. Pluhuri i Cayenne merret n\u00ebp\u00ebrmjet grirjes s\u00eb specave t\u00eb kuq djeg\u00ebs mbasi ata jan\u00eb thar\u00eb.<\/p>\n<p>Mund t\u00eb p\u00ebrdoret si er\u00ebz pikante n\u00eb kuzhin\u00eb, p\u00ebr ti dh\u00ebn\u00eb shije gatimeve t\u00eb shumta, salcave dhe pjatave me baze orizi, makaronash, bishtajoresh apo sallat\u00ebrash. Specat djeg\u00ebs p\u00ebrdoren gjithashtu p\u00ebr t\u00eb aromatizuar vajin ekstra t\u00eb virgj\u00ebr t\u00eb ullirit.<\/p>\n<p>Piperi Cayanne ka disa p\u00ebrfitime sh\u00ebndet\u00ebsore:<\/p>\n<ul>\n<li>Spec i kuq si diuretik, favorizon eliminimin e toksinave n\u00ebp\u00ebrmjet nxjerrjes jasht\u00eb t\u00eb l\u00ebngjeve,<\/li>\n<li>\u00a0Stimulon aktivitetin e stomakut dhe purifikon aparatin tret\u00ebs,<\/li>\n<li>Ka veti t\u00eb mira antitumorale, ndihmon n\u00eb qarkullimin e gjakut, uljen e treglicerideve,<\/li>\n<li>Ul presionin e lart\u00eb t\u00eb gjakut duke ndihmuar n\u00eb sh\u00ebndetin e zemr\u00ebs.<\/li>\n<li>Ka veti antidolorifik dhe antiinflamator q\u00eb ndihmon n\u00eb rast dhimbjesh shpine apo dhimbje koke.<\/li>\n<\/ul>\n","protected":false},"excerpt":{"rendered":"<p>Piper i Kuq\u00a0 (Cayanne) 25g Piperi Cayenne quhet ndryshe spec i kuq, i cili e ka marr\u00eb emrin nga lokaliteti nga i cili vjen, qyteti i Cayenne n\u00eb Guyanen Franceze. Kultivohet n\u00eb Europe, Azi dhe Afrik\u00eb. Pluhuri i Cayenne merret n\u00ebp\u00ebrmjet grirjes s\u00eb specave t\u00eb kuq djeg\u00ebs mbasi ata jan\u00eb thar\u00eb. Mund t\u00eb p\u00ebrdoret si[&#8230;]<\/p>\n","protected":false},"featured_media":7147,"comment_status":"open","ping_status":"closed","template":"","meta":{"_acf_changed":false,"inline_featured_image":false},"kategori-sipas-dietave":[],"kategori-sipas-problemeve-shende":[],"product_brand":[35],"product_cat":[81,34],"product_tag":[191],"class_list":{"0":"post-7122","1":"product","2":"type-product","3":"status-publish","4":"has-post-thumbnail","6":"product_brand-sonnentor-sh-p-k","7":"product_cat-caj-bime-mjekesore","8":"product_cat-ereza-bime-aromatike","9":"product_tag-ereza-organike","11":"first","12":"instock","13":"taxable","14":"shipping-taxable","15":"purchasable","16":"product-type-simple"},"acf":[],"yoast_head":"<!-- This site is optimized with the Yoast SEO plugin v27.4 - https:\/\/yoast.com\/product\/yoast-seo-wordpress\/ -->\n<title>Piper i Kuq (Cayanne) - Edesia<\/title>\n<meta name=\"robots\" content=\"index, follow, max-snippet:-1, max-image-preview:large, max-video-preview:-1\" \/>\n<link rel=\"canonical\" href=\"https:\/\/www.edesia.al\/?product=piper-i-kuq-cayanne\" \/>\n<meta property=\"og:locale\" content=\"en_US\" \/>\n<meta property=\"og:type\" content=\"article\" \/>\n<meta property=\"og:title\" content=\"Piper i Kuq (Cayanne) - Edesia\" \/>\n<meta property=\"og:description\" content=\"Piper i Kuq\u00a0 (Cayanne) 25g Piperi Cayenne quhet ndryshe spec i kuq, i cili e ka marr\u00eb emrin nga lokaliteti nga i cili vjen, qyteti i Cayenne n\u00eb Guyanen Franceze. Kultivohet n\u00eb Europe, Azi dhe Afrik\u00eb. Pluhuri i Cayenne merret n\u00ebp\u00ebrmjet grirjes s\u00eb specave t\u00eb kuq djeg\u00ebs mbasi ata jan\u00eb thar\u00eb. Mund t\u00eb p\u00ebrdoret si[...]\" \/>\n<meta property=\"og:url\" content=\"https:\/\/www.edesia.al\/?product=piper-i-kuq-cayanne\" \/>\n<meta property=\"og:site_name\" content=\"Edesia\" \/>\n<meta property=\"article:modified_time\" content=\"2026-02-25T17:28:37+00:00\" \/>\n<meta property=\"og:image\" content=\"https:\/\/www.edesia.al\/wp-content\/uploads\/2026\/02\/00399_Chili_feuerscharf_Schoten-1.webp\" \/>\n\t<meta property=\"og:image:width\" content=\"593\" \/>\n\t<meta property=\"og:image:height\" content=\"593\" \/>\n\t<meta property=\"og:image:type\" content=\"image\/webp\" \/>\n<meta name=\"twitter:card\" content=\"summary_large_image\" \/>\n<meta name=\"twitter:label1\" content=\"Est. reading time\" \/>\n\t<meta name=\"twitter:data1\" content=\"1 minute\" \/>\n<script type=\"application\/ld+json\" class=\"yoast-schema-graph\">{\"@context\":\"https:\\\/\\\/schema.org\",\"@graph\":[{\"@type\":\"WebPage\",\"@id\":\"https:\\\/\\\/www.edesia.al\\\/?product=piper-i-kuq-cayanne\",\"url\":\"https:\\\/\\\/www.edesia.al\\\/?product=piper-i-kuq-cayanne\",\"name\":\"Piper i Kuq (Cayanne) - Edesia\",\"isPartOf\":{\"@id\":\"https:\\\/\\\/www.edesia.al\\\/#website\"},\"primaryImageOfPage\":{\"@id\":\"https:\\\/\\\/www.edesia.al\\\/?product=piper-i-kuq-cayanne#primaryimage\"},\"image\":{\"@id\":\"https:\\\/\\\/www.edesia.al\\\/?product=piper-i-kuq-cayanne#primaryimage\"},\"thumbnailUrl\":\"https:\\\/\\\/www.edesia.al\\\/wp-content\\\/uploads\\\/2026\\\/02\\\/00399_Chili_feuerscharf_Schoten-1.webp\",\"datePublished\":\"2026-02-16T21:13:09+00:00\",\"dateModified\":\"2026-02-25T17:28:37+00:00\",\"breadcrumb\":{\"@id\":\"https:\\\/\\\/www.edesia.al\\\/?product=piper-i-kuq-cayanne#breadcrumb\"},\"inLanguage\":\"en-US\",\"potentialAction\":[{\"@type\":\"ReadAction\",\"target\":[\"https:\\\/\\\/www.edesia.al\\\/?product=piper-i-kuq-cayanne\"]}]},{\"@type\":\"ImageObject\",\"inLanguage\":\"en-US\",\"@id\":\"https:\\\/\\\/www.edesia.al\\\/?product=piper-i-kuq-cayanne#primaryimage\",\"url\":\"https:\\\/\\\/www.edesia.al\\\/wp-content\\\/uploads\\\/2026\\\/02\\\/00399_Chili_feuerscharf_Schoten-1.webp\",\"contentUrl\":\"https:\\\/\\\/www.edesia.al\\\/wp-content\\\/uploads\\\/2026\\\/02\\\/00399_Chili_feuerscharf_Schoten-1.webp\",\"width\":593,\"height\":593},{\"@type\":\"BreadcrumbList\",\"@id\":\"https:\\\/\\\/www.edesia.al\\\/?product=piper-i-kuq-cayanne#breadcrumb\",\"itemListElement\":[{\"@type\":\"ListItem\",\"position\":1,\"name\":\"Home\",\"item\":\"https:\\\/\\\/www.edesia.al\\\/\"},{\"@type\":\"ListItem\",\"position\":2,\"name\":\"Dyqani\",\"item\":\"https:\\\/\\\/www.edesia.al\\\/?page_id=17\"},{\"@type\":\"ListItem\",\"position\":3,\"name\":\"Piper i Kuq (Cayanne)\"}]},{\"@type\":\"WebSite\",\"@id\":\"https:\\\/\\\/www.edesia.al\\\/#website\",\"url\":\"https:\\\/\\\/www.edesia.al\\\/\",\"name\":\"Edesia\",\"description\":\"\",\"publisher\":{\"@id\":\"https:\\\/\\\/www.edesia.al\\\/#organization\"},\"potentialAction\":[{\"@type\":\"SearchAction\",\"target\":{\"@type\":\"EntryPoint\",\"urlTemplate\":\"https:\\\/\\\/www.edesia.al\\\/?s={search_term_string}\"},\"query-input\":{\"@type\":\"PropertyValueSpecification\",\"valueRequired\":true,\"valueName\":\"search_term_string\"}}],\"inLanguage\":\"en-US\"},{\"@type\":\"Organization\",\"@id\":\"https:\\\/\\\/www.edesia.al\\\/#organization\",\"name\":\"Edesia\",\"url\":\"https:\\\/\\\/www.edesia.al\\\/\",\"logo\":{\"@type\":\"ImageObject\",\"inLanguage\":\"en-US\",\"@id\":\"https:\\\/\\\/www.edesia.al\\\/#\\\/schema\\\/logo\\\/image\\\/\",\"url\":\"https:\\\/\\\/www.edesia.al\\\/wp-content\\\/uploads\\\/2026\\\/02\\\/Logo-Edesia-no-background.png\",\"contentUrl\":\"https:\\\/\\\/www.edesia.al\\\/wp-content\\\/uploads\\\/2026\\\/02\\\/Logo-Edesia-no-background.png\",\"width\":293,\"height\":158,\"caption\":\"Edesia\"},\"image\":{\"@id\":\"https:\\\/\\\/www.edesia.al\\\/#\\\/schema\\\/logo\\\/image\\\/\"}}]}<\/script>\n<!-- \/ Yoast SEO plugin. -->","yoast_head_json":{"title":"Piper i Kuq (Cayanne) - Edesia","robots":{"index":"index","follow":"follow","max-snippet":"max-snippet:-1","max-image-preview":"max-image-preview:large","max-video-preview":"max-video-preview:-1"},"canonical":"https:\/\/www.edesia.al\/?product=piper-i-kuq-cayanne","og_locale":"en_US","og_type":"article","og_title":"Piper i Kuq (Cayanne) - Edesia","og_description":"Piper i Kuq\u00a0 (Cayanne) 25g Piperi Cayenne quhet ndryshe spec i kuq, i cili e ka marr\u00eb emrin nga lokaliteti nga i cili vjen, qyteti i Cayenne n\u00eb Guyanen Franceze. Kultivohet n\u00eb Europe, Azi dhe Afrik\u00eb. Pluhuri i Cayenne merret n\u00ebp\u00ebrmjet grirjes s\u00eb specave t\u00eb kuq djeg\u00ebs mbasi ata jan\u00eb thar\u00eb. Mund t\u00eb p\u00ebrdoret si[...]","og_url":"https:\/\/www.edesia.al\/?product=piper-i-kuq-cayanne","og_site_name":"Edesia","article_modified_time":"2026-02-25T17:28:37+00:00","og_image":[{"width":593,"height":593,"url":"https:\/\/www.edesia.al\/wp-content\/uploads\/2026\/02\/00399_Chili_feuerscharf_Schoten-1.webp","type":"image\/webp"}],"twitter_card":"summary_large_image","twitter_misc":{"Est. reading time":"1 minute"},"schema":{"@context":"https:\/\/schema.org","@graph":[{"@type":"WebPage","@id":"https:\/\/www.edesia.al\/?product=piper-i-kuq-cayanne","url":"https:\/\/www.edesia.al\/?product=piper-i-kuq-cayanne","name":"Piper i Kuq (Cayanne) - Edesia","isPartOf":{"@id":"https:\/\/www.edesia.al\/#website"},"primaryImageOfPage":{"@id":"https:\/\/www.edesia.al\/?product=piper-i-kuq-cayanne#primaryimage"},"image":{"@id":"https:\/\/www.edesia.al\/?product=piper-i-kuq-cayanne#primaryimage"},"thumbnailUrl":"https:\/\/www.edesia.al\/wp-content\/uploads\/2026\/02\/00399_Chili_feuerscharf_Schoten-1.webp","datePublished":"2026-02-16T21:13:09+00:00","dateModified":"2026-02-25T17:28:37+00:00","breadcrumb":{"@id":"https:\/\/www.edesia.al\/?product=piper-i-kuq-cayanne#breadcrumb"},"inLanguage":"en-US","potentialAction":[{"@type":"ReadAction","target":["https:\/\/www.edesia.al\/?product=piper-i-kuq-cayanne"]}]},{"@type":"ImageObject","inLanguage":"en-US","@id":"https:\/\/www.edesia.al\/?product=piper-i-kuq-cayanne#primaryimage","url":"https:\/\/www.edesia.al\/wp-content\/uploads\/2026\/02\/00399_Chili_feuerscharf_Schoten-1.webp","contentUrl":"https:\/\/www.edesia.al\/wp-content\/uploads\/2026\/02\/00399_Chili_feuerscharf_Schoten-1.webp","width":593,"height":593},{"@type":"BreadcrumbList","@id":"https:\/\/www.edesia.al\/?product=piper-i-kuq-cayanne#breadcrumb","itemListElement":[{"@type":"ListItem","position":1,"name":"Home","item":"https:\/\/www.edesia.al\/"},{"@type":"ListItem","position":2,"name":"Dyqani","item":"https:\/\/www.edesia.al\/?page_id=17"},{"@type":"ListItem","position":3,"name":"Piper i Kuq (Cayanne)"}]},{"@type":"WebSite","@id":"https:\/\/www.edesia.al\/#website","url":"https:\/\/www.edesia.al\/","name":"Edesia","description":"","publisher":{"@id":"https:\/\/www.edesia.al\/#organization"},"potentialAction":[{"@type":"SearchAction","target":{"@type":"EntryPoint","urlTemplate":"https:\/\/www.edesia.al\/?s={search_term_string}"},"query-input":{"@type":"PropertyValueSpecification","valueRequired":true,"valueName":"search_term_string"}}],"inLanguage":"en-US"},{"@type":"Organization","@id":"https:\/\/www.edesia.al\/#organization","name":"Edesia","url":"https:\/\/www.edesia.al\/","logo":{"@type":"ImageObject","inLanguage":"en-US","@id":"https:\/\/www.edesia.al\/#\/schema\/logo\/image\/","url":"https:\/\/www.edesia.al\/wp-content\/uploads\/2026\/02\/Logo-Edesia-no-background.png","contentUrl":"https:\/\/www.edesia.al\/wp-content\/uploads\/2026\/02\/Logo-Edesia-no-background.png","width":293,"height":158,"caption":"Edesia"},"image":{"@id":"https:\/\/www.edesia.al\/#\/schema\/logo\/image\/"}}]}},"_links":{"self":[{"href":"https:\/\/www.edesia.al\/index.php?rest_route=\/wp\/v2\/product\/7122","targetHints":{"allow":["GET"]}}],"collection":[{"href":"https:\/\/www.edesia.al\/index.php?rest_route=\/wp\/v2\/product"}],"about":[{"href":"https:\/\/www.edesia.al\/index.php?rest_route=\/wp\/v2\/types\/product"}],"replies":[{"embeddable":true,"href":"https:\/\/www.edesia.al\/index.php?rest_route=%2Fwp%2Fv2%2Fcomments&post=7122"}],"wp:featuredmedia":[{"embeddable":true,"href":"https:\/\/www.edesia.al\/index.php?rest_route=\/wp\/v2\/media\/7147"}],"wp:attachment":[{"href":"https:\/\/www.edesia.al\/index.php?rest_route=%2Fwp%2Fv2%2Fmedia&parent=7122"}],"wp:term":[{"taxonomy":"kategori-sipas-dietave","embeddable":true,"href":"https:\/\/www.edesia.al\/index.php?rest_route=%2Fwp%2Fv2%2Fkategori-sipas-dietave&post=7122"},{"taxonomy":"kategori-sipas-problemeve-shende","embeddable":true,"href":"https:\/\/www.edesia.al\/index.php?rest_route=%2Fwp%2Fv2%2Fkategori-sipas-problemeve-shende&post=7122"},{"taxonomy":"product_brand","embeddable":true,"href":"https:\/\/www.edesia.al\/index.php?rest_route=%2Fwp%2Fv2%2Fproduct_brand&post=7122"},{"taxonomy":"product_cat","embeddable":true,"href":"https:\/\/www.edesia.al\/index.php?rest_route=%2Fwp%2Fv2%2Fproduct_cat&post=7122"},{"taxonomy":"product_tag","embeddable":true,"href":"https:\/\/www.edesia.al\/index.php?rest_route=%2Fwp%2Fv2%2Fproduct_tag&post=7122"}],"curies":[{"name":"wp","href":"https:\/\/api.w.org\/{rel}","templated":true}]}}