{"id":7206,"date":"2026-02-16T21:13:57","date_gmt":"2026-02-16T21:13:57","guid":{"rendered":"https:\/\/www.edesia.al\/?post_type=product&#038;p=7206"},"modified":"2026-02-25T18:25:47","modified_gmt":"2026-02-25T18:25:47","slug":"vaj-peshku-vitamine-e","status":"publish","type":"product","link":"https:\/\/www.edesia.al\/?product=vaj-peshku-vitamine-e","title":{"rendered":"Vaj Peshku + Vitamin\u00eb E"},"content":{"rendered":"<h2><strong>Vaj Peshku 1000 mg + Vitamin\u00eb E 12 mg (100 kapsula)<\/strong><\/h2>\n<p>Vaji i peshkut \u00ebsht\u00eb burimi m\u00eb i pasur i acideve yndyrore Omega-3 n\u00eb natyr\u00eb. Acidet yndyrore omega-3 jan\u00eb nj\u00eb ushqyes i r\u00ebnd\u00ebsish\u00ebm q\u00eb ka nj\u00eb efekt t\u00eb dobish\u00ebm n\u00eb funksione t\u00eb ndryshme t\u00eb trupit ton\u00eb.<br \/>\nAcidet yndyrore esenciale (EFA) jan\u00eb lloje yndyrnash q\u00eb trupi nuk mund t\u2019i prodhoj\u00eb. Njer\u00ebzit mund t\u2019i marrin ato vet\u00ebm p\u00ebrmes burimeve ushqimore. T\u00eb tilla jan\u00eb edhe acidet yndyrore Omega-3, q\u00eb p\u00ebrb\u00ebjn\u00eb nj\u00eb form\u00eb t\u00eb acideve yndyrore t\u00eb pangopura, t\u00eb cilat konsiderohen &#8220;yndyra t\u00eb sh\u00ebndetshme,&#8221; sepse mb\u00ebshtesin sh\u00ebndetin e zemr\u00ebs kur p\u00ebrdoren me moderim.<br \/>\nDuke qen\u00eb se acidet yndyrore omega-3 jan\u00eb sensitive ndaj oksidimit, shtesa e vitamin\u00ebs E me vetit\u00eb e saj antioksidante u jep atyre m\u00eb shum\u00eb jet\u00ebgjat\u00ebsi dhe efikasitet, duke e b\u00ebr\u00eb k\u00ebt\u00eb suplement unik n\u00eb llojin e tij dhe targetues n\u00eb funksionet q\u00eb p\u00ebrmban.<br \/>\nMegjithat\u00eb, k\u00ebto acide yndyrore jan\u00eb t\u00eb ndryshme nga shumica e yndyrave t\u00eb tjera. Ato nuk p\u00ebrdoren thjesht p\u00ebr energji ose p\u00ebr t\u2019u depozituar, por jan\u00eb biologjikisht aktive dhe kan\u00eb role t\u00eb r\u00ebnd\u00ebsishme n\u00eb procese si mpiksja e gjakut dhe inflamacioni.<\/p>\n<h4><strong>P\u00ebrfitimet Sh\u00ebndet\u00ebsore t\u00eb Omega-3 + Vit E:<\/strong><\/h4>\n<ul>\n<li>Konsumimi i acideve yndyrore omega-3 (EPA + DHA) n\u00eb kombinim me vitamin\u00ebn natyrale E ka treguar se ul rrezikun e goditjeve n\u00eb tru dhe insuficenc\u00ebs kardiake, redukton ritmet e parregullta t\u00eb zemr\u00ebs, ul nivelet e triglicerideve, ul tensionin arterial, redukton mpiksjen e d\u00ebmshme t\u00eb gjakut dhe ndihmon n\u00eb parandalimin e arrestit t\u00eb papritur kardiak.<\/li>\n<li>Kombinimi i omega-3 me vitamin\u00ebn E ka treguar nj\u00eb ulje t\u00eb konsiderueshme t\u00eb rezistenc\u00ebs ndaj insulin\u00ebs, duke p\u00ebrmir\u00ebsuar nivelet e glukoz\u00ebs n\u00eb gjak, krahasimisht me p\u00ebrdorimin vet\u00ebm t\u00eb omega-3. Kjo pik\u00ebrisht p\u00ebr shkak t\u00eb vitamin\u00ebs E dhe rolit t\u00eb saj antiinflamator dhe antioksidant.<\/li>\n<li>Suplementet me omega-3 mund t\u00eb ndihmojn\u00eb n\u00eb trajtimin dhe parandalimin e depresionit dhe ankthit (specifikisht EPA).<\/li>\n<li>Mund t\u00eb ndihmojn\u00eb (specifikisht DHA) n\u00eb parandalimin e degjenerimit makular (pjes\u00eb e retin\u00ebs s\u00eb syrit), i cili mund t\u00eb shkaktoj\u00eb verb\u00ebri.<\/li>\n<li>Marrja e mjaftueshme e omega-3 gjat\u00eb shtatz\u00ebnis\u00eb \u00ebsht\u00eb thelb\u00ebsore p\u00ebr zhvillimin e f\u00ebmij\u00ebs suaj. Suplementimi me omega-3 lidhet me p\u00ebrmir\u00ebsimin e zhvillimit kognitiv dhe nj\u00eb rrezik m\u00eb t\u00eb ul\u00ebt t\u00eb vonesave n\u00eb zhvillim.<\/li>\n<li>Vetit\u00eb antiinflamatore ndihmojn\u00eb n\u00eb leht\u00ebsimin e sindrom\u00ebs metabolike, psoriasis, artritit rheumatoid.<\/li>\n<li>Konsumi i omega-3 \u00ebsht\u00eb lidhur me nj\u00eb rrezik m\u00eb t\u00eb ul\u00ebt t\u00eb astm\u00ebs tek f\u00ebmij\u00ebt.<\/li>\n<li>Acidet yndyrore omega-3 (specifikisht DHA) mund t\u00eb p\u00ebrmir\u00ebsojn\u00eb gjat\u00ebsin\u00eb dhe cil\u00ebsin\u00eb e gjumit tuaj.<\/li>\n<li>Omega-3 mund t\u00eb ndihmoj\u00eb n\u00eb ruajtjen e sh\u00ebndetit t\u00eb l\u00ebkur\u00ebs tuaj, duke parandaluar plakjen e parakohshme dhe mbrojtur nga d\u00ebmtimi i diellit.<\/li>\n<\/ul>\n<h4><strong>P\u00ebrb\u00ebr\u00ebsit n\u00eb 1 kapsul\u00eb:<\/strong><\/h4>\n<ul>\n<li>P\u00ebrzierje e p\u00ebrqendruar e vajit t\u00eb salmonit: 1,000 mg<\/li>\n<li>Acide yndyrore omega-3: 300 mg\n<ul>\n<li>Nga t\u00eb cilat:\n<ul>\n<li>EPA (acidi eikozapentaenoik): 180 mg<\/li>\n<li>DHA (acidi dokozaheksaenik): 120 mg<\/li>\n<\/ul>\n<\/li>\n<\/ul>\n<\/li>\n<li>Vitamin\u00eb E natyrale: 12 mg<\/li>\n<li>Gluten &amp; Lactose free<\/li>\n<\/ul>\n<h4><strong>P\u00ebrdorimi:<\/strong><\/h4>\n<p>Merrni 1 kapsul\u00eb 1 deri 2 her\u00eb n\u00eb dit\u00eb, pas ushqimit (Sugjerohet marrja me nj\u00eb vakt q\u00eb p\u00ebrmban nivele t\u00eb konsiderueshme yndyrnash p\u00ebr t\u00eb rritur absorbimin).<\/p>\n<h4><strong>Kujdes!<\/strong><\/h4>\n<p>Do t\u2019ju duhet t\u00eb konsultoheni me mjekun tuaj p\u00ebr marrjen e k\u00ebtij suplementi, n\u00ebse:<\/p>\n<ul>\n<li>Merrni medikamente kund\u00ebr koagulimit t\u00eb gjakut, hollues gjaku.<\/li>\n<li>Vuani nga \u00e7rregullimet e koagulimit t\u00eb gjakut.<\/li>\n<li>Vuani nga tensioni i ul\u00ebt arterial.<\/li>\n<li>Jeni alergjik ndaj peshkut apo prodhimeve t\u00eb detit.<\/li>\n<\/ul>\n<p><strong>\u00a0<\/strong><\/p>\n","protected":false},"excerpt":{"rendered":"<p>Vaj Peshku 1000 mg + Vitamin\u00eb E 12 mg (100 kapsula) Vaji i peshkut \u00ebsht\u00eb burimi m\u00eb i pasur i acideve yndyrore Omega-3 n\u00eb natyr\u00eb. Acidet yndyrore omega-3 jan\u00eb nj\u00eb ushqyes i r\u00ebnd\u00ebsish\u00ebm q\u00eb ka nj\u00eb efekt t\u00eb dobish\u00ebm n\u00eb funksione t\u00eb ndryshme t\u00eb trupit ton\u00eb. Acidet yndyrore esenciale (EFA) jan\u00eb lloje yndyrnash q\u00eb trupi[&#8230;]<\/p>\n","protected":false},"featured_media":7233,"comment_status":"open","ping_status":"closed","template":"","meta":{"_acf_changed":false,"inline_featured_image":false},"kategori-sipas-dietave":[],"kategori-sipas-problemeve-shende":[84],"product_brand":[32],"product_cat":[80,42],"product_tag":[146],"class_list":{"0":"post-7206","1":"product","2":"type-product","3":"status-publish","4":"has-post-thumbnail","6":"kategori-sipas-problemeve-shende-suport-hormonal","7":"product_brand-bioagros","8":"product_cat-suplemente-superfoods","9":"product_cat-suplemente-bio","10":"product_tag-suplemente","12":"first","13":"instock","14":"taxable","15":"shipping-taxable","16":"purchasable","17":"product-type-simple"},"acf":[],"yoast_head":"<!-- This site is optimized with the Yoast SEO plugin v27.4 - https:\/\/yoast.com\/product\/yoast-seo-wordpress\/ -->\n<title>Vaj Peshku + Vitamin\u00eb E - Edesia<\/title>\n<meta name=\"robots\" content=\"index, follow, max-snippet:-1, max-image-preview:large, max-video-preview:-1\" \/>\n<link rel=\"canonical\" href=\"https:\/\/www.edesia.al\/?product=vaj-peshku-vitamine-e\" \/>\n<meta property=\"og:locale\" content=\"en_US\" \/>\n<meta property=\"og:type\" content=\"article\" \/>\n<meta property=\"og:title\" content=\"Vaj Peshku + Vitamin\u00eb E - Edesia\" \/>\n<meta property=\"og:description\" content=\"Vaj Peshku 1000 mg + Vitamin\u00eb E 12 mg (100 kapsula) Vaji i peshkut \u00ebsht\u00eb burimi m\u00eb i pasur i acideve yndyrore Omega-3 n\u00eb natyr\u00eb. Acidet yndyrore omega-3 jan\u00eb nj\u00eb ushqyes i r\u00ebnd\u00ebsish\u00ebm q\u00eb ka nj\u00eb efekt t\u00eb dobish\u00ebm n\u00eb funksione t\u00eb ndryshme t\u00eb trupit ton\u00eb. Acidet yndyrore esenciale (EFA) jan\u00eb lloje yndyrnash q\u00eb trupi[...]\" \/>\n<meta property=\"og:url\" content=\"https:\/\/www.edesia.al\/?product=vaj-peshku-vitamine-e\" \/>\n<meta property=\"og:site_name\" content=\"Edesia\" \/>\n<meta property=\"article:modified_time\" content=\"2026-02-25T18:25:47+00:00\" \/>\n<meta property=\"og:image\" content=\"https:\/\/www.edesia.al\/wp-content\/uploads\/2026\/02\/omega-3-proizvod-1.png\" \/>\n\t<meta property=\"og:image:width\" content=\"600\" \/>\n\t<meta property=\"og:image:height\" content=\"600\" \/>\n\t<meta property=\"og:image:type\" content=\"image\/png\" \/>\n<meta name=\"twitter:card\" content=\"summary_large_image\" \/>\n<meta name=\"twitter:label1\" content=\"Est. reading time\" \/>\n\t<meta name=\"twitter:data1\" content=\"3 minutes\" \/>\n<script type=\"application\/ld+json\" class=\"yoast-schema-graph\">{\"@context\":\"https:\\\/\\\/schema.org\",\"@graph\":[{\"@type\":\"WebPage\",\"@id\":\"https:\\\/\\\/www.edesia.al\\\/?product=vaj-peshku-vitamine-e\",\"url\":\"https:\\\/\\\/www.edesia.al\\\/?product=vaj-peshku-vitamine-e\",\"name\":\"Vaj Peshku + Vitamin\u00eb E - Edesia\",\"isPartOf\":{\"@id\":\"https:\\\/\\\/www.edesia.al\\\/#website\"},\"primaryImageOfPage\":{\"@id\":\"https:\\\/\\\/www.edesia.al\\\/?product=vaj-peshku-vitamine-e#primaryimage\"},\"image\":{\"@id\":\"https:\\\/\\\/www.edesia.al\\\/?product=vaj-peshku-vitamine-e#primaryimage\"},\"thumbnailUrl\":\"https:\\\/\\\/www.edesia.al\\\/wp-content\\\/uploads\\\/2026\\\/02\\\/omega-3-proizvod-1.png\",\"datePublished\":\"2026-02-16T21:13:57+00:00\",\"dateModified\":\"2026-02-25T18:25:47+00:00\",\"breadcrumb\":{\"@id\":\"https:\\\/\\\/www.edesia.al\\\/?product=vaj-peshku-vitamine-e#breadcrumb\"},\"inLanguage\":\"en-US\",\"potentialAction\":[{\"@type\":\"ReadAction\",\"target\":[\"https:\\\/\\\/www.edesia.al\\\/?product=vaj-peshku-vitamine-e\"]}]},{\"@type\":\"ImageObject\",\"inLanguage\":\"en-US\",\"@id\":\"https:\\\/\\\/www.edesia.al\\\/?product=vaj-peshku-vitamine-e#primaryimage\",\"url\":\"https:\\\/\\\/www.edesia.al\\\/wp-content\\\/uploads\\\/2026\\\/02\\\/omega-3-proizvod-1.png\",\"contentUrl\":\"https:\\\/\\\/www.edesia.al\\\/wp-content\\\/uploads\\\/2026\\\/02\\\/omega-3-proizvod-1.png\",\"width\":600,\"height\":600},{\"@type\":\"BreadcrumbList\",\"@id\":\"https:\\\/\\\/www.edesia.al\\\/?product=vaj-peshku-vitamine-e#breadcrumb\",\"itemListElement\":[{\"@type\":\"ListItem\",\"position\":1,\"name\":\"Home\",\"item\":\"https:\\\/\\\/www.edesia.al\\\/\"},{\"@type\":\"ListItem\",\"position\":2,\"name\":\"Dyqani\",\"item\":\"https:\\\/\\\/www.edesia.al\\\/?page_id=17\"},{\"@type\":\"ListItem\",\"position\":3,\"name\":\"Vaj Peshku + Vitamin\u00eb E\"}]},{\"@type\":\"WebSite\",\"@id\":\"https:\\\/\\\/www.edesia.al\\\/#website\",\"url\":\"https:\\\/\\\/www.edesia.al\\\/\",\"name\":\"Edesia\",\"description\":\"\",\"publisher\":{\"@id\":\"https:\\\/\\\/www.edesia.al\\\/#organization\"},\"potentialAction\":[{\"@type\":\"SearchAction\",\"target\":{\"@type\":\"EntryPoint\",\"urlTemplate\":\"https:\\\/\\\/www.edesia.al\\\/?s={search_term_string}\"},\"query-input\":{\"@type\":\"PropertyValueSpecification\",\"valueRequired\":true,\"valueName\":\"search_term_string\"}}],\"inLanguage\":\"en-US\"},{\"@type\":\"Organization\",\"@id\":\"https:\\\/\\\/www.edesia.al\\\/#organization\",\"name\":\"Edesia\",\"url\":\"https:\\\/\\\/www.edesia.al\\\/\",\"logo\":{\"@type\":\"ImageObject\",\"inLanguage\":\"en-US\",\"@id\":\"https:\\\/\\\/www.edesia.al\\\/#\\\/schema\\\/logo\\\/image\\\/\",\"url\":\"https:\\\/\\\/www.edesia.al\\\/wp-content\\\/uploads\\\/2026\\\/02\\\/Logo-Edesia-no-background.png\",\"contentUrl\":\"https:\\\/\\\/www.edesia.al\\\/wp-content\\\/uploads\\\/2026\\\/02\\\/Logo-Edesia-no-background.png\",\"width\":293,\"height\":158,\"caption\":\"Edesia\"},\"image\":{\"@id\":\"https:\\\/\\\/www.edesia.al\\\/#\\\/schema\\\/logo\\\/image\\\/\"}}]}<\/script>\n<!-- \/ Yoast SEO plugin. -->","yoast_head_json":{"title":"Vaj Peshku + Vitamin\u00eb E - Edesia","robots":{"index":"index","follow":"follow","max-snippet":"max-snippet:-1","max-image-preview":"max-image-preview:large","max-video-preview":"max-video-preview:-1"},"canonical":"https:\/\/www.edesia.al\/?product=vaj-peshku-vitamine-e","og_locale":"en_US","og_type":"article","og_title":"Vaj Peshku + Vitamin\u00eb E - Edesia","og_description":"Vaj Peshku 1000 mg + Vitamin\u00eb E 12 mg (100 kapsula) Vaji i peshkut \u00ebsht\u00eb burimi m\u00eb i pasur i acideve yndyrore Omega-3 n\u00eb natyr\u00eb. Acidet yndyrore omega-3 jan\u00eb nj\u00eb ushqyes i r\u00ebnd\u00ebsish\u00ebm q\u00eb ka nj\u00eb efekt t\u00eb dobish\u00ebm n\u00eb funksione t\u00eb ndryshme t\u00eb trupit ton\u00eb. Acidet yndyrore esenciale (EFA) jan\u00eb lloje yndyrnash q\u00eb trupi[...]","og_url":"https:\/\/www.edesia.al\/?product=vaj-peshku-vitamine-e","og_site_name":"Edesia","article_modified_time":"2026-02-25T18:25:47+00:00","og_image":[{"width":600,"height":600,"url":"https:\/\/www.edesia.al\/wp-content\/uploads\/2026\/02\/omega-3-proizvod-1.png","type":"image\/png"}],"twitter_card":"summary_large_image","twitter_misc":{"Est. reading time":"3 minutes"},"schema":{"@context":"https:\/\/schema.org","@graph":[{"@type":"WebPage","@id":"https:\/\/www.edesia.al\/?product=vaj-peshku-vitamine-e","url":"https:\/\/www.edesia.al\/?product=vaj-peshku-vitamine-e","name":"Vaj Peshku + Vitamin\u00eb E - Edesia","isPartOf":{"@id":"https:\/\/www.edesia.al\/#website"},"primaryImageOfPage":{"@id":"https:\/\/www.edesia.al\/?product=vaj-peshku-vitamine-e#primaryimage"},"image":{"@id":"https:\/\/www.edesia.al\/?product=vaj-peshku-vitamine-e#primaryimage"},"thumbnailUrl":"https:\/\/www.edesia.al\/wp-content\/uploads\/2026\/02\/omega-3-proizvod-1.png","datePublished":"2026-02-16T21:13:57+00:00","dateModified":"2026-02-25T18:25:47+00:00","breadcrumb":{"@id":"https:\/\/www.edesia.al\/?product=vaj-peshku-vitamine-e#breadcrumb"},"inLanguage":"en-US","potentialAction":[{"@type":"ReadAction","target":["https:\/\/www.edesia.al\/?product=vaj-peshku-vitamine-e"]}]},{"@type":"ImageObject","inLanguage":"en-US","@id":"https:\/\/www.edesia.al\/?product=vaj-peshku-vitamine-e#primaryimage","url":"https:\/\/www.edesia.al\/wp-content\/uploads\/2026\/02\/omega-3-proizvod-1.png","contentUrl":"https:\/\/www.edesia.al\/wp-content\/uploads\/2026\/02\/omega-3-proizvod-1.png","width":600,"height":600},{"@type":"BreadcrumbList","@id":"https:\/\/www.edesia.al\/?product=vaj-peshku-vitamine-e#breadcrumb","itemListElement":[{"@type":"ListItem","position":1,"name":"Home","item":"https:\/\/www.edesia.al\/"},{"@type":"ListItem","position":2,"name":"Dyqani","item":"https:\/\/www.edesia.al\/?page_id=17"},{"@type":"ListItem","position":3,"name":"Vaj Peshku + Vitamin\u00eb E"}]},{"@type":"WebSite","@id":"https:\/\/www.edesia.al\/#website","url":"https:\/\/www.edesia.al\/","name":"Edesia","description":"","publisher":{"@id":"https:\/\/www.edesia.al\/#organization"},"potentialAction":[{"@type":"SearchAction","target":{"@type":"EntryPoint","urlTemplate":"https:\/\/www.edesia.al\/?s={search_term_string}"},"query-input":{"@type":"PropertyValueSpecification","valueRequired":true,"valueName":"search_term_string"}}],"inLanguage":"en-US"},{"@type":"Organization","@id":"https:\/\/www.edesia.al\/#organization","name":"Edesia","url":"https:\/\/www.edesia.al\/","logo":{"@type":"ImageObject","inLanguage":"en-US","@id":"https:\/\/www.edesia.al\/#\/schema\/logo\/image\/","url":"https:\/\/www.edesia.al\/wp-content\/uploads\/2026\/02\/Logo-Edesia-no-background.png","contentUrl":"https:\/\/www.edesia.al\/wp-content\/uploads\/2026\/02\/Logo-Edesia-no-background.png","width":293,"height":158,"caption":"Edesia"},"image":{"@id":"https:\/\/www.edesia.al\/#\/schema\/logo\/image\/"}}]}},"_links":{"self":[{"href":"https:\/\/www.edesia.al\/index.php?rest_route=\/wp\/v2\/product\/7206","targetHints":{"allow":["GET"]}}],"collection":[{"href":"https:\/\/www.edesia.al\/index.php?rest_route=\/wp\/v2\/product"}],"about":[{"href":"https:\/\/www.edesia.al\/index.php?rest_route=\/wp\/v2\/types\/product"}],"replies":[{"embeddable":true,"href":"https:\/\/www.edesia.al\/index.php?rest_route=%2Fwp%2Fv2%2Fcomments&post=7206"}],"wp:featuredmedia":[{"embeddable":true,"href":"https:\/\/www.edesia.al\/index.php?rest_route=\/wp\/v2\/media\/7233"}],"wp:attachment":[{"href":"https:\/\/www.edesia.al\/index.php?rest_route=%2Fwp%2Fv2%2Fmedia&parent=7206"}],"wp:term":[{"taxonomy":"kategori-sipas-dietave","embeddable":true,"href":"https:\/\/www.edesia.al\/index.php?rest_route=%2Fwp%2Fv2%2Fkategori-sipas-dietave&post=7206"},{"taxonomy":"kategori-sipas-problemeve-shende","embeddable":true,"href":"https:\/\/www.edesia.al\/index.php?rest_route=%2Fwp%2Fv2%2Fkategori-sipas-problemeve-shende&post=7206"},{"taxonomy":"product_brand","embeddable":true,"href":"https:\/\/www.edesia.al\/index.php?rest_route=%2Fwp%2Fv2%2Fproduct_brand&post=7206"},{"taxonomy":"product_cat","embeddable":true,"href":"https:\/\/www.edesia.al\/index.php?rest_route=%2Fwp%2Fv2%2Fproduct_cat&post=7206"},{"taxonomy":"product_tag","embeddable":true,"href":"https:\/\/www.edesia.al\/index.php?rest_route=%2Fwp%2Fv2%2Fproduct_tag&post=7206"}],"curies":[{"name":"wp","href":"https:\/\/api.w.org\/{rel}","templated":true}]}}