{"id":7228,"date":"2026-02-16T21:14:02","date_gmt":"2026-02-16T21:14:02","guid":{"rendered":"https:\/\/www.edesia.al\/?post_type=product&#038;p=7228"},"modified":"2026-02-25T18:46:58","modified_gmt":"2026-02-25T18:46:58","slug":"bullgur","status":"publish","type":"product","link":"https:\/\/www.edesia.al\/?product=bullgur","title":{"rendered":"Bullgur"},"content":{"rendered":"<h3 data-start=\"78\" data-end=\"437\"><strong data-start=\"78\" data-end=\"150\">Bullgur 500g \u2013 Me Grur\u00eb Durum t\u00eb Fort\u00eb, Jo i Modifikuar Gjenetikisht<\/strong><\/h3>\n<p data-start=\"78\" data-end=\"437\">\u00a0Ky bullgur p\u00ebrgatitet nga grur\u00eb <strong data-start=\"270\" data-end=\"288\">durum t\u00eb fort\u00eb<\/strong>, i pa modifikuar gjenetikisht, dhe p\u00ebrmban nj\u00eb <strong data-start=\"336\" data-end=\"368\">form\u00eb m\u00eb t\u00eb but\u00eb t\u00eb glutenit<\/strong>, duke qen\u00eb m\u00eb i leht\u00eb p\u00ebr tretje krahasuar me drith\u00ebrat e p\u00ebrpunuar.<\/p>\n<p data-start=\"78\" data-end=\"437\">Ideale p\u00ebr ata q\u00eb k\u00ebrkojn\u00eb nj\u00eb ushqim t\u00eb sh\u00ebndetsh\u00ebm, t\u00eb pasur me fibra dhe q\u00eb p\u00ebrgatitet p\u00ebr disa minuta.<\/p>\n<h3 data-start=\"550\" data-end=\"573\">\u2714 Pse ta zgjedh\u00ebsh:<\/h3>\n<ul data-start=\"574\" data-end=\"908\">\n<li data-start=\"574\" data-end=\"640\">\n<p data-start=\"576\" data-end=\"640\">I <strong data-start=\"578\" data-end=\"596\">pasur me fibra<\/strong> q\u00eb ndihmojn\u00eb tretjen dhe ngopjen natyrale<\/p>\n<\/li>\n<li data-start=\"641\" data-end=\"726\">\n<p data-start=\"643\" data-end=\"726\">Me <strong data-start=\"646\" data-end=\"667\">gluten jo agresiv<\/strong>, i p\u00ebrshtatsh\u00ebm p\u00ebr ata q\u00eb nuk kan\u00eb intoleranc\u00eb t\u00eb lart\u00eb<\/p>\n<\/li>\n<li data-start=\"727\" data-end=\"819\">\n<p data-start=\"729\" data-end=\"819\">I <strong data-start=\"731\" data-end=\"759\">leht\u00eb p\u00ebr t\u2019u p\u00ebrgatitur<\/strong> \u2013 thjesht zbutet me uj\u00eb t\u00eb nxeht\u00eb ose ziej p\u00ebr pak minuta<\/p>\n<\/li>\n<li data-start=\"820\" data-end=\"908\">\n<p data-start=\"822\" data-end=\"908\">I p\u00ebrshtatsh\u00ebm p\u00ebr <strong data-start=\"841\" data-end=\"908\">sallata t\u00eb fresk\u00ebta, tabbouleh, pjata me perime, pilaf apo supa<\/strong><\/p>\n<\/li>\n<\/ul>\n<h3 data-start=\"910\" data-end=\"938\">\ud83e\udd63P\u00ebrdorimi:<\/h3>\n<p data-start=\"939\" data-end=\"1097\">P\u00ebr 1 got\u00eb bullgur, shtoni 2 gota uj\u00eb t\u00eb nxeht\u00eb, mbulojeni dhe lini 10-15 minuta. Shtoni er\u00ebza, perime ose vaj ulliri p\u00ebr nj\u00eb pjat\u00eb t\u00eb shpejt\u00eb dhe plot shije.<\/p>\n","protected":false},"excerpt":{"rendered":"<p>Bullgur me grur\u00eb durum t\u00eb fort\u00eb, jo i modifikuar gjenetikisht. M\u00eb i leht\u00eb p\u00ebr tretje, p\u00ebrgatitet shpejt dhe p\u00ebrshtatet leht\u00eb n\u00eb \u00e7do recet\u00eb. .<\/p>\n","protected":false},"featured_media":7281,"comment_status":"open","ping_status":"closed","template":"","meta":{"_acf_changed":false,"inline_featured_image":false},"kategori-sipas-dietave":[],"kategori-sipas-problemeve-shende":[],"product_brand":[32],"product_cat":[70,26],"product_tag":[209],"class_list":{"0":"post-7228","1":"product","2":"type-product","3":"status-publish","4":"has-post-thumbnail","6":"product_brand-bioagros","7":"product_cat-drithra-cereale","8":"product_cat-ushqime-bio","9":"product_tag-bullgur-organik","11":"first","12":"instock","13":"taxable","14":"shipping-taxable","15":"purchasable","16":"product-type-simple"},"acf":[],"yoast_head":"<!-- This site is optimized with the Yoast SEO plugin v27.4 - https:\/\/yoast.com\/product\/yoast-seo-wordpress\/ -->\n<title>Bullgur - Edesia<\/title>\n<meta name=\"robots\" content=\"index, follow, max-snippet:-1, max-image-preview:large, max-video-preview:-1\" \/>\n<link rel=\"canonical\" href=\"https:\/\/www.edesia.al\/?product=bullgur\" \/>\n<meta property=\"og:locale\" content=\"en_US\" \/>\n<meta property=\"og:type\" content=\"article\" \/>\n<meta property=\"og:title\" content=\"Bullgur - Edesia\" \/>\n<meta property=\"og:description\" content=\"Bullgur me grur\u00eb durum t\u00eb fort\u00eb, jo i modifikuar gjenetikisht. M\u00eb i leht\u00eb p\u00ebr tretje, p\u00ebrgatitet shpejt dhe p\u00ebrshtatet leht\u00eb n\u00eb \u00e7do recet\u00eb. .\" \/>\n<meta property=\"og:url\" content=\"https:\/\/www.edesia.al\/?product=bullgur\" \/>\n<meta property=\"og:site_name\" content=\"Edesia\" \/>\n<meta property=\"article:modified_time\" content=\"2026-02-25T18:46:58+00:00\" \/>\n<meta property=\"og:image\" content=\"https:\/\/www.edesia.al\/wp-content\/uploads\/2026\/02\/221029678-1.png\" \/>\n\t<meta property=\"og:image:width\" content=\"500\" \/>\n\t<meta property=\"og:image:height\" content=\"500\" \/>\n\t<meta property=\"og:image:type\" content=\"image\/png\" \/>\n<meta name=\"twitter:card\" content=\"summary_large_image\" \/>\n<meta name=\"twitter:label1\" content=\"Est. reading time\" \/>\n\t<meta name=\"twitter:data1\" content=\"1 minute\" \/>\n<script type=\"application\/ld+json\" class=\"yoast-schema-graph\">{\"@context\":\"https:\\\/\\\/schema.org\",\"@graph\":[{\"@type\":\"WebPage\",\"@id\":\"https:\\\/\\\/www.edesia.al\\\/?product=bullgur\",\"url\":\"https:\\\/\\\/www.edesia.al\\\/?product=bullgur\",\"name\":\"Bullgur - Edesia\",\"isPartOf\":{\"@id\":\"https:\\\/\\\/www.edesia.al\\\/#website\"},\"primaryImageOfPage\":{\"@id\":\"https:\\\/\\\/www.edesia.al\\\/?product=bullgur#primaryimage\"},\"image\":{\"@id\":\"https:\\\/\\\/www.edesia.al\\\/?product=bullgur#primaryimage\"},\"thumbnailUrl\":\"https:\\\/\\\/www.edesia.al\\\/wp-content\\\/uploads\\\/2026\\\/02\\\/221029678-1.png\",\"datePublished\":\"2026-02-16T21:14:02+00:00\",\"dateModified\":\"2026-02-25T18:46:58+00:00\",\"breadcrumb\":{\"@id\":\"https:\\\/\\\/www.edesia.al\\\/?product=bullgur#breadcrumb\"},\"inLanguage\":\"en-US\",\"potentialAction\":[{\"@type\":\"ReadAction\",\"target\":[\"https:\\\/\\\/www.edesia.al\\\/?product=bullgur\"]}]},{\"@type\":\"ImageObject\",\"inLanguage\":\"en-US\",\"@id\":\"https:\\\/\\\/www.edesia.al\\\/?product=bullgur#primaryimage\",\"url\":\"https:\\\/\\\/www.edesia.al\\\/wp-content\\\/uploads\\\/2026\\\/02\\\/221029678-1.png\",\"contentUrl\":\"https:\\\/\\\/www.edesia.al\\\/wp-content\\\/uploads\\\/2026\\\/02\\\/221029678-1.png\",\"width\":500,\"height\":500},{\"@type\":\"BreadcrumbList\",\"@id\":\"https:\\\/\\\/www.edesia.al\\\/?product=bullgur#breadcrumb\",\"itemListElement\":[{\"@type\":\"ListItem\",\"position\":1,\"name\":\"Home\",\"item\":\"https:\\\/\\\/www.edesia.al\\\/\"},{\"@type\":\"ListItem\",\"position\":2,\"name\":\"Dyqani\",\"item\":\"https:\\\/\\\/www.edesia.al\\\/?page_id=17\"},{\"@type\":\"ListItem\",\"position\":3,\"name\":\"Bullgur\"}]},{\"@type\":\"WebSite\",\"@id\":\"https:\\\/\\\/www.edesia.al\\\/#website\",\"url\":\"https:\\\/\\\/www.edesia.al\\\/\",\"name\":\"Edesia\",\"description\":\"\",\"publisher\":{\"@id\":\"https:\\\/\\\/www.edesia.al\\\/#organization\"},\"potentialAction\":[{\"@type\":\"SearchAction\",\"target\":{\"@type\":\"EntryPoint\",\"urlTemplate\":\"https:\\\/\\\/www.edesia.al\\\/?s={search_term_string}\"},\"query-input\":{\"@type\":\"PropertyValueSpecification\",\"valueRequired\":true,\"valueName\":\"search_term_string\"}}],\"inLanguage\":\"en-US\"},{\"@type\":\"Organization\",\"@id\":\"https:\\\/\\\/www.edesia.al\\\/#organization\",\"name\":\"Edesia\",\"url\":\"https:\\\/\\\/www.edesia.al\\\/\",\"logo\":{\"@type\":\"ImageObject\",\"inLanguage\":\"en-US\",\"@id\":\"https:\\\/\\\/www.edesia.al\\\/#\\\/schema\\\/logo\\\/image\\\/\",\"url\":\"https:\\\/\\\/www.edesia.al\\\/wp-content\\\/uploads\\\/2026\\\/02\\\/Logo-Edesia-no-background.png\",\"contentUrl\":\"https:\\\/\\\/www.edesia.al\\\/wp-content\\\/uploads\\\/2026\\\/02\\\/Logo-Edesia-no-background.png\",\"width\":293,\"height\":158,\"caption\":\"Edesia\"},\"image\":{\"@id\":\"https:\\\/\\\/www.edesia.al\\\/#\\\/schema\\\/logo\\\/image\\\/\"}}]}<\/script>\n<!-- \/ Yoast SEO plugin. -->","yoast_head_json":{"title":"Bullgur - Edesia","robots":{"index":"index","follow":"follow","max-snippet":"max-snippet:-1","max-image-preview":"max-image-preview:large","max-video-preview":"max-video-preview:-1"},"canonical":"https:\/\/www.edesia.al\/?product=bullgur","og_locale":"en_US","og_type":"article","og_title":"Bullgur - Edesia","og_description":"Bullgur me grur\u00eb durum t\u00eb fort\u00eb, jo i modifikuar gjenetikisht. M\u00eb i leht\u00eb p\u00ebr tretje, p\u00ebrgatitet shpejt dhe p\u00ebrshtatet leht\u00eb n\u00eb \u00e7do recet\u00eb. .","og_url":"https:\/\/www.edesia.al\/?product=bullgur","og_site_name":"Edesia","article_modified_time":"2026-02-25T18:46:58+00:00","og_image":[{"width":500,"height":500,"url":"https:\/\/www.edesia.al\/wp-content\/uploads\/2026\/02\/221029678-1.png","type":"image\/png"}],"twitter_card":"summary_large_image","twitter_misc":{"Est. reading time":"1 minute"},"schema":{"@context":"https:\/\/schema.org","@graph":[{"@type":"WebPage","@id":"https:\/\/www.edesia.al\/?product=bullgur","url":"https:\/\/www.edesia.al\/?product=bullgur","name":"Bullgur - Edesia","isPartOf":{"@id":"https:\/\/www.edesia.al\/#website"},"primaryImageOfPage":{"@id":"https:\/\/www.edesia.al\/?product=bullgur#primaryimage"},"image":{"@id":"https:\/\/www.edesia.al\/?product=bullgur#primaryimage"},"thumbnailUrl":"https:\/\/www.edesia.al\/wp-content\/uploads\/2026\/02\/221029678-1.png","datePublished":"2026-02-16T21:14:02+00:00","dateModified":"2026-02-25T18:46:58+00:00","breadcrumb":{"@id":"https:\/\/www.edesia.al\/?product=bullgur#breadcrumb"},"inLanguage":"en-US","potentialAction":[{"@type":"ReadAction","target":["https:\/\/www.edesia.al\/?product=bullgur"]}]},{"@type":"ImageObject","inLanguage":"en-US","@id":"https:\/\/www.edesia.al\/?product=bullgur#primaryimage","url":"https:\/\/www.edesia.al\/wp-content\/uploads\/2026\/02\/221029678-1.png","contentUrl":"https:\/\/www.edesia.al\/wp-content\/uploads\/2026\/02\/221029678-1.png","width":500,"height":500},{"@type":"BreadcrumbList","@id":"https:\/\/www.edesia.al\/?product=bullgur#breadcrumb","itemListElement":[{"@type":"ListItem","position":1,"name":"Home","item":"https:\/\/www.edesia.al\/"},{"@type":"ListItem","position":2,"name":"Dyqani","item":"https:\/\/www.edesia.al\/?page_id=17"},{"@type":"ListItem","position":3,"name":"Bullgur"}]},{"@type":"WebSite","@id":"https:\/\/www.edesia.al\/#website","url":"https:\/\/www.edesia.al\/","name":"Edesia","description":"","publisher":{"@id":"https:\/\/www.edesia.al\/#organization"},"potentialAction":[{"@type":"SearchAction","target":{"@type":"EntryPoint","urlTemplate":"https:\/\/www.edesia.al\/?s={search_term_string}"},"query-input":{"@type":"PropertyValueSpecification","valueRequired":true,"valueName":"search_term_string"}}],"inLanguage":"en-US"},{"@type":"Organization","@id":"https:\/\/www.edesia.al\/#organization","name":"Edesia","url":"https:\/\/www.edesia.al\/","logo":{"@type":"ImageObject","inLanguage":"en-US","@id":"https:\/\/www.edesia.al\/#\/schema\/logo\/image\/","url":"https:\/\/www.edesia.al\/wp-content\/uploads\/2026\/02\/Logo-Edesia-no-background.png","contentUrl":"https:\/\/www.edesia.al\/wp-content\/uploads\/2026\/02\/Logo-Edesia-no-background.png","width":293,"height":158,"caption":"Edesia"},"image":{"@id":"https:\/\/www.edesia.al\/#\/schema\/logo\/image\/"}}]}},"_links":{"self":[{"href":"https:\/\/www.edesia.al\/index.php?rest_route=\/wp\/v2\/product\/7228","targetHints":{"allow":["GET"]}}],"collection":[{"href":"https:\/\/www.edesia.al\/index.php?rest_route=\/wp\/v2\/product"}],"about":[{"href":"https:\/\/www.edesia.al\/index.php?rest_route=\/wp\/v2\/types\/product"}],"replies":[{"embeddable":true,"href":"https:\/\/www.edesia.al\/index.php?rest_route=%2Fwp%2Fv2%2Fcomments&post=7228"}],"wp:featuredmedia":[{"embeddable":true,"href":"https:\/\/www.edesia.al\/index.php?rest_route=\/wp\/v2\/media\/7281"}],"wp:attachment":[{"href":"https:\/\/www.edesia.al\/index.php?rest_route=%2Fwp%2Fv2%2Fmedia&parent=7228"}],"wp:term":[{"taxonomy":"kategori-sipas-dietave","embeddable":true,"href":"https:\/\/www.edesia.al\/index.php?rest_route=%2Fwp%2Fv2%2Fkategori-sipas-dietave&post=7228"},{"taxonomy":"kategori-sipas-problemeve-shende","embeddable":true,"href":"https:\/\/www.edesia.al\/index.php?rest_route=%2Fwp%2Fv2%2Fkategori-sipas-problemeve-shende&post=7228"},{"taxonomy":"product_brand","embeddable":true,"href":"https:\/\/www.edesia.al\/index.php?rest_route=%2Fwp%2Fv2%2Fproduct_brand&post=7228"},{"taxonomy":"product_cat","embeddable":true,"href":"https:\/\/www.edesia.al\/index.php?rest_route=%2Fwp%2Fv2%2Fproduct_cat&post=7228"},{"taxonomy":"product_tag","embeddable":true,"href":"https:\/\/www.edesia.al\/index.php?rest_route=%2Fwp%2Fv2%2Fproduct_tag&post=7228"}],"curies":[{"name":"wp","href":"https:\/\/api.w.org\/{rel}","templated":true}]}}