{"id":7257,"date":"2026-02-16T21:14:24","date_gmt":"2026-02-16T21:14:24","guid":{"rendered":"https:\/\/www.edesia.al\/?post_type=product&#038;p=7257"},"modified":"2026-02-26T11:55:14","modified_gmt":"2026-02-26T11:55:14","slug":"caj-bio-per-menopauze","status":"publish","type":"product","link":"https:\/\/www.edesia.al\/?product=caj-bio-per-menopauze","title":{"rendered":"\u00c7aj Bio p\u00ebr Menopauz\u00eb"},"content":{"rendered":"<h3>\u00c7aj Bio p\u00ebr Menopauz\u00eb 27g<\/h3>\n<p>Ky \u00e7aj me bustin\u00eb \u00ebsht\u00eb formuluar posa\u00e7\u00ebrisht p\u00ebr t\u00eb mb\u00ebshtetur trupin e gruas gjat\u00eb periudh\u00ebs s\u00eb menopauz\u00ebs dhe pas saj. P\u00ebrmban nj\u00eb p\u00ebrzierje t\u00eb pasur bim\u00ebsh t\u00eb <strong data-start=\"480\" data-end=\"505\">certifikuara organike<\/strong> q\u00eb ndihmojn\u00eb n\u00eb <strong data-start=\"522\" data-end=\"612\">balancimin hormonal, qet\u00ebsimin emocional dhe p\u00ebrmir\u00ebsimin e mir\u00ebqenies s\u00eb p\u00ebrgjithshme<\/strong>.<\/p>\n<p data-start=\"615\" data-end=\"632\">N\u00eb p\u00ebrb\u00ebrje ka:<\/p>\n<ul data-start=\"633\" data-end=\"1203\">\n<li data-start=\"633\" data-end=\"773\">\n<p data-start=\"635\" data-end=\"773\"><strong data-start=\"635\" data-end=\"667\">Mantel zonje (Lady&#8217;s mantle)<\/strong> \u2013 e njohur p\u00ebr mb\u00ebshtetjen q\u00eb i jep sistemit riprodhues dhe p\u00ebr balancimin hormonal n\u00eb m\u00ebnyr\u00eb natyrale.<\/p>\n<\/li>\n<li data-start=\"774\" data-end=\"888\">\n<p data-start=\"776\" data-end=\"888\"><strong data-start=\"776\" data-end=\"796\">Gjethe manaferre<\/strong> \u2013 ndihmojn\u00eb n\u00eb leht\u00ebsimin e djersitjeve t\u00eb nat\u00ebs dhe p\u00ebrforcojn\u00eb trupin me antioksidant\u00eb.<\/p>\n<\/li>\n<li data-start=\"889\" data-end=\"992\">\n<p data-start=\"891\" data-end=\"992\"><strong data-start=\"891\" data-end=\"913\">Bar blete (melisa)<\/strong> \u2013 qet\u00ebson sistemin nervor, ndihmon n\u00eb p\u00ebrballimin e ankthit dhe pagjum\u00ebsis\u00eb.<\/p>\n<\/li>\n<li data-start=\"993\" data-end=\"1101\">\n<p data-start=\"995\" data-end=\"1101\"><strong data-start=\"995\" data-end=\"1015\">Sherebel\u00eb<\/strong>\u00a0\u2013 p\u00ebrdoret gjer\u00ebsisht p\u00ebr t\u00eb reduktuar ndjesh\u00ebm djersitjet dhe nxeht\u00ebsin\u00eb e trupit.<\/p>\n<\/li>\n<li data-start=\"1102\" data-end=\"1203\">\n<p data-start=\"1104\" data-end=\"1203\"><strong data-start=\"1104\" data-end=\"1137\">T\u00ebrfil i \u00ebmb\u00ebl <\/strong>\u00a0\u2013 ndihmon n\u00eb qarkullimin e gjakut dhe qet\u00ebson tensionet e trupit.<\/p>\n<\/li>\n<\/ul>\n<p>Ky \u00e7aj \u00ebsht\u00eb nj\u00eb mb\u00ebshtetje natyrale p\u00ebr t\u00eb ndihmuar grat\u00eb t\u00eb p\u00ebrballojn\u00eb ndryshimet fizike dhe emocionale gjat\u00eb menopauz\u00ebs n\u00eb m\u00ebnyr\u00eb t\u00eb but\u00eb dhe efektive.<\/p>\n<p>\u2705 <strong data-start=\"1364\" data-end=\"1393\">I certifikuar Bio &amp; Vegan<\/strong><br data-start=\"1393\" data-end=\"1396\" \/>\u2705 Pa kafein\u00eb dhe pa aditiv\u00eb<br data-start=\"1423\" data-end=\"1426\" \/>\u2705 Ndihmon n\u00eb balancimin hormonal, djersitjet e nat\u00ebs dhe qet\u00ebsimin nervor<br data-start=\"1499\" data-end=\"1502\" \/>\u2705 I p\u00ebrshtatsh\u00ebm p\u00ebr p\u00ebrdorim t\u00eb p\u00ebrditsh\u00ebm gjat\u00eb dhe pas menopauz\u00ebs<\/p>\n<p><strong data-start=\"1572\" data-end=\"1594\">\ud83d\udca1 Si ta p\u00ebrdorni:<\/strong><br data-start=\"1594\" data-end=\"1597\" \/>Nj\u00eb bustin\u00eb n\u00eb 200 ml uj\u00eb t\u00eb valuar. L\u00ebreni p\u00ebr 5\u20137 minuta. Pini 1\u20132 her\u00eb n\u00eb dit\u00eb, sipas nevoj\u00ebs.<\/p>\n","protected":false},"excerpt":{"rendered":"<p data-start=\"1701\" data-end=\"1953\">\u00c7aj bio p\u00ebr menopauz\u00eb me mantel zonje, manaferra, bar blete, sherebel\u00eb dhe t\u00ebrfil t\u00eb \u00ebmb\u00ebl.<\/p>\n<p data-start=\"1701\" data-end=\"1953\">Ndihmon n\u00eb balancimin hormonal, djersitjet e nat\u00ebs dhe qet\u00ebsimin emocional.<\/p>\n<p data-start=\"1701\" data-end=\"1953\">Pa kafein\u00eb, i certifikuar organik.<\/p>\n","protected":false},"featured_media":7288,"comment_status":"open","ping_status":"closed","template":"","meta":{"_acf_changed":false,"inline_featured_image":false},"kategori-sipas-dietave":[],"kategori-sipas-problemeve-shende":[84],"product_brand":[35],"product_cat":[27,81],"product_tag":[],"class_list":{"0":"post-7257","1":"product","2":"type-product","3":"status-publish","4":"has-post-thumbnail","6":"kategori-sipas-problemeve-shende-suport-hormonal","7":"product_brand-sonnentor-sh-p-k","8":"product_cat-bime-mjekesore","9":"product_cat-caj-bime-mjekesore","11":"first","12":"instock","13":"taxable","14":"shipping-taxable","15":"purchasable","16":"product-type-simple"},"acf":[],"yoast_head":"<!-- This site is optimized with the Yoast SEO plugin v27.4 - https:\/\/yoast.com\/product\/yoast-seo-wordpress\/ -->\n<title>\u00c7aj Bio p\u00ebr Menopauz\u00eb - Edesia<\/title>\n<meta name=\"robots\" content=\"index, follow, max-snippet:-1, max-image-preview:large, max-video-preview:-1\" \/>\n<link rel=\"canonical\" href=\"https:\/\/www.edesia.al\/?product=caj-bio-per-menopauze\" \/>\n<meta property=\"og:locale\" content=\"en_US\" \/>\n<meta property=\"og:type\" content=\"article\" \/>\n<meta property=\"og:title\" content=\"\u00c7aj Bio p\u00ebr Menopauz\u00eb - Edesia\" \/>\n<meta property=\"og:description\" content=\"\u00c7aj bio p\u00ebr menopauz\u00eb me mantel zonje, manaferra, bar blete, sherebel\u00eb dhe t\u00ebrfil t\u00eb \u00ebmb\u00ebl. Ndihmon n\u00eb balancimin hormonal, djersitjet e nat\u00ebs dhe qet\u00ebsimin emocional. Pa kafein\u00eb, i certifikuar organik.\" \/>\n<meta property=\"og:url\" content=\"https:\/\/www.edesia.al\/?product=caj-bio-per-menopauze\" \/>\n<meta property=\"og:site_name\" content=\"Edesia\" \/>\n<meta property=\"article:modified_time\" content=\"2026-02-26T11:55:14+00:00\" \/>\n<meta property=\"og:image\" content=\"https:\/\/www.edesia.al\/wp-content\/uploads\/2026\/02\/02584_Im_Wechsel_Wieder_gut.b3badea9-1.jpg\" \/>\n\t<meta property=\"og:image:width\" content=\"593\" \/>\n\t<meta property=\"og:image:height\" content=\"593\" \/>\n\t<meta property=\"og:image:type\" content=\"image\/jpeg\" \/>\n<meta name=\"twitter:card\" content=\"summary_large_image\" \/>\n<meta name=\"twitter:label1\" content=\"Est. reading time\" \/>\n\t<meta name=\"twitter:data1\" content=\"1 minute\" \/>\n<script type=\"application\/ld+json\" class=\"yoast-schema-graph\">{\"@context\":\"https:\\\/\\\/schema.org\",\"@graph\":[{\"@type\":\"WebPage\",\"@id\":\"https:\\\/\\\/www.edesia.al\\\/?product=caj-bio-per-menopauze\",\"url\":\"https:\\\/\\\/www.edesia.al\\\/?product=caj-bio-per-menopauze\",\"name\":\"\u00c7aj Bio p\u00ebr Menopauz\u00eb - Edesia\",\"isPartOf\":{\"@id\":\"https:\\\/\\\/www.edesia.al\\\/#website\"},\"primaryImageOfPage\":{\"@id\":\"https:\\\/\\\/www.edesia.al\\\/?product=caj-bio-per-menopauze#primaryimage\"},\"image\":{\"@id\":\"https:\\\/\\\/www.edesia.al\\\/?product=caj-bio-per-menopauze#primaryimage\"},\"thumbnailUrl\":\"https:\\\/\\\/www.edesia.al\\\/wp-content\\\/uploads\\\/2026\\\/02\\\/02584_Im_Wechsel_Wieder_gut.b3badea9-1.jpg\",\"datePublished\":\"2026-02-16T21:14:24+00:00\",\"dateModified\":\"2026-02-26T11:55:14+00:00\",\"breadcrumb\":{\"@id\":\"https:\\\/\\\/www.edesia.al\\\/?product=caj-bio-per-menopauze#breadcrumb\"},\"inLanguage\":\"en-US\",\"potentialAction\":[{\"@type\":\"ReadAction\",\"target\":[\"https:\\\/\\\/www.edesia.al\\\/?product=caj-bio-per-menopauze\"]}]},{\"@type\":\"ImageObject\",\"inLanguage\":\"en-US\",\"@id\":\"https:\\\/\\\/www.edesia.al\\\/?product=caj-bio-per-menopauze#primaryimage\",\"url\":\"https:\\\/\\\/www.edesia.al\\\/wp-content\\\/uploads\\\/2026\\\/02\\\/02584_Im_Wechsel_Wieder_gut.b3badea9-1.jpg\",\"contentUrl\":\"https:\\\/\\\/www.edesia.al\\\/wp-content\\\/uploads\\\/2026\\\/02\\\/02584_Im_Wechsel_Wieder_gut.b3badea9-1.jpg\",\"width\":593,\"height\":593},{\"@type\":\"BreadcrumbList\",\"@id\":\"https:\\\/\\\/www.edesia.al\\\/?product=caj-bio-per-menopauze#breadcrumb\",\"itemListElement\":[{\"@type\":\"ListItem\",\"position\":1,\"name\":\"Home\",\"item\":\"https:\\\/\\\/www.edesia.al\\\/\"},{\"@type\":\"ListItem\",\"position\":2,\"name\":\"Dyqani\",\"item\":\"https:\\\/\\\/www.edesia.al\\\/?page_id=17\"},{\"@type\":\"ListItem\",\"position\":3,\"name\":\"\u00c7aj Bio p\u00ebr Menopauz\u00eb\"}]},{\"@type\":\"WebSite\",\"@id\":\"https:\\\/\\\/www.edesia.al\\\/#website\",\"url\":\"https:\\\/\\\/www.edesia.al\\\/\",\"name\":\"Edesia\",\"description\":\"\",\"publisher\":{\"@id\":\"https:\\\/\\\/www.edesia.al\\\/#organization\"},\"potentialAction\":[{\"@type\":\"SearchAction\",\"target\":{\"@type\":\"EntryPoint\",\"urlTemplate\":\"https:\\\/\\\/www.edesia.al\\\/?s={search_term_string}\"},\"query-input\":{\"@type\":\"PropertyValueSpecification\",\"valueRequired\":true,\"valueName\":\"search_term_string\"}}],\"inLanguage\":\"en-US\"},{\"@type\":\"Organization\",\"@id\":\"https:\\\/\\\/www.edesia.al\\\/#organization\",\"name\":\"Edesia\",\"url\":\"https:\\\/\\\/www.edesia.al\\\/\",\"logo\":{\"@type\":\"ImageObject\",\"inLanguage\":\"en-US\",\"@id\":\"https:\\\/\\\/www.edesia.al\\\/#\\\/schema\\\/logo\\\/image\\\/\",\"url\":\"https:\\\/\\\/www.edesia.al\\\/wp-content\\\/uploads\\\/2026\\\/02\\\/Logo-Edesia-no-background.png\",\"contentUrl\":\"https:\\\/\\\/www.edesia.al\\\/wp-content\\\/uploads\\\/2026\\\/02\\\/Logo-Edesia-no-background.png\",\"width\":293,\"height\":158,\"caption\":\"Edesia\"},\"image\":{\"@id\":\"https:\\\/\\\/www.edesia.al\\\/#\\\/schema\\\/logo\\\/image\\\/\"}}]}<\/script>\n<!-- \/ Yoast SEO plugin. -->","yoast_head_json":{"title":"\u00c7aj Bio p\u00ebr Menopauz\u00eb - Edesia","robots":{"index":"index","follow":"follow","max-snippet":"max-snippet:-1","max-image-preview":"max-image-preview:large","max-video-preview":"max-video-preview:-1"},"canonical":"https:\/\/www.edesia.al\/?product=caj-bio-per-menopauze","og_locale":"en_US","og_type":"article","og_title":"\u00c7aj Bio p\u00ebr Menopauz\u00eb - Edesia","og_description":"\u00c7aj bio p\u00ebr menopauz\u00eb me mantel zonje, manaferra, bar blete, sherebel\u00eb dhe t\u00ebrfil t\u00eb \u00ebmb\u00ebl. Ndihmon n\u00eb balancimin hormonal, djersitjet e nat\u00ebs dhe qet\u00ebsimin emocional. Pa kafein\u00eb, i certifikuar organik.","og_url":"https:\/\/www.edesia.al\/?product=caj-bio-per-menopauze","og_site_name":"Edesia","article_modified_time":"2026-02-26T11:55:14+00:00","og_image":[{"width":593,"height":593,"url":"https:\/\/www.edesia.al\/wp-content\/uploads\/2026\/02\/02584_Im_Wechsel_Wieder_gut.b3badea9-1.jpg","type":"image\/jpeg"}],"twitter_card":"summary_large_image","twitter_misc":{"Est. reading time":"1 minute"},"schema":{"@context":"https:\/\/schema.org","@graph":[{"@type":"WebPage","@id":"https:\/\/www.edesia.al\/?product=caj-bio-per-menopauze","url":"https:\/\/www.edesia.al\/?product=caj-bio-per-menopauze","name":"\u00c7aj Bio p\u00ebr Menopauz\u00eb - Edesia","isPartOf":{"@id":"https:\/\/www.edesia.al\/#website"},"primaryImageOfPage":{"@id":"https:\/\/www.edesia.al\/?product=caj-bio-per-menopauze#primaryimage"},"image":{"@id":"https:\/\/www.edesia.al\/?product=caj-bio-per-menopauze#primaryimage"},"thumbnailUrl":"https:\/\/www.edesia.al\/wp-content\/uploads\/2026\/02\/02584_Im_Wechsel_Wieder_gut.b3badea9-1.jpg","datePublished":"2026-02-16T21:14:24+00:00","dateModified":"2026-02-26T11:55:14+00:00","breadcrumb":{"@id":"https:\/\/www.edesia.al\/?product=caj-bio-per-menopauze#breadcrumb"},"inLanguage":"en-US","potentialAction":[{"@type":"ReadAction","target":["https:\/\/www.edesia.al\/?product=caj-bio-per-menopauze"]}]},{"@type":"ImageObject","inLanguage":"en-US","@id":"https:\/\/www.edesia.al\/?product=caj-bio-per-menopauze#primaryimage","url":"https:\/\/www.edesia.al\/wp-content\/uploads\/2026\/02\/02584_Im_Wechsel_Wieder_gut.b3badea9-1.jpg","contentUrl":"https:\/\/www.edesia.al\/wp-content\/uploads\/2026\/02\/02584_Im_Wechsel_Wieder_gut.b3badea9-1.jpg","width":593,"height":593},{"@type":"BreadcrumbList","@id":"https:\/\/www.edesia.al\/?product=caj-bio-per-menopauze#breadcrumb","itemListElement":[{"@type":"ListItem","position":1,"name":"Home","item":"https:\/\/www.edesia.al\/"},{"@type":"ListItem","position":2,"name":"Dyqani","item":"https:\/\/www.edesia.al\/?page_id=17"},{"@type":"ListItem","position":3,"name":"\u00c7aj Bio p\u00ebr Menopauz\u00eb"}]},{"@type":"WebSite","@id":"https:\/\/www.edesia.al\/#website","url":"https:\/\/www.edesia.al\/","name":"Edesia","description":"","publisher":{"@id":"https:\/\/www.edesia.al\/#organization"},"potentialAction":[{"@type":"SearchAction","target":{"@type":"EntryPoint","urlTemplate":"https:\/\/www.edesia.al\/?s={search_term_string}"},"query-input":{"@type":"PropertyValueSpecification","valueRequired":true,"valueName":"search_term_string"}}],"inLanguage":"en-US"},{"@type":"Organization","@id":"https:\/\/www.edesia.al\/#organization","name":"Edesia","url":"https:\/\/www.edesia.al\/","logo":{"@type":"ImageObject","inLanguage":"en-US","@id":"https:\/\/www.edesia.al\/#\/schema\/logo\/image\/","url":"https:\/\/www.edesia.al\/wp-content\/uploads\/2026\/02\/Logo-Edesia-no-background.png","contentUrl":"https:\/\/www.edesia.al\/wp-content\/uploads\/2026\/02\/Logo-Edesia-no-background.png","width":293,"height":158,"caption":"Edesia"},"image":{"@id":"https:\/\/www.edesia.al\/#\/schema\/logo\/image\/"}}]}},"_links":{"self":[{"href":"https:\/\/www.edesia.al\/index.php?rest_route=\/wp\/v2\/product\/7257","targetHints":{"allow":["GET"]}}],"collection":[{"href":"https:\/\/www.edesia.al\/index.php?rest_route=\/wp\/v2\/product"}],"about":[{"href":"https:\/\/www.edesia.al\/index.php?rest_route=\/wp\/v2\/types\/product"}],"replies":[{"embeddable":true,"href":"https:\/\/www.edesia.al\/index.php?rest_route=%2Fwp%2Fv2%2Fcomments&post=7257"}],"wp:featuredmedia":[{"embeddable":true,"href":"https:\/\/www.edesia.al\/index.php?rest_route=\/wp\/v2\/media\/7288"}],"wp:attachment":[{"href":"https:\/\/www.edesia.al\/index.php?rest_route=%2Fwp%2Fv2%2Fmedia&parent=7257"}],"wp:term":[{"taxonomy":"kategori-sipas-dietave","embeddable":true,"href":"https:\/\/www.edesia.al\/index.php?rest_route=%2Fwp%2Fv2%2Fkategori-sipas-dietave&post=7257"},{"taxonomy":"kategori-sipas-problemeve-shende","embeddable":true,"href":"https:\/\/www.edesia.al\/index.php?rest_route=%2Fwp%2Fv2%2Fkategori-sipas-problemeve-shende&post=7257"},{"taxonomy":"product_brand","embeddable":true,"href":"https:\/\/www.edesia.al\/index.php?rest_route=%2Fwp%2Fv2%2Fproduct_brand&post=7257"},{"taxonomy":"product_cat","embeddable":true,"href":"https:\/\/www.edesia.al\/index.php?rest_route=%2Fwp%2Fv2%2Fproduct_cat&post=7257"},{"taxonomy":"product_tag","embeddable":true,"href":"https:\/\/www.edesia.al\/index.php?rest_route=%2Fwp%2Fv2%2Fproduct_tag&post=7257"}],"curies":[{"name":"wp","href":"https:\/\/api.w.org\/{rel}","templated":true}]}}