{"id":7259,"date":"2026-02-16T21:14:25","date_gmt":"2026-02-16T21:14:25","guid":{"rendered":"https:\/\/www.edesia.al\/?post_type=product&#038;p=7259"},"modified":"2026-02-16T21:14:40","modified_gmt":"2026-02-16T21:14:40","slug":"kurkuma-latte-bio-me-xhinxher-dhe-ereza","status":"publish","type":"product","link":"https:\/\/www.edesia.al\/?product=kurkuma-latte-bio-me-xhinxher-dhe-ereza","title":{"rendered":"Kurkuma Latte Bio me Xhinxher dhe Er\u00ebza"},"content":{"rendered":"<h3>Kurkuma Latte Bio me Xhinxher dhe Er\u00ebza 230g<\/h3>\n<p><strong data-start=\"499\" data-end=\"520\">Kurkuma Latte Bio<\/strong> 230g \u00ebsht\u00eb nj\u00eb p\u00ebrzierje e balancuar dhe natyrale e bazuar n\u00eb tradit\u00ebn ajurvedike (nj\u00eb m\u00ebnyr\u00eb jetese e bazuar n\u00eb natyr\u00eb), e cila kombinon <strong data-start=\"620\" data-end=\"632\">kurkum\u00ebn<\/strong> (53%) me er\u00ebza funksionale si <strong data-start=\"657\" data-end=\"719\">xhinxheri, kanella, kardamomi, arr\u00eb moskat dhe piperi i zi<\/strong>. Ky kombinim p\u00ebrgatitet p\u00ebr t\u00eb krijuar nj\u00eb pije t\u00eb ngroht\u00eb me veti ushqyese dhe arom\u00eb karakteristike, t\u00eb p\u00ebrshtatshme p\u00ebr konsum t\u00eb p\u00ebrditsh\u00ebm.<\/p>\n<p><strong>P\u00ebrfitimet:<\/strong><\/p>\n<ul>\n<li data-start=\"910\" data-end=\"1044\">\n<p data-start=\"912\" data-end=\"1044\"><strong data-start=\"912\" data-end=\"923\">Kurkuma<\/strong> (shafran indie) p\u00ebrmban kurkumin\u00eb, nj\u00eb substanc\u00eb aktive me veti t\u00eb njohura <strong data-start=\"999\" data-end=\"1019\">anti-inflamatore<\/strong> dhe <strong data-start=\"1024\" data-end=\"1041\">antioksiduese<\/strong>.<\/p>\n<\/li>\n<li data-start=\"1045\" data-end=\"1162\">\n<p data-start=\"1047\" data-end=\"1162\"><strong data-start=\"1047\" data-end=\"1076\">Xhinxheri dhe piperi i zi<\/strong> ndihmojn\u00eb n\u00eb <strong data-start=\"1090\" data-end=\"1128\">p\u00ebrthithjen optimale t\u00eb kurkumin\u00ebs<\/strong> dhe mb\u00ebshtesin sistemin tret\u00ebs.<\/p>\n<\/li>\n<li data-start=\"1163\" data-end=\"1282\">\n<p data-start=\"1165\" data-end=\"1282\"><strong data-start=\"1165\" data-end=\"1190\">Kanella dhe kardamomi<\/strong> kontribuojn\u00eb n\u00eb balancimin e niveleve t\u00eb sheqerit n\u00eb gjak dhe p\u00ebrmir\u00ebsimin e qarkullimit.<\/p>\n<\/li>\n<li data-start=\"1283\" data-end=\"1356\">\n<p data-start=\"1285\" data-end=\"1356\"><strong data-start=\"1285\" data-end=\"1300\">Arr\u00eb moskat<\/strong> ofron nj\u00eb efekt t\u00eb leht\u00eb relaksues dhe arom\u00eb t\u00eb thell\u00eb<\/p>\n<\/li>\n<\/ul>\n<p>\u2705100% bio dhe vegan<\/p>\n<p data-start=\"1049\" data-end=\"1098\">\u2705Pa sheqer t\u00eb shtuar dhe pa p\u00ebrb\u00ebr\u00ebs artificial\u00eb<\/p>\n<p data-start=\"1101\" data-end=\"1149\">\u2705E pasur me er\u00ebza funksionale dhe antioksidant\u00eb<\/p>\n<p data-start=\"1101\" data-end=\"1149\">\u2705E leht\u00eb p\u00ebr t\u2019u p\u00ebrgatitur \u2013 thjesht shtoni qum\u00ebsht t\u00eb ngroht\u00eb<\/p>\n<p data-start=\"1101\" data-end=\"1149\"><strong data-start=\"1687\" data-end=\"1715\">P\u00ebrdorimi i rekomanduar:<\/strong><br data-start=\"1715\" data-end=\"1718\" \/>P\u00ebrzieni rreth <strong data-start=\"1733\" data-end=\"1755\">1 lug\u00eb \u00e7aji (3-5g)<\/strong> pluhur n\u00eb <strong data-start=\"1766\" data-end=\"1776\">200 ml<\/strong> qum\u00ebsht t\u00eb ngroht\u00eb ose pije bimore. P\u00ebr m\u00eb shum\u00eb shije, mund t\u00eb shtoni edhe mjalt\u00eb. Pija mund t\u00eb konsumohet n\u00eb m\u00ebngjes, pasdite ose para gjumit, si nj\u00eb m\u00ebnyr\u00eb e but\u00eb p\u00ebr t\u00eb ushqyer trupin dhe p\u00ebr t\u00eb qet\u00ebsuar mendjen.<\/p>\n<p data-start=\"1152\" data-end=\"1216\">\n","protected":false},"excerpt":{"rendered":"<p>P\u00ebrzierje funksionale me baz\u00eb kurkume dhe er\u00ebza t\u00eb certifikuara organike, ideale p\u00ebr p\u00ebrgatitjen e nj\u00eb pije t\u00eb ngroht\u00eb dhe t\u00eb sh\u00ebndetshme.<\/p>\n<p>Pa sheqer t\u00eb shtuar. Mb\u00ebshtet sistemin imunitar, tretjen dhe balanc\u00ebn natyrale t\u00eb organizmit.<\/p>\n","protected":false},"featured_media":7291,"comment_status":"open","ping_status":"closed","template":"","meta":{"_acf_changed":false,"inline_featured_image":false},"kategori-sipas-dietave":[],"kategori-sipas-problemeve-shende":[],"product_brand":[],"product_cat":[27],"product_tag":[],"class_list":{"0":"post-7259","1":"product","2":"type-product","3":"status-publish","4":"has-post-thumbnail","6":"product_cat-bime-mjekesore","8":"first","9":"instock","10":"taxable","11":"shipping-taxable","12":"purchasable","13":"product-type-simple"},"acf":[],"yoast_head":"<!-- This site is optimized with the Yoast SEO plugin v27.4 - https:\/\/yoast.com\/product\/yoast-seo-wordpress\/ -->\n<title>Kurkuma Latte Bio me Xhinxher dhe Er\u00ebza - Edesia<\/title>\n<meta name=\"robots\" content=\"index, follow, max-snippet:-1, max-image-preview:large, max-video-preview:-1\" \/>\n<link rel=\"canonical\" href=\"https:\/\/www.edesia.al\/?product=kurkuma-latte-bio-me-xhinxher-dhe-ereza\" \/>\n<meta property=\"og:locale\" content=\"en_US\" \/>\n<meta property=\"og:type\" content=\"article\" \/>\n<meta property=\"og:title\" content=\"Kurkuma Latte Bio me Xhinxher dhe Er\u00ebza - Edesia\" \/>\n<meta property=\"og:description\" content=\"P\u00ebrzierje funksionale me baz\u00eb kurkume dhe er\u00ebza t\u00eb certifikuara organike, ideale p\u00ebr p\u00ebrgatitjen e nj\u00eb pije t\u00eb ngroht\u00eb dhe t\u00eb sh\u00ebndetshme. Pa sheqer t\u00eb shtuar. Mb\u00ebshtet sistemin imunitar, tretjen dhe balanc\u00ebn natyrale t\u00eb organizmit.\" \/>\n<meta property=\"og:url\" content=\"https:\/\/www.edesia.al\/?product=kurkuma-latte-bio-me-xhinxher-dhe-ereza\" \/>\n<meta property=\"og:site_name\" content=\"Edesia\" \/>\n<meta property=\"article:modified_time\" content=\"2026-02-16T21:14:40+00:00\" \/>\n<meta property=\"og:image\" content=\"https:\/\/www.edesia.al\/wp-content\/uploads\/2026\/02\/97831_kurkuma_latte_ingwer.3ae044b9-1.jpg\" \/>\n\t<meta property=\"og:image:width\" content=\"593\" \/>\n\t<meta property=\"og:image:height\" content=\"593\" \/>\n\t<meta property=\"og:image:type\" content=\"image\/jpeg\" \/>\n<meta name=\"twitter:card\" content=\"summary_large_image\" \/>\n<meta name=\"twitter:label1\" content=\"Est. reading time\" \/>\n\t<meta name=\"twitter:data1\" content=\"1 minute\" \/>\n<script type=\"application\/ld+json\" class=\"yoast-schema-graph\">{\"@context\":\"https:\\\/\\\/schema.org\",\"@graph\":[{\"@type\":\"WebPage\",\"@id\":\"https:\\\/\\\/www.edesia.al\\\/?product=kurkuma-latte-bio-me-xhinxher-dhe-ereza\",\"url\":\"https:\\\/\\\/www.edesia.al\\\/?product=kurkuma-latte-bio-me-xhinxher-dhe-ereza\",\"name\":\"Kurkuma Latte Bio me Xhinxher dhe Er\u00ebza - Edesia\",\"isPartOf\":{\"@id\":\"https:\\\/\\\/www.edesia.al\\\/#website\"},\"primaryImageOfPage\":{\"@id\":\"https:\\\/\\\/www.edesia.al\\\/?product=kurkuma-latte-bio-me-xhinxher-dhe-ereza#primaryimage\"},\"image\":{\"@id\":\"https:\\\/\\\/www.edesia.al\\\/?product=kurkuma-latte-bio-me-xhinxher-dhe-ereza#primaryimage\"},\"thumbnailUrl\":\"https:\\\/\\\/www.edesia.al\\\/wp-content\\\/uploads\\\/2026\\\/02\\\/97831_kurkuma_latte_ingwer.3ae044b9-1.jpg\",\"datePublished\":\"2026-02-16T21:14:25+00:00\",\"dateModified\":\"2026-02-16T21:14:40+00:00\",\"breadcrumb\":{\"@id\":\"https:\\\/\\\/www.edesia.al\\\/?product=kurkuma-latte-bio-me-xhinxher-dhe-ereza#breadcrumb\"},\"inLanguage\":\"en-US\",\"potentialAction\":[{\"@type\":\"ReadAction\",\"target\":[\"https:\\\/\\\/www.edesia.al\\\/?product=kurkuma-latte-bio-me-xhinxher-dhe-ereza\"]}]},{\"@type\":\"ImageObject\",\"inLanguage\":\"en-US\",\"@id\":\"https:\\\/\\\/www.edesia.al\\\/?product=kurkuma-latte-bio-me-xhinxher-dhe-ereza#primaryimage\",\"url\":\"https:\\\/\\\/www.edesia.al\\\/wp-content\\\/uploads\\\/2026\\\/02\\\/97831_kurkuma_latte_ingwer.3ae044b9-1.jpg\",\"contentUrl\":\"https:\\\/\\\/www.edesia.al\\\/wp-content\\\/uploads\\\/2026\\\/02\\\/97831_kurkuma_latte_ingwer.3ae044b9-1.jpg\",\"width\":593,\"height\":593},{\"@type\":\"BreadcrumbList\",\"@id\":\"https:\\\/\\\/www.edesia.al\\\/?product=kurkuma-latte-bio-me-xhinxher-dhe-ereza#breadcrumb\",\"itemListElement\":[{\"@type\":\"ListItem\",\"position\":1,\"name\":\"Home\",\"item\":\"https:\\\/\\\/www.edesia.al\\\/\"},{\"@type\":\"ListItem\",\"position\":2,\"name\":\"Dyqani\",\"item\":\"https:\\\/\\\/www.edesia.al\\\/?page_id=17\"},{\"@type\":\"ListItem\",\"position\":3,\"name\":\"Kurkuma Latte Bio me Xhinxher dhe Er\u00ebza\"}]},{\"@type\":\"WebSite\",\"@id\":\"https:\\\/\\\/www.edesia.al\\\/#website\",\"url\":\"https:\\\/\\\/www.edesia.al\\\/\",\"name\":\"Edesia\",\"description\":\"\",\"publisher\":{\"@id\":\"https:\\\/\\\/www.edesia.al\\\/#organization\"},\"potentialAction\":[{\"@type\":\"SearchAction\",\"target\":{\"@type\":\"EntryPoint\",\"urlTemplate\":\"https:\\\/\\\/www.edesia.al\\\/?s={search_term_string}\"},\"query-input\":{\"@type\":\"PropertyValueSpecification\",\"valueRequired\":true,\"valueName\":\"search_term_string\"}}],\"inLanguage\":\"en-US\"},{\"@type\":\"Organization\",\"@id\":\"https:\\\/\\\/www.edesia.al\\\/#organization\",\"name\":\"Edesia\",\"url\":\"https:\\\/\\\/www.edesia.al\\\/\",\"logo\":{\"@type\":\"ImageObject\",\"inLanguage\":\"en-US\",\"@id\":\"https:\\\/\\\/www.edesia.al\\\/#\\\/schema\\\/logo\\\/image\\\/\",\"url\":\"https:\\\/\\\/www.edesia.al\\\/wp-content\\\/uploads\\\/2026\\\/02\\\/Logo-Edesia-no-background.png\",\"contentUrl\":\"https:\\\/\\\/www.edesia.al\\\/wp-content\\\/uploads\\\/2026\\\/02\\\/Logo-Edesia-no-background.png\",\"width\":293,\"height\":158,\"caption\":\"Edesia\"},\"image\":{\"@id\":\"https:\\\/\\\/www.edesia.al\\\/#\\\/schema\\\/logo\\\/image\\\/\"}}]}<\/script>\n<!-- \/ Yoast SEO plugin. -->","yoast_head_json":{"title":"Kurkuma Latte Bio me Xhinxher dhe Er\u00ebza - Edesia","robots":{"index":"index","follow":"follow","max-snippet":"max-snippet:-1","max-image-preview":"max-image-preview:large","max-video-preview":"max-video-preview:-1"},"canonical":"https:\/\/www.edesia.al\/?product=kurkuma-latte-bio-me-xhinxher-dhe-ereza","og_locale":"en_US","og_type":"article","og_title":"Kurkuma Latte Bio me Xhinxher dhe Er\u00ebza - Edesia","og_description":"P\u00ebrzierje funksionale me baz\u00eb kurkume dhe er\u00ebza t\u00eb certifikuara organike, ideale p\u00ebr p\u00ebrgatitjen e nj\u00eb pije t\u00eb ngroht\u00eb dhe t\u00eb sh\u00ebndetshme. Pa sheqer t\u00eb shtuar. Mb\u00ebshtet sistemin imunitar, tretjen dhe balanc\u00ebn natyrale t\u00eb organizmit.","og_url":"https:\/\/www.edesia.al\/?product=kurkuma-latte-bio-me-xhinxher-dhe-ereza","og_site_name":"Edesia","article_modified_time":"2026-02-16T21:14:40+00:00","og_image":[{"width":593,"height":593,"url":"https:\/\/www.edesia.al\/wp-content\/uploads\/2026\/02\/97831_kurkuma_latte_ingwer.3ae044b9-1.jpg","type":"image\/jpeg"}],"twitter_card":"summary_large_image","twitter_misc":{"Est. reading time":"1 minute"},"schema":{"@context":"https:\/\/schema.org","@graph":[{"@type":"WebPage","@id":"https:\/\/www.edesia.al\/?product=kurkuma-latte-bio-me-xhinxher-dhe-ereza","url":"https:\/\/www.edesia.al\/?product=kurkuma-latte-bio-me-xhinxher-dhe-ereza","name":"Kurkuma Latte Bio me Xhinxher dhe Er\u00ebza - Edesia","isPartOf":{"@id":"https:\/\/www.edesia.al\/#website"},"primaryImageOfPage":{"@id":"https:\/\/www.edesia.al\/?product=kurkuma-latte-bio-me-xhinxher-dhe-ereza#primaryimage"},"image":{"@id":"https:\/\/www.edesia.al\/?product=kurkuma-latte-bio-me-xhinxher-dhe-ereza#primaryimage"},"thumbnailUrl":"https:\/\/www.edesia.al\/wp-content\/uploads\/2026\/02\/97831_kurkuma_latte_ingwer.3ae044b9-1.jpg","datePublished":"2026-02-16T21:14:25+00:00","dateModified":"2026-02-16T21:14:40+00:00","breadcrumb":{"@id":"https:\/\/www.edesia.al\/?product=kurkuma-latte-bio-me-xhinxher-dhe-ereza#breadcrumb"},"inLanguage":"en-US","potentialAction":[{"@type":"ReadAction","target":["https:\/\/www.edesia.al\/?product=kurkuma-latte-bio-me-xhinxher-dhe-ereza"]}]},{"@type":"ImageObject","inLanguage":"en-US","@id":"https:\/\/www.edesia.al\/?product=kurkuma-latte-bio-me-xhinxher-dhe-ereza#primaryimage","url":"https:\/\/www.edesia.al\/wp-content\/uploads\/2026\/02\/97831_kurkuma_latte_ingwer.3ae044b9-1.jpg","contentUrl":"https:\/\/www.edesia.al\/wp-content\/uploads\/2026\/02\/97831_kurkuma_latte_ingwer.3ae044b9-1.jpg","width":593,"height":593},{"@type":"BreadcrumbList","@id":"https:\/\/www.edesia.al\/?product=kurkuma-latte-bio-me-xhinxher-dhe-ereza#breadcrumb","itemListElement":[{"@type":"ListItem","position":1,"name":"Home","item":"https:\/\/www.edesia.al\/"},{"@type":"ListItem","position":2,"name":"Dyqani","item":"https:\/\/www.edesia.al\/?page_id=17"},{"@type":"ListItem","position":3,"name":"Kurkuma Latte Bio me Xhinxher dhe Er\u00ebza"}]},{"@type":"WebSite","@id":"https:\/\/www.edesia.al\/#website","url":"https:\/\/www.edesia.al\/","name":"Edesia","description":"","publisher":{"@id":"https:\/\/www.edesia.al\/#organization"},"potentialAction":[{"@type":"SearchAction","target":{"@type":"EntryPoint","urlTemplate":"https:\/\/www.edesia.al\/?s={search_term_string}"},"query-input":{"@type":"PropertyValueSpecification","valueRequired":true,"valueName":"search_term_string"}}],"inLanguage":"en-US"},{"@type":"Organization","@id":"https:\/\/www.edesia.al\/#organization","name":"Edesia","url":"https:\/\/www.edesia.al\/","logo":{"@type":"ImageObject","inLanguage":"en-US","@id":"https:\/\/www.edesia.al\/#\/schema\/logo\/image\/","url":"https:\/\/www.edesia.al\/wp-content\/uploads\/2026\/02\/Logo-Edesia-no-background.png","contentUrl":"https:\/\/www.edesia.al\/wp-content\/uploads\/2026\/02\/Logo-Edesia-no-background.png","width":293,"height":158,"caption":"Edesia"},"image":{"@id":"https:\/\/www.edesia.al\/#\/schema\/logo\/image\/"}}]}},"_links":{"self":[{"href":"https:\/\/www.edesia.al\/index.php?rest_route=\/wp\/v2\/product\/7259","targetHints":{"allow":["GET"]}}],"collection":[{"href":"https:\/\/www.edesia.al\/index.php?rest_route=\/wp\/v2\/product"}],"about":[{"href":"https:\/\/www.edesia.al\/index.php?rest_route=\/wp\/v2\/types\/product"}],"replies":[{"embeddable":true,"href":"https:\/\/www.edesia.al\/index.php?rest_route=%2Fwp%2Fv2%2Fcomments&post=7259"}],"wp:featuredmedia":[{"embeddable":true,"href":"https:\/\/www.edesia.al\/index.php?rest_route=\/wp\/v2\/media\/7291"}],"wp:attachment":[{"href":"https:\/\/www.edesia.al\/index.php?rest_route=%2Fwp%2Fv2%2Fmedia&parent=7259"}],"wp:term":[{"taxonomy":"kategori-sipas-dietave","embeddable":true,"href":"https:\/\/www.edesia.al\/index.php?rest_route=%2Fwp%2Fv2%2Fkategori-sipas-dietave&post=7259"},{"taxonomy":"kategori-sipas-problemeve-shende","embeddable":true,"href":"https:\/\/www.edesia.al\/index.php?rest_route=%2Fwp%2Fv2%2Fkategori-sipas-problemeve-shende&post=7259"},{"taxonomy":"product_brand","embeddable":true,"href":"https:\/\/www.edesia.al\/index.php?rest_route=%2Fwp%2Fv2%2Fproduct_brand&post=7259"},{"taxonomy":"product_cat","embeddable":true,"href":"https:\/\/www.edesia.al\/index.php?rest_route=%2Fwp%2Fv2%2Fproduct_cat&post=7259"},{"taxonomy":"product_tag","embeddable":true,"href":"https:\/\/www.edesia.al\/index.php?rest_route=%2Fwp%2Fv2%2Fproduct_tag&post=7259"}],"curies":[{"name":"wp","href":"https:\/\/api.w.org\/{rel}","templated":true}]}}