{"id":7262,"date":"2026-02-16T21:14:25","date_gmt":"2026-02-16T21:14:25","guid":{"rendered":"https:\/\/www.edesia.al\/?post_type=product&#038;p=7262"},"modified":"2026-02-26T12:04:46","modified_gmt":"2026-02-26T12:04:46","slug":"krem-lajthie-me-cokollate-vegan","status":"publish","type":"product","link":"https:\/\/www.edesia.al\/?product=krem-lajthie-me-cokollate-vegan","title":{"rendered":"Krem Lajthie me \u00c7okollat\u00eb \u2013 Vegan"},"content":{"rendered":"<h3>Krem Lajthie me \u00c7okollat\u00eb \u2013 Vegan &amp; Gluten Free 270g<\/h3>\n<p>Ky krem p\u00ebrmban nj\u00eb p\u00ebrzierje t\u00eb pasur <strong data-start=\"189\" data-end=\"211\">lajthie t\u00eb pjekura<\/strong>, <strong data-start=\"213\" data-end=\"235\">\u00e7okollat\u00eb<\/strong>, <strong data-start=\"237\" data-end=\"246\">kakao<\/strong>, <strong data-start=\"248\" data-end=\"264\">gjalp\u00eb kakao<\/strong>, <strong data-start=\"266\" data-end=\"284\">sheqer kallami<\/strong> dhe <strong data-start=\"289\" data-end=\"309\">vanilje natyrale<\/strong>.<\/p>\n<p>E formuluar plot\u00ebsisht <strong data-start=\"334\" data-end=\"343\">vegan<\/strong>, <strong data-start=\"345\" data-end=\"358\">pa gluten<\/strong> dhe <strong data-start=\"363\" data-end=\"379\">pa vaj palme<\/strong>, kjo recet\u00eb ofron nj\u00eb shije t\u00eb past\u00ebr dhe autentike, ideale p\u00ebr konsumuesit q\u00eb k\u00ebrkojn\u00eb cil\u00ebsi dhe p\u00ebrb\u00ebr\u00ebs natyral\u00eb.<\/p>\n<p data-start=\"499\" data-end=\"534\"><strong data-start=\"499\" data-end=\"534\">P\u00ebrfitimet dhe karakteristikat:<\/strong><\/p>\n<ul data-start=\"535\" data-end=\"970\">\n<li data-start=\"535\" data-end=\"593\">\n<p data-start=\"537\" data-end=\"593\"><strong data-start=\"537\" data-end=\"551\">100% vegan<\/strong> \u2013 pa asnj\u00eb p\u00ebrb\u00ebr\u00ebs me origjin\u00eb shtazore.<\/p>\n<\/li>\n<li data-start=\"594\" data-end=\"705\">\n<p data-start=\"596\" data-end=\"705\"><strong data-start=\"596\" data-end=\"609\">Pa gluten<\/strong> \u2013 e p\u00ebrshtatshme p\u00ebr persona me celiaki ose p\u00ebr ata q\u00eb ndjekin nj\u00eb regjim ushqimor gluten free.<\/p>\n<\/li>\n<li data-start=\"706\" data-end=\"774\">\n<p data-start=\"708\" data-end=\"774\"><strong data-start=\"708\" data-end=\"724\">Pa vaj palme<\/strong> \u2013 zgjedhje me respekt p\u00ebr sh\u00ebndetin dhe mjedisin.<\/p>\n<\/li>\n<li data-start=\"775\" data-end=\"848\">\n<p data-start=\"777\" data-end=\"848\">E \u00ebmb\u00eblsuar natyralisht me <strong data-start=\"804\" data-end=\"822\">sheqer kallami<\/strong>, pa sheqerna t\u00eb rafinuar.<\/p>\n<\/li>\n<li data-start=\"849\" data-end=\"928\">\n<p data-start=\"851\" data-end=\"928\"><strong data-start=\"851\" data-end=\"893\">\u00c7okollat\u00eb dhe kakao me cil\u00ebsi t\u00eb lart\u00eb<\/strong> p\u00ebr nj\u00eb arom\u00eb dhe shije intensive.<\/p>\n<\/li>\n<li data-start=\"929\" data-end=\"970\">\n<p data-start=\"931\" data-end=\"970\">Pa ngjyrues dhe konservues artificial\u00eb.<\/p>\n<\/li>\n<\/ul>\n<p data-start=\"972\" data-end=\"997\"><strong data-start=\"972\" data-end=\"997\">P\u00ebrdorimi:<\/strong><\/p>\n<ul data-start=\"998\" data-end=\"1251\">\n<li data-start=\"998\" data-end=\"1056\">\n<p data-start=\"1000\" data-end=\"1056\">Perfekt p\u00ebr t\u00eb lyer mbi buk\u00eb, krepa, waffles ose galeta.<\/p>\n<\/li>\n<li data-start=\"1057\" data-end=\"1165\">\n<p data-start=\"1059\" data-end=\"1165\">I shk\u00eblqyer p\u00ebr mbushjen e \u00ebmb\u00eblsirave, tortave, biskotave apo si ingredient n\u00eb recetat e kuzhin\u00ebs vegane.<\/p>\n<\/li>\n<li data-start=\"1166\" data-end=\"1251\">\n<p data-start=\"1168\" data-end=\"1251\">Shoq\u00ebrohet n\u00eb m\u00ebnyr\u00eb ideale me fruta t\u00eb fresk\u00ebta ose i shijuar thjesht me nj\u00eb lug\u00eb.<\/p>\n<\/li>\n<\/ul>\n","protected":false},"excerpt":{"rendered":"<p>Krem lajthie me \u00e7okollat\u00eb, vegan, pa gluten dhe pa vaj palme.<\/p>\n<p>I \u00ebmb\u00eblsuar me sheqer kallami dhe p\u00ebrzierje t\u00eb pasur lajthish, \u00e7okollate dhe kakao \u2013 p\u00ebr nj\u00eb shije natyrale dhe autentike, perfekte p\u00ebr \u00e7do moment t\u00eb dit\u00ebs.<\/p>\n","protected":false},"featured_media":7295,"comment_status":"open","ping_status":"closed","template":"","meta":{"_acf_changed":false,"inline_featured_image":false},"kategori-sipas-dietave":[89],"kategori-sipas-problemeve-shende":[],"product_brand":[32],"product_cat":[61,39,26],"product_tag":[],"class_list":{"0":"post-7262","1":"product","2":"type-product","3":"status-publish","4":"has-post-thumbnail","6":"kategori-sipas-dietave-vegan","7":"product_brand-bioagros","8":"product_cat-gjalp-bimore","9":"product_cat-mjalte","10":"product_cat-ushqime-bio","12":"first","13":"instock","14":"taxable","15":"shipping-taxable","16":"purchasable","17":"product-type-simple"},"acf":[],"yoast_head":"<!-- This site is optimized with the Yoast SEO plugin v27.4 - https:\/\/yoast.com\/product\/yoast-seo-wordpress\/ -->\n<title>Krem Lajthie me \u00c7okollat\u00eb \u2013 Vegan - Edesia<\/title>\n<meta name=\"robots\" content=\"index, follow, max-snippet:-1, max-image-preview:large, max-video-preview:-1\" \/>\n<link rel=\"canonical\" href=\"https:\/\/www.edesia.al\/?product=krem-lajthie-me-cokollate-vegan\" \/>\n<meta property=\"og:locale\" content=\"en_US\" \/>\n<meta property=\"og:type\" content=\"article\" \/>\n<meta property=\"og:title\" content=\"Krem Lajthie me \u00c7okollat\u00eb \u2013 Vegan - Edesia\" \/>\n<meta property=\"og:description\" content=\"Krem lajthie me \u00e7okollat\u00eb, vegan, pa gluten dhe pa vaj palme. I \u00ebmb\u00eblsuar me sheqer kallami dhe p\u00ebrzierje t\u00eb pasur lajthish, \u00e7okollate dhe kakao \u2013 p\u00ebr nj\u00eb shije natyrale dhe autentike, perfekte p\u00ebr \u00e7do moment t\u00eb dit\u00ebs.\" \/>\n<meta property=\"og:url\" content=\"https:\/\/www.edesia.al\/?product=krem-lajthie-me-cokollate-vegan\" \/>\n<meta property=\"og:site_name\" content=\"Edesia\" \/>\n<meta property=\"article:modified_time\" content=\"2026-02-26T12:04:46+00:00\" \/>\n<meta property=\"og:image\" content=\"https:\/\/www.edesia.al\/wp-content\/uploads\/2026\/02\/lavida-crem-vegan-1.png\" \/>\n\t<meta property=\"og:image:width\" content=\"500\" \/>\n\t<meta property=\"og:image:height\" content=\"500\" \/>\n\t<meta property=\"og:image:type\" content=\"image\/png\" \/>\n<meta name=\"twitter:card\" content=\"summary_large_image\" \/>\n<meta name=\"twitter:label1\" content=\"Est. reading time\" \/>\n\t<meta name=\"twitter:data1\" content=\"1 minute\" \/>\n<script type=\"application\/ld+json\" class=\"yoast-schema-graph\">{\"@context\":\"https:\\\/\\\/schema.org\",\"@graph\":[{\"@type\":\"WebPage\",\"@id\":\"https:\\\/\\\/www.edesia.al\\\/?product=krem-lajthie-me-cokollate-vegan\",\"url\":\"https:\\\/\\\/www.edesia.al\\\/?product=krem-lajthie-me-cokollate-vegan\",\"name\":\"Krem Lajthie me \u00c7okollat\u00eb \u2013 Vegan - Edesia\",\"isPartOf\":{\"@id\":\"https:\\\/\\\/www.edesia.al\\\/#website\"},\"primaryImageOfPage\":{\"@id\":\"https:\\\/\\\/www.edesia.al\\\/?product=krem-lajthie-me-cokollate-vegan#primaryimage\"},\"image\":{\"@id\":\"https:\\\/\\\/www.edesia.al\\\/?product=krem-lajthie-me-cokollate-vegan#primaryimage\"},\"thumbnailUrl\":\"https:\\\/\\\/www.edesia.al\\\/wp-content\\\/uploads\\\/2026\\\/02\\\/lavida-crem-vegan-1.png\",\"datePublished\":\"2026-02-16T21:14:25+00:00\",\"dateModified\":\"2026-02-26T12:04:46+00:00\",\"breadcrumb\":{\"@id\":\"https:\\\/\\\/www.edesia.al\\\/?product=krem-lajthie-me-cokollate-vegan#breadcrumb\"},\"inLanguage\":\"en-US\",\"potentialAction\":[{\"@type\":\"ReadAction\",\"target\":[\"https:\\\/\\\/www.edesia.al\\\/?product=krem-lajthie-me-cokollate-vegan\"]}]},{\"@type\":\"ImageObject\",\"inLanguage\":\"en-US\",\"@id\":\"https:\\\/\\\/www.edesia.al\\\/?product=krem-lajthie-me-cokollate-vegan#primaryimage\",\"url\":\"https:\\\/\\\/www.edesia.al\\\/wp-content\\\/uploads\\\/2026\\\/02\\\/lavida-crem-vegan-1.png\",\"contentUrl\":\"https:\\\/\\\/www.edesia.al\\\/wp-content\\\/uploads\\\/2026\\\/02\\\/lavida-crem-vegan-1.png\",\"width\":500,\"height\":500},{\"@type\":\"BreadcrumbList\",\"@id\":\"https:\\\/\\\/www.edesia.al\\\/?product=krem-lajthie-me-cokollate-vegan#breadcrumb\",\"itemListElement\":[{\"@type\":\"ListItem\",\"position\":1,\"name\":\"Home\",\"item\":\"https:\\\/\\\/www.edesia.al\\\/\"},{\"@type\":\"ListItem\",\"position\":2,\"name\":\"Dyqani\",\"item\":\"https:\\\/\\\/www.edesia.al\\\/?page_id=17\"},{\"@type\":\"ListItem\",\"position\":3,\"name\":\"Krem Lajthie me \u00c7okollat\u00eb \u2013 Vegan\"}]},{\"@type\":\"WebSite\",\"@id\":\"https:\\\/\\\/www.edesia.al\\\/#website\",\"url\":\"https:\\\/\\\/www.edesia.al\\\/\",\"name\":\"Edesia\",\"description\":\"\",\"publisher\":{\"@id\":\"https:\\\/\\\/www.edesia.al\\\/#organization\"},\"potentialAction\":[{\"@type\":\"SearchAction\",\"target\":{\"@type\":\"EntryPoint\",\"urlTemplate\":\"https:\\\/\\\/www.edesia.al\\\/?s={search_term_string}\"},\"query-input\":{\"@type\":\"PropertyValueSpecification\",\"valueRequired\":true,\"valueName\":\"search_term_string\"}}],\"inLanguage\":\"en-US\"},{\"@type\":\"Organization\",\"@id\":\"https:\\\/\\\/www.edesia.al\\\/#organization\",\"name\":\"Edesia\",\"url\":\"https:\\\/\\\/www.edesia.al\\\/\",\"logo\":{\"@type\":\"ImageObject\",\"inLanguage\":\"en-US\",\"@id\":\"https:\\\/\\\/www.edesia.al\\\/#\\\/schema\\\/logo\\\/image\\\/\",\"url\":\"https:\\\/\\\/www.edesia.al\\\/wp-content\\\/uploads\\\/2026\\\/02\\\/Logo-Edesia-no-background.png\",\"contentUrl\":\"https:\\\/\\\/www.edesia.al\\\/wp-content\\\/uploads\\\/2026\\\/02\\\/Logo-Edesia-no-background.png\",\"width\":293,\"height\":158,\"caption\":\"Edesia\"},\"image\":{\"@id\":\"https:\\\/\\\/www.edesia.al\\\/#\\\/schema\\\/logo\\\/image\\\/\"}}]}<\/script>\n<!-- \/ Yoast SEO plugin. -->","yoast_head_json":{"title":"Krem Lajthie me \u00c7okollat\u00eb \u2013 Vegan - Edesia","robots":{"index":"index","follow":"follow","max-snippet":"max-snippet:-1","max-image-preview":"max-image-preview:large","max-video-preview":"max-video-preview:-1"},"canonical":"https:\/\/www.edesia.al\/?product=krem-lajthie-me-cokollate-vegan","og_locale":"en_US","og_type":"article","og_title":"Krem Lajthie me \u00c7okollat\u00eb \u2013 Vegan - Edesia","og_description":"Krem lajthie me \u00e7okollat\u00eb, vegan, pa gluten dhe pa vaj palme. I \u00ebmb\u00eblsuar me sheqer kallami dhe p\u00ebrzierje t\u00eb pasur lajthish, \u00e7okollate dhe kakao \u2013 p\u00ebr nj\u00eb shije natyrale dhe autentike, perfekte p\u00ebr \u00e7do moment t\u00eb dit\u00ebs.","og_url":"https:\/\/www.edesia.al\/?product=krem-lajthie-me-cokollate-vegan","og_site_name":"Edesia","article_modified_time":"2026-02-26T12:04:46+00:00","og_image":[{"width":500,"height":500,"url":"https:\/\/www.edesia.al\/wp-content\/uploads\/2026\/02\/lavida-crem-vegan-1.png","type":"image\/png"}],"twitter_card":"summary_large_image","twitter_misc":{"Est. reading time":"1 minute"},"schema":{"@context":"https:\/\/schema.org","@graph":[{"@type":"WebPage","@id":"https:\/\/www.edesia.al\/?product=krem-lajthie-me-cokollate-vegan","url":"https:\/\/www.edesia.al\/?product=krem-lajthie-me-cokollate-vegan","name":"Krem Lajthie me \u00c7okollat\u00eb \u2013 Vegan - Edesia","isPartOf":{"@id":"https:\/\/www.edesia.al\/#website"},"primaryImageOfPage":{"@id":"https:\/\/www.edesia.al\/?product=krem-lajthie-me-cokollate-vegan#primaryimage"},"image":{"@id":"https:\/\/www.edesia.al\/?product=krem-lajthie-me-cokollate-vegan#primaryimage"},"thumbnailUrl":"https:\/\/www.edesia.al\/wp-content\/uploads\/2026\/02\/lavida-crem-vegan-1.png","datePublished":"2026-02-16T21:14:25+00:00","dateModified":"2026-02-26T12:04:46+00:00","breadcrumb":{"@id":"https:\/\/www.edesia.al\/?product=krem-lajthie-me-cokollate-vegan#breadcrumb"},"inLanguage":"en-US","potentialAction":[{"@type":"ReadAction","target":["https:\/\/www.edesia.al\/?product=krem-lajthie-me-cokollate-vegan"]}]},{"@type":"ImageObject","inLanguage":"en-US","@id":"https:\/\/www.edesia.al\/?product=krem-lajthie-me-cokollate-vegan#primaryimage","url":"https:\/\/www.edesia.al\/wp-content\/uploads\/2026\/02\/lavida-crem-vegan-1.png","contentUrl":"https:\/\/www.edesia.al\/wp-content\/uploads\/2026\/02\/lavida-crem-vegan-1.png","width":500,"height":500},{"@type":"BreadcrumbList","@id":"https:\/\/www.edesia.al\/?product=krem-lajthie-me-cokollate-vegan#breadcrumb","itemListElement":[{"@type":"ListItem","position":1,"name":"Home","item":"https:\/\/www.edesia.al\/"},{"@type":"ListItem","position":2,"name":"Dyqani","item":"https:\/\/www.edesia.al\/?page_id=17"},{"@type":"ListItem","position":3,"name":"Krem Lajthie me \u00c7okollat\u00eb \u2013 Vegan"}]},{"@type":"WebSite","@id":"https:\/\/www.edesia.al\/#website","url":"https:\/\/www.edesia.al\/","name":"Edesia","description":"","publisher":{"@id":"https:\/\/www.edesia.al\/#organization"},"potentialAction":[{"@type":"SearchAction","target":{"@type":"EntryPoint","urlTemplate":"https:\/\/www.edesia.al\/?s={search_term_string}"},"query-input":{"@type":"PropertyValueSpecification","valueRequired":true,"valueName":"search_term_string"}}],"inLanguage":"en-US"},{"@type":"Organization","@id":"https:\/\/www.edesia.al\/#organization","name":"Edesia","url":"https:\/\/www.edesia.al\/","logo":{"@type":"ImageObject","inLanguage":"en-US","@id":"https:\/\/www.edesia.al\/#\/schema\/logo\/image\/","url":"https:\/\/www.edesia.al\/wp-content\/uploads\/2026\/02\/Logo-Edesia-no-background.png","contentUrl":"https:\/\/www.edesia.al\/wp-content\/uploads\/2026\/02\/Logo-Edesia-no-background.png","width":293,"height":158,"caption":"Edesia"},"image":{"@id":"https:\/\/www.edesia.al\/#\/schema\/logo\/image\/"}}]}},"_links":{"self":[{"href":"https:\/\/www.edesia.al\/index.php?rest_route=\/wp\/v2\/product\/7262","targetHints":{"allow":["GET"]}}],"collection":[{"href":"https:\/\/www.edesia.al\/index.php?rest_route=\/wp\/v2\/product"}],"about":[{"href":"https:\/\/www.edesia.al\/index.php?rest_route=\/wp\/v2\/types\/product"}],"replies":[{"embeddable":true,"href":"https:\/\/www.edesia.al\/index.php?rest_route=%2Fwp%2Fv2%2Fcomments&post=7262"}],"wp:featuredmedia":[{"embeddable":true,"href":"https:\/\/www.edesia.al\/index.php?rest_route=\/wp\/v2\/media\/7295"}],"wp:attachment":[{"href":"https:\/\/www.edesia.al\/index.php?rest_route=%2Fwp%2Fv2%2Fmedia&parent=7262"}],"wp:term":[{"taxonomy":"kategori-sipas-dietave","embeddable":true,"href":"https:\/\/www.edesia.al\/index.php?rest_route=%2Fwp%2Fv2%2Fkategori-sipas-dietave&post=7262"},{"taxonomy":"kategori-sipas-problemeve-shende","embeddable":true,"href":"https:\/\/www.edesia.al\/index.php?rest_route=%2Fwp%2Fv2%2Fkategori-sipas-problemeve-shende&post=7262"},{"taxonomy":"product_brand","embeddable":true,"href":"https:\/\/www.edesia.al\/index.php?rest_route=%2Fwp%2Fv2%2Fproduct_brand&post=7262"},{"taxonomy":"product_cat","embeddable":true,"href":"https:\/\/www.edesia.al\/index.php?rest_route=%2Fwp%2Fv2%2Fproduct_cat&post=7262"},{"taxonomy":"product_tag","embeddable":true,"href":"https:\/\/www.edesia.al\/index.php?rest_route=%2Fwp%2Fv2%2Fproduct_tag&post=7262"}],"curies":[{"name":"wp","href":"https:\/\/api.w.org\/{rel}","templated":true}]}}