{"id":7265,"date":"2026-02-16T21:14:26","date_gmt":"2026-02-16T21:14:26","guid":{"rendered":"https:\/\/www.edesia.al\/?post_type=product&#038;p=7265"},"modified":"2026-02-26T12:25:57","modified_gmt":"2026-02-26T12:25:57","slug":"mustarde-organike-pikante-me-xhenxhefil","status":"publish","type":"product","link":"https:\/\/www.edesia.al\/?product=mustarde-organike-pikante-me-xhenxhefil","title":{"rendered":"Mustard\u00eb Organike Pikante me Xhenxhefil"},"content":{"rendered":"<h3>Mustard\u00eb Organike Pikante me Xhenxhefil 160ml<\/h3>\n<p>Kjo mustard\u00eb organike pikante sjell nj\u00eb kombinim perfekt t\u00eb <strong data-start=\"430\" data-end=\"441\">kurkum\u00ebs <\/strong>, <strong data-start=\"443\" data-end=\"463\">uthull molle bio<\/strong>, <strong data-start=\"465\" data-end=\"491\">fara mustarde cil\u00ebsore<\/strong>, <strong data-start=\"493\" data-end=\"507\">piper i zi<\/strong> dhe <strong data-start=\"512\" data-end=\"536\">xhenxhefil i fresk\u00ebt.<\/strong><\/p>\n<p data-start=\"654\" data-end=\"689\"><strong data-start=\"654\" data-end=\"689\">P\u00ebrfitimet dhe karakteristikat:<\/strong><\/p>\n<ul data-start=\"690\" data-end=\"995\">\n<li data-start=\"690\" data-end=\"761\">\n<p data-start=\"692\" data-end=\"761\"><strong data-start=\"692\" data-end=\"704\">Organike<\/strong> dhe <strong data-start=\"709\" data-end=\"722\">pa gluten<\/strong> \u2013 e p\u00ebrshtatshme p\u00ebr t\u00eb gjitha dietat.<\/p>\n<\/li>\n<li data-start=\"762\" data-end=\"841\">\n<p data-start=\"764\" data-end=\"841\"><strong data-start=\"764\" data-end=\"792\">Me xhenxhefil t\u00eb fresk\u00ebt<\/strong> \u2013 p\u00ebr nj\u00eb not\u00eb t\u00eb ve\u00e7ant\u00eb pikante dhe aromatike.<\/p>\n<\/li>\n<li data-start=\"842\" data-end=\"889\">\n<p data-start=\"844\" data-end=\"889\"><strong data-start=\"844\" data-end=\"866\">E pasur me kurkum\u00eb<\/strong> me veti antioksiduese.<\/p>\n<\/li>\n<li data-start=\"890\" data-end=\"940\">\n<p data-start=\"892\" data-end=\"940\"><strong data-start=\"892\" data-end=\"912\">Uthull molle bio<\/strong> p\u00ebr nj\u00eb arom\u00eb t\u00eb balancuar.<\/p>\n<\/li>\n<li data-start=\"941\" data-end=\"995\">\n<p data-start=\"943\" data-end=\"995\"><strong data-start=\"943\" data-end=\"995\">Pa aditiv\u00eb, ngjyrues apo konservues artificial\u00eb.<\/strong><\/p>\n<\/li>\n<\/ul>\n<p data-start=\"997\" data-end=\"1022\"><strong data-start=\"997\" data-end=\"1022\">M\u00ebnyrat e p\u00ebrdorimit:<\/strong><\/p>\n<ul data-start=\"1023\" data-end=\"1226\">\n<li data-start=\"1023\" data-end=\"1098\">\n<p data-start=\"1025\" data-end=\"1098\">Perfekte p\u00ebr t\u00eb shoq\u00ebruar mishra, peshk, perime t\u00eb grilla ose t\u00eb pjekura.<\/p>\n<\/li>\n<li data-start=\"1099\" data-end=\"1165\">\n<p data-start=\"1101\" data-end=\"1165\">Jep thell\u00ebsi dhe arom\u00eb unike n\u00eb\u00a0 salca dhe marinata.<\/p>\n<\/li>\n<li data-start=\"1166\" data-end=\"1226\">\n<p data-start=\"1168\" data-end=\"1226\">E shk\u00eblqyer p\u00ebr sandui\u00e7e dhe antipasta me karakter pikant.<\/p>\n<\/li>\n<\/ul>\n","protected":false},"excerpt":{"rendered":"<p>Mustard\u00eb organike pikante me xhenxhefil, pa gluten \u2013 shije intensive me kurkum\u00eb, uthull molle dhe p\u00ebrb\u00ebr\u00ebs natyral\u00eb, ideale p\u00ebr marinata, salca dhe pjatat me karakter.<\/p>\n","protected":false},"featured_media":7297,"comment_status":"open","ping_status":"closed","template":"","meta":{"_acf_changed":false,"inline_featured_image":false},"kategori-sipas-dietave":[89],"kategori-sipas-problemeve-shende":[87],"product_brand":[32],"product_cat":[67,26],"product_tag":[],"class_list":{"0":"post-7265","1":"product","2":"type-product","3":"status-publish","4":"has-post-thumbnail","6":"kategori-sipas-dietave-vegan","7":"kategori-sipas-problemeve-shende-gluten-free-intolerant","8":"product_brand-bioagros","9":"product_cat-salca-konservime","10":"product_cat-ushqime-bio","12":"first","13":"instock","14":"taxable","15":"shipping-taxable","16":"purchasable","17":"product-type-simple"},"acf":[],"yoast_head":"<!-- This site is optimized with the Yoast SEO plugin v27.4 - https:\/\/yoast.com\/product\/yoast-seo-wordpress\/ -->\n<title>Mustard\u00eb Organike Pikante me Xhenxhefil - Edesia<\/title>\n<meta name=\"robots\" content=\"index, follow, max-snippet:-1, max-image-preview:large, max-video-preview:-1\" \/>\n<link rel=\"canonical\" href=\"https:\/\/www.edesia.al\/?product=mustarde-organike-pikante-me-xhenxhefil\" \/>\n<meta property=\"og:locale\" content=\"en_US\" \/>\n<meta property=\"og:type\" content=\"article\" \/>\n<meta property=\"og:title\" content=\"Mustard\u00eb Organike Pikante me Xhenxhefil - Edesia\" \/>\n<meta property=\"og:description\" content=\"Mustard\u00eb organike pikante me xhenxhefil, pa gluten \u2013 shije intensive me kurkum\u00eb, uthull molle dhe p\u00ebrb\u00ebr\u00ebs natyral\u00eb, ideale p\u00ebr marinata, salca dhe pjatat me karakter.\" \/>\n<meta property=\"og:url\" content=\"https:\/\/www.edesia.al\/?product=mustarde-organike-pikante-me-xhenxhefil\" \/>\n<meta property=\"og:site_name\" content=\"Edesia\" \/>\n<meta property=\"article:modified_time\" content=\"2026-02-26T12:25:57+00:00\" \/>\n<meta property=\"og:image\" content=\"https:\/\/www.edesia.al\/wp-content\/uploads\/2026\/02\/221029101-1.png\" \/>\n\t<meta property=\"og:image:width\" content=\"500\" \/>\n\t<meta property=\"og:image:height\" content=\"596\" \/>\n\t<meta property=\"og:image:type\" content=\"image\/png\" \/>\n<meta name=\"twitter:card\" content=\"summary_large_image\" \/>\n<meta name=\"twitter:label1\" content=\"Est. reading time\" \/>\n\t<meta name=\"twitter:data1\" content=\"1 minute\" \/>\n<script type=\"application\/ld+json\" class=\"yoast-schema-graph\">{\"@context\":\"https:\\\/\\\/schema.org\",\"@graph\":[{\"@type\":\"WebPage\",\"@id\":\"https:\\\/\\\/www.edesia.al\\\/?product=mustarde-organike-pikante-me-xhenxhefil\",\"url\":\"https:\\\/\\\/www.edesia.al\\\/?product=mustarde-organike-pikante-me-xhenxhefil\",\"name\":\"Mustard\u00eb Organike Pikante me Xhenxhefil - Edesia\",\"isPartOf\":{\"@id\":\"https:\\\/\\\/www.edesia.al\\\/#website\"},\"primaryImageOfPage\":{\"@id\":\"https:\\\/\\\/www.edesia.al\\\/?product=mustarde-organike-pikante-me-xhenxhefil#primaryimage\"},\"image\":{\"@id\":\"https:\\\/\\\/www.edesia.al\\\/?product=mustarde-organike-pikante-me-xhenxhefil#primaryimage\"},\"thumbnailUrl\":\"https:\\\/\\\/www.edesia.al\\\/wp-content\\\/uploads\\\/2026\\\/02\\\/221029101-1.png\",\"datePublished\":\"2026-02-16T21:14:26+00:00\",\"dateModified\":\"2026-02-26T12:25:57+00:00\",\"breadcrumb\":{\"@id\":\"https:\\\/\\\/www.edesia.al\\\/?product=mustarde-organike-pikante-me-xhenxhefil#breadcrumb\"},\"inLanguage\":\"en-US\",\"potentialAction\":[{\"@type\":\"ReadAction\",\"target\":[\"https:\\\/\\\/www.edesia.al\\\/?product=mustarde-organike-pikante-me-xhenxhefil\"]}]},{\"@type\":\"ImageObject\",\"inLanguage\":\"en-US\",\"@id\":\"https:\\\/\\\/www.edesia.al\\\/?product=mustarde-organike-pikante-me-xhenxhefil#primaryimage\",\"url\":\"https:\\\/\\\/www.edesia.al\\\/wp-content\\\/uploads\\\/2026\\\/02\\\/221029101-1.png\",\"contentUrl\":\"https:\\\/\\\/www.edesia.al\\\/wp-content\\\/uploads\\\/2026\\\/02\\\/221029101-1.png\",\"width\":500,\"height\":596},{\"@type\":\"BreadcrumbList\",\"@id\":\"https:\\\/\\\/www.edesia.al\\\/?product=mustarde-organike-pikante-me-xhenxhefil#breadcrumb\",\"itemListElement\":[{\"@type\":\"ListItem\",\"position\":1,\"name\":\"Home\",\"item\":\"https:\\\/\\\/www.edesia.al\\\/\"},{\"@type\":\"ListItem\",\"position\":2,\"name\":\"Dyqani\",\"item\":\"https:\\\/\\\/www.edesia.al\\\/?page_id=17\"},{\"@type\":\"ListItem\",\"position\":3,\"name\":\"Mustard\u00eb Organike Pikante me Xhenxhefil\"}]},{\"@type\":\"WebSite\",\"@id\":\"https:\\\/\\\/www.edesia.al\\\/#website\",\"url\":\"https:\\\/\\\/www.edesia.al\\\/\",\"name\":\"Edesia\",\"description\":\"\",\"publisher\":{\"@id\":\"https:\\\/\\\/www.edesia.al\\\/#organization\"},\"potentialAction\":[{\"@type\":\"SearchAction\",\"target\":{\"@type\":\"EntryPoint\",\"urlTemplate\":\"https:\\\/\\\/www.edesia.al\\\/?s={search_term_string}\"},\"query-input\":{\"@type\":\"PropertyValueSpecification\",\"valueRequired\":true,\"valueName\":\"search_term_string\"}}],\"inLanguage\":\"en-US\"},{\"@type\":\"Organization\",\"@id\":\"https:\\\/\\\/www.edesia.al\\\/#organization\",\"name\":\"Edesia\",\"url\":\"https:\\\/\\\/www.edesia.al\\\/\",\"logo\":{\"@type\":\"ImageObject\",\"inLanguage\":\"en-US\",\"@id\":\"https:\\\/\\\/www.edesia.al\\\/#\\\/schema\\\/logo\\\/image\\\/\",\"url\":\"https:\\\/\\\/www.edesia.al\\\/wp-content\\\/uploads\\\/2026\\\/02\\\/Logo-Edesia-no-background.png\",\"contentUrl\":\"https:\\\/\\\/www.edesia.al\\\/wp-content\\\/uploads\\\/2026\\\/02\\\/Logo-Edesia-no-background.png\",\"width\":293,\"height\":158,\"caption\":\"Edesia\"},\"image\":{\"@id\":\"https:\\\/\\\/www.edesia.al\\\/#\\\/schema\\\/logo\\\/image\\\/\"}}]}<\/script>\n<!-- \/ Yoast SEO plugin. -->","yoast_head_json":{"title":"Mustard\u00eb Organike Pikante me Xhenxhefil - Edesia","robots":{"index":"index","follow":"follow","max-snippet":"max-snippet:-1","max-image-preview":"max-image-preview:large","max-video-preview":"max-video-preview:-1"},"canonical":"https:\/\/www.edesia.al\/?product=mustarde-organike-pikante-me-xhenxhefil","og_locale":"en_US","og_type":"article","og_title":"Mustard\u00eb Organike Pikante me Xhenxhefil - Edesia","og_description":"Mustard\u00eb organike pikante me xhenxhefil, pa gluten \u2013 shije intensive me kurkum\u00eb, uthull molle dhe p\u00ebrb\u00ebr\u00ebs natyral\u00eb, ideale p\u00ebr marinata, salca dhe pjatat me karakter.","og_url":"https:\/\/www.edesia.al\/?product=mustarde-organike-pikante-me-xhenxhefil","og_site_name":"Edesia","article_modified_time":"2026-02-26T12:25:57+00:00","og_image":[{"width":500,"height":596,"url":"https:\/\/www.edesia.al\/wp-content\/uploads\/2026\/02\/221029101-1.png","type":"image\/png"}],"twitter_card":"summary_large_image","twitter_misc":{"Est. reading time":"1 minute"},"schema":{"@context":"https:\/\/schema.org","@graph":[{"@type":"WebPage","@id":"https:\/\/www.edesia.al\/?product=mustarde-organike-pikante-me-xhenxhefil","url":"https:\/\/www.edesia.al\/?product=mustarde-organike-pikante-me-xhenxhefil","name":"Mustard\u00eb Organike Pikante me Xhenxhefil - Edesia","isPartOf":{"@id":"https:\/\/www.edesia.al\/#website"},"primaryImageOfPage":{"@id":"https:\/\/www.edesia.al\/?product=mustarde-organike-pikante-me-xhenxhefil#primaryimage"},"image":{"@id":"https:\/\/www.edesia.al\/?product=mustarde-organike-pikante-me-xhenxhefil#primaryimage"},"thumbnailUrl":"https:\/\/www.edesia.al\/wp-content\/uploads\/2026\/02\/221029101-1.png","datePublished":"2026-02-16T21:14:26+00:00","dateModified":"2026-02-26T12:25:57+00:00","breadcrumb":{"@id":"https:\/\/www.edesia.al\/?product=mustarde-organike-pikante-me-xhenxhefil#breadcrumb"},"inLanguage":"en-US","potentialAction":[{"@type":"ReadAction","target":["https:\/\/www.edesia.al\/?product=mustarde-organike-pikante-me-xhenxhefil"]}]},{"@type":"ImageObject","inLanguage":"en-US","@id":"https:\/\/www.edesia.al\/?product=mustarde-organike-pikante-me-xhenxhefil#primaryimage","url":"https:\/\/www.edesia.al\/wp-content\/uploads\/2026\/02\/221029101-1.png","contentUrl":"https:\/\/www.edesia.al\/wp-content\/uploads\/2026\/02\/221029101-1.png","width":500,"height":596},{"@type":"BreadcrumbList","@id":"https:\/\/www.edesia.al\/?product=mustarde-organike-pikante-me-xhenxhefil#breadcrumb","itemListElement":[{"@type":"ListItem","position":1,"name":"Home","item":"https:\/\/www.edesia.al\/"},{"@type":"ListItem","position":2,"name":"Dyqani","item":"https:\/\/www.edesia.al\/?page_id=17"},{"@type":"ListItem","position":3,"name":"Mustard\u00eb Organike Pikante me Xhenxhefil"}]},{"@type":"WebSite","@id":"https:\/\/www.edesia.al\/#website","url":"https:\/\/www.edesia.al\/","name":"Edesia","description":"","publisher":{"@id":"https:\/\/www.edesia.al\/#organization"},"potentialAction":[{"@type":"SearchAction","target":{"@type":"EntryPoint","urlTemplate":"https:\/\/www.edesia.al\/?s={search_term_string}"},"query-input":{"@type":"PropertyValueSpecification","valueRequired":true,"valueName":"search_term_string"}}],"inLanguage":"en-US"},{"@type":"Organization","@id":"https:\/\/www.edesia.al\/#organization","name":"Edesia","url":"https:\/\/www.edesia.al\/","logo":{"@type":"ImageObject","inLanguage":"en-US","@id":"https:\/\/www.edesia.al\/#\/schema\/logo\/image\/","url":"https:\/\/www.edesia.al\/wp-content\/uploads\/2026\/02\/Logo-Edesia-no-background.png","contentUrl":"https:\/\/www.edesia.al\/wp-content\/uploads\/2026\/02\/Logo-Edesia-no-background.png","width":293,"height":158,"caption":"Edesia"},"image":{"@id":"https:\/\/www.edesia.al\/#\/schema\/logo\/image\/"}}]}},"_links":{"self":[{"href":"https:\/\/www.edesia.al\/index.php?rest_route=\/wp\/v2\/product\/7265","targetHints":{"allow":["GET"]}}],"collection":[{"href":"https:\/\/www.edesia.al\/index.php?rest_route=\/wp\/v2\/product"}],"about":[{"href":"https:\/\/www.edesia.al\/index.php?rest_route=\/wp\/v2\/types\/product"}],"replies":[{"embeddable":true,"href":"https:\/\/www.edesia.al\/index.php?rest_route=%2Fwp%2Fv2%2Fcomments&post=7265"}],"wp:featuredmedia":[{"embeddable":true,"href":"https:\/\/www.edesia.al\/index.php?rest_route=\/wp\/v2\/media\/7297"}],"wp:attachment":[{"href":"https:\/\/www.edesia.al\/index.php?rest_route=%2Fwp%2Fv2%2Fmedia&parent=7265"}],"wp:term":[{"taxonomy":"kategori-sipas-dietave","embeddable":true,"href":"https:\/\/www.edesia.al\/index.php?rest_route=%2Fwp%2Fv2%2Fkategori-sipas-dietave&post=7265"},{"taxonomy":"kategori-sipas-problemeve-shende","embeddable":true,"href":"https:\/\/www.edesia.al\/index.php?rest_route=%2Fwp%2Fv2%2Fkategori-sipas-problemeve-shende&post=7265"},{"taxonomy":"product_brand","embeddable":true,"href":"https:\/\/www.edesia.al\/index.php?rest_route=%2Fwp%2Fv2%2Fproduct_brand&post=7265"},{"taxonomy":"product_cat","embeddable":true,"href":"https:\/\/www.edesia.al\/index.php?rest_route=%2Fwp%2Fv2%2Fproduct_cat&post=7265"},{"taxonomy":"product_tag","embeddable":true,"href":"https:\/\/www.edesia.al\/index.php?rest_route=%2Fwp%2Fv2%2Fproduct_tag&post=7265"}],"curies":[{"name":"wp","href":"https:\/\/api.w.org\/{rel}","templated":true}]}}