{"id":7273,"date":"2026-02-16T21:14:27","date_gmt":"2026-02-16T21:14:27","guid":{"rendered":"https:\/\/www.edesia.al\/?post_type=product&#038;p=7273"},"modified":"2026-02-26T12:31:22","modified_gmt":"2026-02-26T12:31:22","slug":"recel-geshtenje-100-organik-handmade","status":"publish","type":"product","link":"https:\/\/www.edesia.al\/?product=recel-geshtenje-100-organik-handmade","title":{"rendered":"Re\u00e7el G\u00ebshtenje \u2013 100% Organik (Handmade)"},"content":{"rendered":"<h3>Re\u00e7el G\u00ebshtenje \u2013 100% Organik (Handmade) 220g<\/h3>\n<p data-start=\"54\" data-end=\"150\">Shije unike dhe kremoze, ideale p\u00ebr m\u00ebngjese dhe \u00ebmb\u00eblsira!<\/p>\n<p data-start=\"152\" data-end=\"413\">Ky re\u00e7el p\u00ebrgatitet nga <strong data-start=\"176\" data-end=\"201\">g\u00ebshtenja t\u00eb fresk\u00ebta<\/strong> dhe t\u00eb p\u00ebrzgjedhura me kujdes, pa ngjyra artificiale dhe pa konservues.<\/p>\n<p data-start=\"152\" data-end=\"413\">I pasur me <strong data-start=\"285\" data-end=\"294\">fibra<\/strong>, <strong data-start=\"296\" data-end=\"308\">minerale<\/strong> (si magnez dhe kalium), dhe <strong data-start=\"337\" data-end=\"363\">karbohidrate komplekse<\/strong>, ofron energji t\u00eb q\u00ebndrueshme dhe shije t\u00eb pasur.<\/p>\n<p data-start=\"415\" data-end=\"431\"><strong data-start=\"415\" data-end=\"429\">P\u00ebrdorimi:<\/strong><\/p>\n<ul data-start=\"432\" data-end=\"584\">\n<li data-start=\"432\" data-end=\"474\">\n<p data-start=\"434\" data-end=\"474\">Shtruar mbi buk\u00eb t\u00eb thekur apo biskota<\/p>\n<\/li>\n<li data-start=\"475\" data-end=\"503\">\n<p data-start=\"477\" data-end=\"503\">Shtuar n\u00eb kos apo qullra<\/p>\n<\/li>\n<li data-start=\"504\" data-end=\"542\">\n<p data-start=\"506\" data-end=\"542\">Si mbushje p\u00ebr \u00ebmb\u00eblsira<\/p>\n<\/li>\n<li data-start=\"543\" data-end=\"584\">\n<p data-start=\"545\" data-end=\"584\">Shije fantastike edhe me djath\u00eb t\u00eb but\u00eb<\/p>\n<\/li>\n<\/ul>\n<p data-start=\"586\" data-end=\"630\"><strong data-start=\"586\" data-end=\"630\">100% natyral \u2013 Pa gluten \u2013 Pa konservues<\/strong><\/p>\n","protected":false},"excerpt":{"rendered":"<p>Re\u00e7el g\u00ebshtenje i pasur dhe kremoz..<\/p>\n<p>Shije natyrale, perfekt p\u00ebr m\u00ebngjes, \u00ebmb\u00eblsira dhe receta te ndryshme.<\/p>\n","protected":false},"featured_media":7329,"comment_status":"open","ping_status":"closed","template":"","meta":{"_acf_changed":false,"inline_featured_image":false},"kategori-sipas-dietave":[89],"kategori-sipas-problemeve-shende":[],"product_brand":[32],"product_cat":[40,26],"product_tag":[],"class_list":{"0":"post-7273","1":"product","2":"type-product","3":"status-publish","4":"has-post-thumbnail","6":"kategori-sipas-dietave-vegan","7":"product_brand-bioagros","8":"product_cat-recel","9":"product_cat-ushqime-bio","11":"first","12":"instock","13":"taxable","14":"shipping-taxable","15":"purchasable","16":"product-type-simple"},"acf":[],"yoast_head":"<!-- This site is optimized with the Yoast SEO plugin v27.4 - https:\/\/yoast.com\/product\/yoast-seo-wordpress\/ -->\n<title>Re\u00e7el G\u00ebshtenje \u2013 100% Organik (Handmade) - Edesia<\/title>\n<meta name=\"robots\" content=\"index, follow, max-snippet:-1, max-image-preview:large, max-video-preview:-1\" \/>\n<link rel=\"canonical\" href=\"https:\/\/www.edesia.al\/?product=recel-geshtenje-100-organik-handmade\" \/>\n<meta property=\"og:locale\" content=\"en_US\" \/>\n<meta property=\"og:type\" content=\"article\" \/>\n<meta property=\"og:title\" content=\"Re\u00e7el G\u00ebshtenje \u2013 100% Organik (Handmade) - Edesia\" \/>\n<meta property=\"og:description\" content=\"Re\u00e7el g\u00ebshtenje i pasur dhe kremoz..  Shije natyrale, perfekt p\u00ebr m\u00ebngjes, \u00ebmb\u00eblsira dhe receta te ndryshme.\" \/>\n<meta property=\"og:url\" content=\"https:\/\/www.edesia.al\/?product=recel-geshtenje-100-organik-handmade\" \/>\n<meta property=\"og:site_name\" content=\"Edesia\" \/>\n<meta property=\"article:modified_time\" content=\"2026-02-26T12:31:22+00:00\" \/>\n<meta property=\"og:image\" content=\"https:\/\/www.edesia.al\/wp-content\/uploads\/2026\/02\/chustnut-1.png\" \/>\n\t<meta property=\"og:image:width\" content=\"710\" \/>\n\t<meta property=\"og:image:height\" content=\"710\" \/>\n\t<meta property=\"og:image:type\" content=\"image\/png\" \/>\n<meta name=\"twitter:card\" content=\"summary_large_image\" \/>\n<script type=\"application\/ld+json\" class=\"yoast-schema-graph\">{\"@context\":\"https:\\\/\\\/schema.org\",\"@graph\":[{\"@type\":\"WebPage\",\"@id\":\"https:\\\/\\\/www.edesia.al\\\/?product=recel-geshtenje-100-organik-handmade\",\"url\":\"https:\\\/\\\/www.edesia.al\\\/?product=recel-geshtenje-100-organik-handmade\",\"name\":\"Re\u00e7el G\u00ebshtenje \u2013 100% Organik (Handmade) - Edesia\",\"isPartOf\":{\"@id\":\"https:\\\/\\\/www.edesia.al\\\/#website\"},\"primaryImageOfPage\":{\"@id\":\"https:\\\/\\\/www.edesia.al\\\/?product=recel-geshtenje-100-organik-handmade#primaryimage\"},\"image\":{\"@id\":\"https:\\\/\\\/www.edesia.al\\\/?product=recel-geshtenje-100-organik-handmade#primaryimage\"},\"thumbnailUrl\":\"https:\\\/\\\/www.edesia.al\\\/wp-content\\\/uploads\\\/2026\\\/02\\\/chustnut-1.png\",\"datePublished\":\"2026-02-16T21:14:27+00:00\",\"dateModified\":\"2026-02-26T12:31:22+00:00\",\"breadcrumb\":{\"@id\":\"https:\\\/\\\/www.edesia.al\\\/?product=recel-geshtenje-100-organik-handmade#breadcrumb\"},\"inLanguage\":\"en-US\",\"potentialAction\":[{\"@type\":\"ReadAction\",\"target\":[\"https:\\\/\\\/www.edesia.al\\\/?product=recel-geshtenje-100-organik-handmade\"]}]},{\"@type\":\"ImageObject\",\"inLanguage\":\"en-US\",\"@id\":\"https:\\\/\\\/www.edesia.al\\\/?product=recel-geshtenje-100-organik-handmade#primaryimage\",\"url\":\"https:\\\/\\\/www.edesia.al\\\/wp-content\\\/uploads\\\/2026\\\/02\\\/chustnut-1.png\",\"contentUrl\":\"https:\\\/\\\/www.edesia.al\\\/wp-content\\\/uploads\\\/2026\\\/02\\\/chustnut-1.png\",\"width\":710,\"height\":710},{\"@type\":\"BreadcrumbList\",\"@id\":\"https:\\\/\\\/www.edesia.al\\\/?product=recel-geshtenje-100-organik-handmade#breadcrumb\",\"itemListElement\":[{\"@type\":\"ListItem\",\"position\":1,\"name\":\"Home\",\"item\":\"https:\\\/\\\/www.edesia.al\\\/\"},{\"@type\":\"ListItem\",\"position\":2,\"name\":\"Dyqani\",\"item\":\"https:\\\/\\\/www.edesia.al\\\/?page_id=17\"},{\"@type\":\"ListItem\",\"position\":3,\"name\":\"Re\u00e7el G\u00ebshtenje \u2013 100% Organik (Handmade)\"}]},{\"@type\":\"WebSite\",\"@id\":\"https:\\\/\\\/www.edesia.al\\\/#website\",\"url\":\"https:\\\/\\\/www.edesia.al\\\/\",\"name\":\"Edesia\",\"description\":\"\",\"publisher\":{\"@id\":\"https:\\\/\\\/www.edesia.al\\\/#organization\"},\"potentialAction\":[{\"@type\":\"SearchAction\",\"target\":{\"@type\":\"EntryPoint\",\"urlTemplate\":\"https:\\\/\\\/www.edesia.al\\\/?s={search_term_string}\"},\"query-input\":{\"@type\":\"PropertyValueSpecification\",\"valueRequired\":true,\"valueName\":\"search_term_string\"}}],\"inLanguage\":\"en-US\"},{\"@type\":\"Organization\",\"@id\":\"https:\\\/\\\/www.edesia.al\\\/#organization\",\"name\":\"Edesia\",\"url\":\"https:\\\/\\\/www.edesia.al\\\/\",\"logo\":{\"@type\":\"ImageObject\",\"inLanguage\":\"en-US\",\"@id\":\"https:\\\/\\\/www.edesia.al\\\/#\\\/schema\\\/logo\\\/image\\\/\",\"url\":\"https:\\\/\\\/www.edesia.al\\\/wp-content\\\/uploads\\\/2026\\\/02\\\/Logo-Edesia-no-background.png\",\"contentUrl\":\"https:\\\/\\\/www.edesia.al\\\/wp-content\\\/uploads\\\/2026\\\/02\\\/Logo-Edesia-no-background.png\",\"width\":293,\"height\":158,\"caption\":\"Edesia\"},\"image\":{\"@id\":\"https:\\\/\\\/www.edesia.al\\\/#\\\/schema\\\/logo\\\/image\\\/\"}}]}<\/script>\n<!-- \/ Yoast SEO plugin. -->","yoast_head_json":{"title":"Re\u00e7el G\u00ebshtenje \u2013 100% Organik (Handmade) - Edesia","robots":{"index":"index","follow":"follow","max-snippet":"max-snippet:-1","max-image-preview":"max-image-preview:large","max-video-preview":"max-video-preview:-1"},"canonical":"https:\/\/www.edesia.al\/?product=recel-geshtenje-100-organik-handmade","og_locale":"en_US","og_type":"article","og_title":"Re\u00e7el G\u00ebshtenje \u2013 100% Organik (Handmade) - Edesia","og_description":"Re\u00e7el g\u00ebshtenje i pasur dhe kremoz..  Shije natyrale, perfekt p\u00ebr m\u00ebngjes, \u00ebmb\u00eblsira dhe receta te ndryshme.","og_url":"https:\/\/www.edesia.al\/?product=recel-geshtenje-100-organik-handmade","og_site_name":"Edesia","article_modified_time":"2026-02-26T12:31:22+00:00","og_image":[{"width":710,"height":710,"url":"https:\/\/www.edesia.al\/wp-content\/uploads\/2026\/02\/chustnut-1.png","type":"image\/png"}],"twitter_card":"summary_large_image","schema":{"@context":"https:\/\/schema.org","@graph":[{"@type":"WebPage","@id":"https:\/\/www.edesia.al\/?product=recel-geshtenje-100-organik-handmade","url":"https:\/\/www.edesia.al\/?product=recel-geshtenje-100-organik-handmade","name":"Re\u00e7el G\u00ebshtenje \u2013 100% Organik (Handmade) - Edesia","isPartOf":{"@id":"https:\/\/www.edesia.al\/#website"},"primaryImageOfPage":{"@id":"https:\/\/www.edesia.al\/?product=recel-geshtenje-100-organik-handmade#primaryimage"},"image":{"@id":"https:\/\/www.edesia.al\/?product=recel-geshtenje-100-organik-handmade#primaryimage"},"thumbnailUrl":"https:\/\/www.edesia.al\/wp-content\/uploads\/2026\/02\/chustnut-1.png","datePublished":"2026-02-16T21:14:27+00:00","dateModified":"2026-02-26T12:31:22+00:00","breadcrumb":{"@id":"https:\/\/www.edesia.al\/?product=recel-geshtenje-100-organik-handmade#breadcrumb"},"inLanguage":"en-US","potentialAction":[{"@type":"ReadAction","target":["https:\/\/www.edesia.al\/?product=recel-geshtenje-100-organik-handmade"]}]},{"@type":"ImageObject","inLanguage":"en-US","@id":"https:\/\/www.edesia.al\/?product=recel-geshtenje-100-organik-handmade#primaryimage","url":"https:\/\/www.edesia.al\/wp-content\/uploads\/2026\/02\/chustnut-1.png","contentUrl":"https:\/\/www.edesia.al\/wp-content\/uploads\/2026\/02\/chustnut-1.png","width":710,"height":710},{"@type":"BreadcrumbList","@id":"https:\/\/www.edesia.al\/?product=recel-geshtenje-100-organik-handmade#breadcrumb","itemListElement":[{"@type":"ListItem","position":1,"name":"Home","item":"https:\/\/www.edesia.al\/"},{"@type":"ListItem","position":2,"name":"Dyqani","item":"https:\/\/www.edesia.al\/?page_id=17"},{"@type":"ListItem","position":3,"name":"Re\u00e7el G\u00ebshtenje \u2013 100% Organik (Handmade)"}]},{"@type":"WebSite","@id":"https:\/\/www.edesia.al\/#website","url":"https:\/\/www.edesia.al\/","name":"Edesia","description":"","publisher":{"@id":"https:\/\/www.edesia.al\/#organization"},"potentialAction":[{"@type":"SearchAction","target":{"@type":"EntryPoint","urlTemplate":"https:\/\/www.edesia.al\/?s={search_term_string}"},"query-input":{"@type":"PropertyValueSpecification","valueRequired":true,"valueName":"search_term_string"}}],"inLanguage":"en-US"},{"@type":"Organization","@id":"https:\/\/www.edesia.al\/#organization","name":"Edesia","url":"https:\/\/www.edesia.al\/","logo":{"@type":"ImageObject","inLanguage":"en-US","@id":"https:\/\/www.edesia.al\/#\/schema\/logo\/image\/","url":"https:\/\/www.edesia.al\/wp-content\/uploads\/2026\/02\/Logo-Edesia-no-background.png","contentUrl":"https:\/\/www.edesia.al\/wp-content\/uploads\/2026\/02\/Logo-Edesia-no-background.png","width":293,"height":158,"caption":"Edesia"},"image":{"@id":"https:\/\/www.edesia.al\/#\/schema\/logo\/image\/"}}]}},"_links":{"self":[{"href":"https:\/\/www.edesia.al\/index.php?rest_route=\/wp\/v2\/product\/7273","targetHints":{"allow":["GET"]}}],"collection":[{"href":"https:\/\/www.edesia.al\/index.php?rest_route=\/wp\/v2\/product"}],"about":[{"href":"https:\/\/www.edesia.al\/index.php?rest_route=\/wp\/v2\/types\/product"}],"replies":[{"embeddable":true,"href":"https:\/\/www.edesia.al\/index.php?rest_route=%2Fwp%2Fv2%2Fcomments&post=7273"}],"wp:featuredmedia":[{"embeddable":true,"href":"https:\/\/www.edesia.al\/index.php?rest_route=\/wp\/v2\/media\/7329"}],"wp:attachment":[{"href":"https:\/\/www.edesia.al\/index.php?rest_route=%2Fwp%2Fv2%2Fmedia&parent=7273"}],"wp:term":[{"taxonomy":"kategori-sipas-dietave","embeddable":true,"href":"https:\/\/www.edesia.al\/index.php?rest_route=%2Fwp%2Fv2%2Fkategori-sipas-dietave&post=7273"},{"taxonomy":"kategori-sipas-problemeve-shende","embeddable":true,"href":"https:\/\/www.edesia.al\/index.php?rest_route=%2Fwp%2Fv2%2Fkategori-sipas-problemeve-shende&post=7273"},{"taxonomy":"product_brand","embeddable":true,"href":"https:\/\/www.edesia.al\/index.php?rest_route=%2Fwp%2Fv2%2Fproduct_brand&post=7273"},{"taxonomy":"product_cat","embeddable":true,"href":"https:\/\/www.edesia.al\/index.php?rest_route=%2Fwp%2Fv2%2Fproduct_cat&post=7273"},{"taxonomy":"product_tag","embeddable":true,"href":"https:\/\/www.edesia.al\/index.php?rest_route=%2Fwp%2Fv2%2Fproduct_tag&post=7273"}],"curies":[{"name":"wp","href":"https:\/\/api.w.org\/{rel}","templated":true}]}}