{"id":7354,"date":"2026-02-16T21:15:16","date_gmt":"2026-02-16T21:15:16","guid":{"rendered":"https:\/\/www.edesia.al\/?post_type=product&#038;p=7354"},"modified":"2026-04-21T13:57:38","modified_gmt":"2026-04-21T11:57:38","slug":"kripe-deti-me-alga-jod","status":"publish","type":"product","link":"https:\/\/www.edesia.al\/?product=kripe-deti-me-alga-jod","title":{"rendered":"Krip\u00eb Deti me Alga t\u00eb Pasura me Jod \u2013 Sonnentor"},"content":{"rendered":"<h3 data-start=\"174\" data-end=\"229\"><strong data-start=\"178\" data-end=\"229\">Krip\u00eb Deti me Alga t\u00eb Pasura me Jod \u2013 Sonnentor ( 150 gr)<\/strong><\/h3>\n<p data-start=\"533\" data-end=\"865\"><strong data-start=\"533\" data-end=\"865\">Kripa e detit me alga jod nga <span class=\"hover:entity-accent entity-underline inline cursor-pointer align-baseline\"><span class=\"whitespace-normal\">Sonnentor<\/span><\/span> \u00ebsht\u00eb nj\u00eb kombinim natyral i krip\u00ebs s\u00eb detit me alga t\u00eb pasura me jod, duke ofruar nj\u00eb burim t\u00eb vlefsh\u00ebm mineralesh p\u00ebr organizmin. Kjo krip\u00eb deti me alga jod \u00ebsht\u00eb ideale p\u00ebr p\u00ebrdorim t\u00eb p\u00ebrditsh\u00ebm n\u00eb kuzhin\u00eb, duke shtuar shije dhe vlera ushqyese n\u00eb \u00e7do vakt.<\/strong><\/p>\n<h2 data-section-id=\"p5wpkw\" data-start=\"872\" data-end=\"917\">\ud83c\udf3f Pse t\u00eb zgjidhni krip\u00eb deti me alga jod?<\/h2>\n<ul data-start=\"918\" data-end=\"1108\">\n<li data-section-id=\"exknxs\" data-start=\"918\" data-end=\"953\">\u2714\ufe0f Burim natyral jodi nga algat<\/li>\n<li data-section-id=\"f30dr0\" data-start=\"954\" data-end=\"1003\">\u2714\ufe0f Kombinim i krip\u00ebs s\u00eb detit me p\u00ebrb\u00ebr\u00ebs bio<\/li>\n<li data-section-id=\"1cphsot\" data-start=\"1004\" data-end=\"1043\">\u2714\ufe0f Pa aditiv\u00eb dhe pa p\u00ebrpunim kimik<\/li>\n<li data-section-id=\"1a0z68e\" data-start=\"1044\" data-end=\"1070\">\u2714\ufe0f E pasur me minerale<\/li>\n<li data-section-id=\"14dws9r\" data-start=\"1071\" data-end=\"1108\">\u2714\ufe0f Shije e balancuar dhe natyrale<\/li>\n<\/ul>\n<h2 data-section-id=\"mmh9qv\" data-start=\"1115\" data-end=\"1156\">\ud83e\udd57 Si p\u00ebrdoret kripa deti me alga jod?<\/h2>\n<p data-start=\"1157\" data-end=\"1305\">P\u00ebrdoret n\u00eb sallata, gatime t\u00eb ngrohta dhe receta t\u00eb ndryshme p\u00ebr t\u00eb shtuar shije dhe p\u00ebrfitime minerale. E p\u00ebrshtatshme p\u00ebr p\u00ebrdorim t\u00eb p\u00ebrditsh\u00ebm.<\/p>\n<h2 data-section-id=\"13zm8f2\" data-start=\"1312\" data-end=\"1346\">\ud83d\udc9a P\u00ebr k\u00eb \u00ebsht\u00eb e p\u00ebrshtatshme?<\/h2>\n<ul data-start=\"1347\" data-end=\"1468\">\n<li data-section-id=\"1u6zwo2\" data-start=\"1347\" data-end=\"1391\">P\u00ebr ata q\u00eb k\u00ebrkojn\u00eb burime natyrale jodi<\/li>\n<li data-section-id=\"1gg3ogm\" data-start=\"1392\" data-end=\"1428\">P\u00ebr dieta t\u00eb sh\u00ebndetshme dhe bio<\/li>\n<li data-section-id=\"qnl29f\" data-start=\"1429\" data-end=\"1468\">P\u00ebr p\u00ebrmir\u00ebsim t\u00eb balanc\u00ebs minerale<\/li>\n<\/ul>\n","protected":false},"excerpt":{"rendered":"<p>Krip\u00eb deti e pasuruar me alga natyrale q\u00eb p\u00ebrmbajn\u00eb <strong data-start=\"1506\" data-end=\"1530\">jod t\u00eb v\u00ebrtet\u00eb detar<\/strong>. Prodhuar me proces avullimi natyral dhe p\u00ebrzierje tradicionale nga Sonnentor \u2013 p\u00ebr shije deti dhe mb\u00ebshtetje t\u00eb sh\u00ebndetshme p\u00ebr tiroiden<\/p>\n","protected":false},"featured_media":7362,"comment_status":"open","ping_status":"closed","template":"","meta":{"_acf_changed":false,"inline_featured_image":false},"kategori-sipas-dietave":[89],"kategori-sipas-problemeve-shende":[84],"product_brand":[35],"product_cat":[60,26],"product_tag":[133],"class_list":{"0":"post-7354","1":"product","2":"type-product","3":"status-publish","4":"has-post-thumbnail","6":"kategori-sipas-dietave-vegan","7":"kategori-sipas-problemeve-shende-suport-hormonal","8":"product_brand-sonnentor-sh-p-k","9":"product_cat-kripe-banje","10":"product_cat-ushqime-bio","11":"product_tag-kripe","13":"first","14":"instock","15":"taxable","16":"shipping-taxable","17":"purchasable","18":"product-type-simple"},"acf":[],"yoast_head":"<!-- This site is optimized with the Yoast SEO plugin v27.4 - https:\/\/yoast.com\/product\/yoast-seo-wordpress\/ -->\n<title>Krip\u00eb Deti me Alga t\u00eb Pasura me Jod \u2013 Sonnentor - Edesia<\/title>\n<meta name=\"description\" content=\"Krip\u00eb deti me alga jod 100% natyrale. E pasur me jod natyral dhe minerale, ideale p\u00ebr gatim t\u00eb sh\u00ebndetsh\u00ebm. Porosite online tek Edesia.\" \/>\n<meta name=\"robots\" content=\"index, follow, max-snippet:-1, max-image-preview:large, max-video-preview:-1\" \/>\n<link rel=\"canonical\" href=\"https:\/\/www.edesia.al\/?product=kripe-deti-me-alga-jod\" \/>\n<meta property=\"og:locale\" content=\"sq_AL\" \/>\n<meta property=\"og:type\" content=\"article\" \/>\n<meta property=\"og:title\" content=\"Krip\u00eb Deti me Alga t\u00eb Pasura me Jod \u2013 Sonnentor - Edesia\" \/>\n<meta property=\"og:description\" content=\"Krip\u00eb deti me alga jod 100% natyrale. E pasur me jod natyral dhe minerale, ideale p\u00ebr gatim t\u00eb sh\u00ebndetsh\u00ebm. Porosite online tek Edesia.\" \/>\n<meta property=\"og:url\" content=\"https:\/\/www.edesia.al\/?product=kripe-deti-me-alga-jod\" \/>\n<meta property=\"og:site_name\" content=\"Edesia\" \/>\n<meta property=\"article:modified_time\" content=\"2026-04-21T11:57:38+00:00\" \/>\n<meta property=\"og:image\" content=\"https:\/\/www.edesia.al\/wp-content\/uploads\/2026\/02\/01209_Meersalz_mit_algen.b3922e05-1.jpg\" \/>\n\t<meta property=\"og:image:width\" content=\"593\" \/>\n\t<meta property=\"og:image:height\" content=\"593\" \/>\n\t<meta property=\"og:image:type\" content=\"image\/jpeg\" \/>\n<meta name=\"twitter:card\" content=\"summary_large_image\" \/>\n<meta name=\"twitter:label1\" content=\"Est. reading time\" \/>\n\t<meta name=\"twitter:data1\" content=\"1 minut\u00eb\" \/>\n<script type=\"application\/ld+json\" class=\"yoast-schema-graph\">{\"@context\":\"https:\\\/\\\/schema.org\",\"@graph\":[{\"@type\":\"WebPage\",\"@id\":\"https:\\\/\\\/www.edesia.al\\\/?product=kripe-deti-me-alga-jod\",\"url\":\"https:\\\/\\\/www.edesia.al\\\/?product=kripe-deti-me-alga-jod\",\"name\":\"Krip\u00eb Deti me Alga t\u00eb Pasura me Jod \u2013 Sonnentor - Edesia\",\"isPartOf\":{\"@id\":\"https:\\\/\\\/www.edesia.al\\\/#website\"},\"primaryImageOfPage\":{\"@id\":\"https:\\\/\\\/www.edesia.al\\\/?product=kripe-deti-me-alga-jod#primaryimage\"},\"image\":{\"@id\":\"https:\\\/\\\/www.edesia.al\\\/?product=kripe-deti-me-alga-jod#primaryimage\"},\"thumbnailUrl\":\"https:\\\/\\\/www.edesia.al\\\/wp-content\\\/uploads\\\/2026\\\/02\\\/01209_Meersalz_mit_algen.b3922e05-1.jpg\",\"datePublished\":\"2026-02-16T21:15:16+00:00\",\"dateModified\":\"2026-04-21T11:57:38+00:00\",\"description\":\"Krip\u00eb deti me alga jod 100% natyrale. E pasur me jod natyral dhe minerale, ideale p\u00ebr gatim t\u00eb sh\u00ebndetsh\u00ebm. Porosite online tek Edesia.\",\"breadcrumb\":{\"@id\":\"https:\\\/\\\/www.edesia.al\\\/?product=kripe-deti-me-alga-jod#breadcrumb\"},\"inLanguage\":\"sq\",\"potentialAction\":[{\"@type\":\"ReadAction\",\"target\":[\"https:\\\/\\\/www.edesia.al\\\/?product=kripe-deti-me-alga-jod\"]}]},{\"@type\":\"ImageObject\",\"inLanguage\":\"sq\",\"@id\":\"https:\\\/\\\/www.edesia.al\\\/?product=kripe-deti-me-alga-jod#primaryimage\",\"url\":\"https:\\\/\\\/www.edesia.al\\\/wp-content\\\/uploads\\\/2026\\\/02\\\/01209_Meersalz_mit_algen.b3922e05-1.jpg\",\"contentUrl\":\"https:\\\/\\\/www.edesia.al\\\/wp-content\\\/uploads\\\/2026\\\/02\\\/01209_Meersalz_mit_algen.b3922e05-1.jpg\",\"width\":593,\"height\":593,\"caption\":\"Krip\u00eb Deti me Alga Jod Sonnentor\"},{\"@type\":\"BreadcrumbList\",\"@id\":\"https:\\\/\\\/www.edesia.al\\\/?product=kripe-deti-me-alga-jod#breadcrumb\",\"itemListElement\":[{\"@type\":\"ListItem\",\"position\":1,\"name\":\"Home\",\"item\":\"https:\\\/\\\/www.edesia.al\\\/\"},{\"@type\":\"ListItem\",\"position\":2,\"name\":\"Dyqani\",\"item\":\"https:\\\/\\\/www.edesia.al\\\/?page_id=17\"},{\"@type\":\"ListItem\",\"position\":3,\"name\":\"Krip\u00eb Deti me Alga Jod\"}]},{\"@type\":\"WebSite\",\"@id\":\"https:\\\/\\\/www.edesia.al\\\/#website\",\"url\":\"https:\\\/\\\/www.edesia.al\\\/\",\"name\":\"Edesia\",\"description\":\"\",\"publisher\":{\"@id\":\"https:\\\/\\\/www.edesia.al\\\/#organization\"},\"potentialAction\":[{\"@type\":\"SearchAction\",\"target\":{\"@type\":\"EntryPoint\",\"urlTemplate\":\"https:\\\/\\\/www.edesia.al\\\/?s={search_term_string}\"},\"query-input\":{\"@type\":\"PropertyValueSpecification\",\"valueRequired\":true,\"valueName\":\"search_term_string\"}}],\"inLanguage\":\"sq\"},{\"@type\":\"Organization\",\"@id\":\"https:\\\/\\\/www.edesia.al\\\/#organization\",\"name\":\"Edesia\",\"url\":\"https:\\\/\\\/www.edesia.al\\\/\",\"logo\":{\"@type\":\"ImageObject\",\"inLanguage\":\"sq\",\"@id\":\"https:\\\/\\\/www.edesia.al\\\/#\\\/schema\\\/logo\\\/image\\\/\",\"url\":\"https:\\\/\\\/www.edesia.al\\\/wp-content\\\/uploads\\\/2026\\\/02\\\/Logo-Edesia-no-background.png\",\"contentUrl\":\"https:\\\/\\\/www.edesia.al\\\/wp-content\\\/uploads\\\/2026\\\/02\\\/Logo-Edesia-no-background.png\",\"width\":293,\"height\":158,\"caption\":\"Edesia\"},\"image\":{\"@id\":\"https:\\\/\\\/www.edesia.al\\\/#\\\/schema\\\/logo\\\/image\\\/\"}}]}<\/script>\n<!-- \/ Yoast SEO plugin. -->","yoast_head_json":{"title":"Krip\u00eb Deti me Alga t\u00eb Pasura me Jod \u2013 Sonnentor - Edesia","description":"Krip\u00eb deti me alga jod 100% natyrale. E pasur me jod natyral dhe minerale, ideale p\u00ebr gatim t\u00eb sh\u00ebndetsh\u00ebm. Porosite online tek Edesia.","robots":{"index":"index","follow":"follow","max-snippet":"max-snippet:-1","max-image-preview":"max-image-preview:large","max-video-preview":"max-video-preview:-1"},"canonical":"https:\/\/www.edesia.al\/?product=kripe-deti-me-alga-jod","og_locale":"sq_AL","og_type":"article","og_title":"Krip\u00eb Deti me Alga t\u00eb Pasura me Jod \u2013 Sonnentor - Edesia","og_description":"Krip\u00eb deti me alga jod 100% natyrale. E pasur me jod natyral dhe minerale, ideale p\u00ebr gatim t\u00eb sh\u00ebndetsh\u00ebm. Porosite online tek Edesia.","og_url":"https:\/\/www.edesia.al\/?product=kripe-deti-me-alga-jod","og_site_name":"Edesia","article_modified_time":"2026-04-21T11:57:38+00:00","og_image":[{"width":593,"height":593,"url":"https:\/\/www.edesia.al\/wp-content\/uploads\/2026\/02\/01209_Meersalz_mit_algen.b3922e05-1.jpg","type":"image\/jpeg"}],"twitter_card":"summary_large_image","twitter_misc":{"Est. reading time":"1 minut\u00eb"},"schema":{"@context":"https:\/\/schema.org","@graph":[{"@type":"WebPage","@id":"https:\/\/www.edesia.al\/?product=kripe-deti-me-alga-jod","url":"https:\/\/www.edesia.al\/?product=kripe-deti-me-alga-jod","name":"Krip\u00eb Deti me Alga t\u00eb Pasura me Jod \u2013 Sonnentor - Edesia","isPartOf":{"@id":"https:\/\/www.edesia.al\/#website"},"primaryImageOfPage":{"@id":"https:\/\/www.edesia.al\/?product=kripe-deti-me-alga-jod#primaryimage"},"image":{"@id":"https:\/\/www.edesia.al\/?product=kripe-deti-me-alga-jod#primaryimage"},"thumbnailUrl":"https:\/\/www.edesia.al\/wp-content\/uploads\/2026\/02\/01209_Meersalz_mit_algen.b3922e05-1.jpg","datePublished":"2026-02-16T21:15:16+00:00","dateModified":"2026-04-21T11:57:38+00:00","description":"Krip\u00eb deti me alga jod 100% natyrale. E pasur me jod natyral dhe minerale, ideale p\u00ebr gatim t\u00eb sh\u00ebndetsh\u00ebm. Porosite online tek Edesia.","breadcrumb":{"@id":"https:\/\/www.edesia.al\/?product=kripe-deti-me-alga-jod#breadcrumb"},"inLanguage":"sq","potentialAction":[{"@type":"ReadAction","target":["https:\/\/www.edesia.al\/?product=kripe-deti-me-alga-jod"]}]},{"@type":"ImageObject","inLanguage":"sq","@id":"https:\/\/www.edesia.al\/?product=kripe-deti-me-alga-jod#primaryimage","url":"https:\/\/www.edesia.al\/wp-content\/uploads\/2026\/02\/01209_Meersalz_mit_algen.b3922e05-1.jpg","contentUrl":"https:\/\/www.edesia.al\/wp-content\/uploads\/2026\/02\/01209_Meersalz_mit_algen.b3922e05-1.jpg","width":593,"height":593,"caption":"Krip\u00eb Deti me Alga Jod Sonnentor"},{"@type":"BreadcrumbList","@id":"https:\/\/www.edesia.al\/?product=kripe-deti-me-alga-jod#breadcrumb","itemListElement":[{"@type":"ListItem","position":1,"name":"Home","item":"https:\/\/www.edesia.al\/"},{"@type":"ListItem","position":2,"name":"Dyqani","item":"https:\/\/www.edesia.al\/?page_id=17"},{"@type":"ListItem","position":3,"name":"Krip\u00eb Deti me Alga Jod"}]},{"@type":"WebSite","@id":"https:\/\/www.edesia.al\/#website","url":"https:\/\/www.edesia.al\/","name":"Edesia","description":"","publisher":{"@id":"https:\/\/www.edesia.al\/#organization"},"potentialAction":[{"@type":"SearchAction","target":{"@type":"EntryPoint","urlTemplate":"https:\/\/www.edesia.al\/?s={search_term_string}"},"query-input":{"@type":"PropertyValueSpecification","valueRequired":true,"valueName":"search_term_string"}}],"inLanguage":"sq"},{"@type":"Organization","@id":"https:\/\/www.edesia.al\/#organization","name":"Edesia","url":"https:\/\/www.edesia.al\/","logo":{"@type":"ImageObject","inLanguage":"sq","@id":"https:\/\/www.edesia.al\/#\/schema\/logo\/image\/","url":"https:\/\/www.edesia.al\/wp-content\/uploads\/2026\/02\/Logo-Edesia-no-background.png","contentUrl":"https:\/\/www.edesia.al\/wp-content\/uploads\/2026\/02\/Logo-Edesia-no-background.png","width":293,"height":158,"caption":"Edesia"},"image":{"@id":"https:\/\/www.edesia.al\/#\/schema\/logo\/image\/"}}]}},"_links":{"self":[{"href":"https:\/\/www.edesia.al\/index.php?rest_route=\/wp\/v2\/product\/7354","targetHints":{"allow":["GET"]}}],"collection":[{"href":"https:\/\/www.edesia.al\/index.php?rest_route=\/wp\/v2\/product"}],"about":[{"href":"https:\/\/www.edesia.al\/index.php?rest_route=\/wp\/v2\/types\/product"}],"replies":[{"embeddable":true,"href":"https:\/\/www.edesia.al\/index.php?rest_route=%2Fwp%2Fv2%2Fcomments&post=7354"}],"wp:featuredmedia":[{"embeddable":true,"href":"https:\/\/www.edesia.al\/index.php?rest_route=\/wp\/v2\/media\/7362"}],"wp:attachment":[{"href":"https:\/\/www.edesia.al\/index.php?rest_route=%2Fwp%2Fv2%2Fmedia&parent=7354"}],"wp:term":[{"taxonomy":"kategori-sipas-dietave","embeddable":true,"href":"https:\/\/www.edesia.al\/index.php?rest_route=%2Fwp%2Fv2%2Fkategori-sipas-dietave&post=7354"},{"taxonomy":"kategori-sipas-problemeve-shende","embeddable":true,"href":"https:\/\/www.edesia.al\/index.php?rest_route=%2Fwp%2Fv2%2Fkategori-sipas-problemeve-shende&post=7354"},{"taxonomy":"product_brand","embeddable":true,"href":"https:\/\/www.edesia.al\/index.php?rest_route=%2Fwp%2Fv2%2Fproduct_brand&post=7354"},{"taxonomy":"product_cat","embeddable":true,"href":"https:\/\/www.edesia.al\/index.php?rest_route=%2Fwp%2Fv2%2Fproduct_cat&post=7354"},{"taxonomy":"product_tag","embeddable":true,"href":"https:\/\/www.edesia.al\/index.php?rest_route=%2Fwp%2Fv2%2Fproduct_tag&post=7354"}],"curies":[{"name":"wp","href":"https:\/\/api.w.org\/{rel}","templated":true}]}}